{"id":1899,"date":"2021-09-17T10:14:14","date_gmt":"2021-09-17T08:14:14","guid":{"rendered":"https:\/\/www.parthages.be\/eboutique\/?post_type=product&#038;p=1899"},"modified":"2021-09-20T10:24:14","modified_gmt":"2021-09-20T08:24:14","slug":"la-qualite-de-vie-des-personnes-presentant-un-handicap-volume-2","status":"publish","type":"product","link":"https:\/\/www.parthages.be\/eboutique\/produit\/la-qualite-de-vie-des-personnes-presentant-un-handicap-volume-2\/","title":{"rendered":"La qualit\u00e9 de vie des personnes pr\u00e9sentant un handicap \u2013 Qualit\u00e9 de vie et qualit\u00e9 des services"},"content":{"rendered":"<p>Qualit\u00e9 de vie et qualit\u00e9 des services<\/p>\n<p>La qualit\u00e9 de vie et la qualit\u00e9 des services sont pour les personnes pr\u00e9sentant un handicap des pierres angulaires de l&rsquo;existence. Dans un premier point, l&rsquo;auteur recherche \u00e0 travers la litt\u00e9rature et des t\u00e9moignages les facettes principales de ces deux dimensions. Ils abordent ensuite l&rsquo;actualisation et l&rsquo;am\u00e9lioration tant de la qualit\u00e9 de vie que de la qualit\u00e9 des services. Cet objectif conduira prioritairement vers le domaine concret de l&rsquo;\u00e9valuation et des autres moyens \u00e0 la disposition pour vivre cette n\u00e9cessaire am\u00e9lioration.<\/p>\n<p>MOUREAU B.<\/p>\n<p>RAPPORT &#8211; UNIVERSITE DE MONS-HAINAUT<\/p>\n<p>1991 -95p.<\/p>\n<p>Cote doc: 5-20-MAG-Q2<\/p>\n<p><strong><em>Uniquement \u00e0 la location<\/em><\/strong><\/p>\n<span class=\"et_bloom_bottom_trigger\"><\/span>","protected":false},"excerpt":{"rendered":"<p>La qualit\u00e9 de vie et la qualit\u00e9 des services sont pour les personnes pr\u00e9sentant un handicap des pierres angulaires de l&rsquo;existence.<\/p>\n","protected":false},"featured_media":1900,"comment_status":"closed","ping_status":"closed","template":"","meta":{"_et_pb_use_builder":"","_et_pb_old_content":"","_et_gb_content_width":"","spay_email":""},"class_list":["post-1899","product","type-product","status-publish","has-post-thumbnail","hentry","product_cat-livres","product_tag-communaute-francaise","product_tag-evaluation","product_tag-methodologie","product_tag-modele","product_tag-outil","product_tag-parent","product_tag-partenariat","product_tag-personne-handicapee","product_tag-province-du-hainaut","product_tag-qualite","product_tag-qualite-de-vie","product_tag-recherche-action","product_tag-service","product_tag-temoignage"],"jetpack_sharing_enabled":true,"jetpack_likes_enabled":true,"_links":{"self":[{"href":"https:\/\/www.parthages.be\/eboutique\/wp-json\/wp\/v2\/product\/1899","targetHints":{"allow":["GET"]}}],"collection":[{"href":"https:\/\/www.parthages.be\/eboutique\/wp-json\/wp\/v2\/product"}],"about":[{"href":"https:\/\/www.parthages.be\/eboutique\/wp-json\/wp\/v2\/types\/product"}],"replies":[{"embeddable":true,"href":"https:\/\/www.parthages.be\/eboutique\/wp-json\/wp\/v2\/comments?post=1899"}],"wp:featuredmedia":[{"embeddable":true,"href":"https:\/\/www.parthages.be\/eboutique\/wp-json\/wp\/v2\/media\/1900"}],"wp:attachment":[{"href":"https:\/\/www.parthages.be\/eboutique\/wp-json\/wp\/v2\/media?parent=1899"}],"curies":[{"name":"wp","href":"https:\/\/api.w.org\/{rel}","templated":true}]}}

La qualité de vie des personnes présentant un handicap – Qualité de vie et qualité des services

<p>Qualité de vie et qualité des services</p>
<p>La qualité de vie et la qualité des services sont pour les personnes présentant un handicap des pierres angulaires de l&rsquo;existence. Dans un premier point, l&rsquo;auteur recherche à travers la littérature et des témoignages les facettes principales de ces deux dimensions. Ils abordent ensuite l&rsquo;actualisation et l&rsquo;amélioration tant de la qualité de vie que de la qualité des services. Cet objectif conduira prioritairement vers le domaine concret de l&rsquo;évaluation et des autres moyens à la disposition pour vivre cette nécessaire amélioration.</p>
<p>MOUREAU B.</p>
<p>RAPPORT &#8211; UNIVERSITE DE MONS-HAINAUT</p>
<p>1991 -95p.</p>
<p>Cote doc: 5-20-MAG-Q2</p>
<p><strong><em>Uniquement à la location</em></strong></p>
<span class="et_bloom_bottom_trigger"></span>

<p>La qualité de vie et la qualité des services sont pour les personnes présentant un handicap des pierres angulaires de l&rsquo;existence.</p>
