{"id":1903,"date":"2021-09-17T10:16:38","date_gmt":"2021-09-17T08:16:38","guid":{"rendered":"https:\/\/www.parthages.be\/eboutique\/?post_type=product&#038;p=1903"},"modified":"2021-09-20T10:20:29","modified_gmt":"2021-09-20T08:20:29","slug":"la-qualite-de-vie-des-personnes-presentant-un-handicap-volume-4","status":"publish","type":"product","link":"https:\/\/www.parthages.be\/eboutique\/produit\/la-qualite-de-vie-des-personnes-presentant-un-handicap-volume-4\/","title":{"rendered":"La qualit\u00e9 de vie des personnes pr\u00e9sentant un handicap \u2013 Services d&rsquo;aide pr\u00e9coce"},"content":{"rendered":"<p>Services d&rsquo;aide pr\u00e9coce<\/p>\n<p>Ce dossier dresse un tableau de la situation actuelle des services d&rsquo;aide pr\u00e9coce et donne des pistes pour guider la structuration des actions entreprises et \u00e0 entreprendre. La premi\u00e8re partie d\u00e9crit le contexte g\u00e9n\u00e9ral dans lequel les services prennent place (les grands courants du travail en intervention pr\u00e9coce, \u00e9volution de l&rsquo;action, les limites des recherches \u00e9valuatives, situation actuelle des services d&rsquo;aides pr\u00e9coce en Communaut\u00e9 fran\u00e7aise). La deuxi\u00e8me partie aborde l&rsquo;action des services d&rsquo;aide pr\u00e9coce (les probl\u00e9matiques du d\u00e9pistage et l&rsquo;annonce du diagnostic, crit\u00e8res de fonctionnement des services, guide utile pour structurer l&rsquo;intervention). La derni\u00e8re partie rel\u00e8ve quelques outils d&rsquo;observation et d&rsquo;\u00e9valuation.<\/p>\n<p>&nbsp;<\/p>\n<p>MONTULET I.<\/p>\n<p>RAPPORT &#8211; UNIVERSITE DE MONS-HAINAUT<\/p>\n<p>1991 -128p.<\/p>\n<p>Cote doc: 5-20-MAG-Q4<\/p>\n<p>&nbsp;<\/p>\n<p><strong><em>Uniquement \u00e0 la location<\/em><\/strong><\/p>\n<span class=\"et_bloom_bottom_trigger\"><\/span>","protected":false},"excerpt":{"rendered":"<p>Ce dossier dresse un tableau de la situation actuelle des services d&rsquo;aide pr\u00e9coce et donne des pistes pour guider la structuration des actions entreprises et \u00e0 entreprendre.<\/p>\n","protected":false},"featured_media":1904,"comment_status":"closed","ping_status":"closed","template":"","meta":{"_et_pb_use_builder":"","_et_pb_old_content":"","_et_gb_content_width":"","spay_email":""},"class_list":["post-1903","product","type-product","status-publish","has-post-thumbnail","hentry","product_cat-livres","product_tag-aide-precoce","product_tag-communaute-francaise","product_tag-depistage","product_tag-diagnostic","product_tag-enfant","product_tag-evaluation","product_tag-famille","product_tag-intervention","product_tag-methodologie","product_tag-outil","product_tag-parent","product_tag-partenariat","product_tag-personne-handicapee","product_tag-province-du-hainaut","product_tag-qualite","product_tag-qualite-de-vie","product_tag-recherche-action","product_tag-service","product_tag-service-daide-precoce"],"jetpack_sharing_enabled":true,"jetpack_likes_enabled":true,"_links":{"self":[{"href":"https:\/\/www.parthages.be\/eboutique\/wp-json\/wp\/v2\/product\/1903","targetHints":{"allow":["GET"]}}],"collection":[{"href":"https:\/\/www.parthages.be\/eboutique\/wp-json\/wp\/v2\/product"}],"about":[{"href":"https:\/\/www.parthages.be\/eboutique\/wp-json\/wp\/v2\/types\/product"}],"replies":[{"embeddable":true,"href":"https:\/\/www.parthages.be\/eboutique\/wp-json\/wp\/v2\/comments?post=1903"}],"wp:featuredmedia":[{"embeddable":true,"href":"https:\/\/www.parthages.be\/eboutique\/wp-json\/wp\/v2\/media\/1904"}],"wp:attachment":[{"href":"https:\/\/www.parthages.be\/eboutique\/wp-json\/wp\/v2\/media?parent=1903"}],"curies":[{"name":"wp","href":"https:\/\/api.w.org\/{rel}","templated":true}]}}