{"id":1907,"date":"2021-09-17T10:18:58","date_gmt":"2021-09-17T08:18:58","guid":{"rendered":"https:\/\/www.parthages.be\/eboutique\/?post_type=product&#038;p=1907"},"modified":"2021-09-20T10:19:11","modified_gmt":"2021-09-20T08:19:11","slug":"la-qualite-de-vie-des-personnes-presentant-un-handicap-volume-6","status":"publish","type":"product","link":"https:\/\/www.parthages.be\/eboutique\/produit\/la-qualite-de-vie-des-personnes-presentant-un-handicap-volume-6\/","title":{"rendered":"La qualit\u00e9 de vie des personnes pr\u00e9sentant un handicap &#8211; Soutien au logement et \u00e0 la vie sociale"},"content":{"rendered":"<p>Soutien au logement et \u00e0 la vie sociale<\/p>\n<p>Dans ce dossier consacr\u00e9 au soutien au logement et \u00e0 la vie sociale, les auteurs ont voulu mettre un concept fondamental. Chaque personne handicap\u00e9e a le droit de vivre dans un logement int\u00e9gr\u00e9 \u00e0 la communaut\u00e9. Pour atteindre cet objectif, il est n\u00e9cessaire de modifier nos conceptions en la mati\u00e8re et de mettre l&rsquo;accent sur le soutien apport\u00e9 plut\u00f4t que les structures mat\u00e9rielles. D&rsquo;autre part, il existe des moyens, des outils et des documents pouvant aider toutes les personnes concern\u00e9es \u00e0 modifier leurs habitudes dans ce domaine et \u00e0 \u00e9voluer vers une pratique donnant \u00e0 la personne handicap\u00e9e une place de citoyen \u00e0 part enti\u00e8re dans notre soci\u00e9t\u00e9. Des exp\u00e9riences\u00a0 pratiques sont pr\u00e9sent\u00e9es dans le but de montrer que certains services travaillent d\u00e9j\u00e0 dans cette optique. Les auteurs pr\u00e9sentent \u00e9galement divers \u00e9l\u00e9ments m\u00e9thodologiques qui peuvent servir de base \u00e0 la r\u00e9flexion et \u00e0 la modification des pratiques des intervenants d\u00e9sireux d&rsquo;am\u00e9liorer la qualit\u00e9 de leur travail.<\/p>\n<p>&nbsp;<\/p>\n<p>MINET M.<\/p>\n<p>RAPPORT &#8211; UNIVERSITE DE MONS-HAINAUT<\/p>\n<p>1991 -59p.<\/p>\n<p>Cote doc: 5-20-MAG-Q6<\/p>\n<p>&nbsp;<\/p>\n<p><strong><em>Uniquement \u00e0 la location<\/em><\/strong><\/p>\n<span class=\"et_bloom_bottom_trigger\"><\/span>","protected":false},"excerpt":{"rendered":"<p>Dans ce dossier consacr\u00e9 au soutien au logement et \u00e0 la vie sociale, les auteurs ont voulu mettre un concept fondamental.<\/p>\n","protected":false},"featured_media":1908,"comment_status":"closed","ping_status":"closed","template":"","meta":{"_et_pb_use_builder":"","_et_pb_old_content":"","_et_gb_content_width":"","spay_email":""},"class_list":["post-1907","product","type-product","status-publish","has-post-thumbnail","hentry","product_cat-livres","product_tag-accompagnement","product_tag-autonomie","product_tag-communaute-francaise","product_tag-evaluation","product_tag-formation","product_tag-logement","product_tag-logement-adapte","product_tag-methodologie","product_tag-modele","product_tag-outil","product_tag-personne-handicapee","product_tag-province-du-hainaut","product_tag-qualite","product_tag-qualite-de-vie","product_tag-recherche-action","product_tag-service","product_tag-soutien","product_tag-vie-en-societe"],"jetpack_sharing_enabled":true,"jetpack_likes_enabled":true,"_links":{"self":[{"href":"https:\/\/www.parthages.be\/eboutique\/wp-json\/wp\/v2\/product\/1907","targetHints":{"allow":["GET"]}}],"collection":[{"href":"https:\/\/www.parthages.be\/eboutique\/wp-json\/wp\/v2\/product"}],"about":[{"href":"https:\/\/www.parthages.be\/eboutique\/wp-json\/wp\/v2\/types\/product"}],"replies":[{"embeddable":true,"href":"https:\/\/www.parthages.be\/eboutique\/wp-json\/wp\/v2\/comments?post=1907"}],"wp:featuredmedia":[{"embeddable":true,"href":"https:\/\/www.parthages.be\/eboutique\/wp-json\/wp\/v2\/media\/1908"}],"wp:attachment":[{"href":"https:\/\/www.parthages.be\/eboutique\/wp-json\/wp\/v2\/media?parent=1907"}],"curies":[{"name":"wp","href":"https:\/\/api.w.org\/{rel}","templated":true}]}}