{"id":1911,"date":"2021-09-17T10:31:32","date_gmt":"2021-09-17T08:31:32","guid":{"rendered":"https:\/\/www.parthages.be\/eboutique\/?post_type=product&#038;p=1911"},"modified":"2021-09-20T10:17:24","modified_gmt":"2021-09-20T08:17:24","slug":"recherche-relative-aux-criteres-devant-presider-a-la-programmation-de-la-capacite-daccueil-des-etablissements-et-services-specialises-dans-le-traitement-des-personnes-handicapees-de-la-communaute-fr","status":"publish","type":"product","link":"https:\/\/www.parthages.be\/eboutique\/produit\/recherche-relative-aux-criteres-devant-presider-a-la-programmation-de-la-capacite-daccueil-des-etablissements-et-services-specialises-dans-le-traitement-des-personnes-handicapees-de-la-communaute-fr\/","title":{"rendered":"Rapport final et rapport annexe"},"content":{"rendered":"<p>Rapport final et rapport annexe<\/p>\n<p>Le commanditaire de la pr\u00e9sente recherche (Ministre qui a l&rsquo;Aide sociale dans ses comp\u00e9tences) apr\u00e8s avoir pris connaissance de diverses \u00e9tudes dont la plus r\u00e9cente celle de Piaser et coll (1988)- qui avaient conclu ,\u00e0 la suite d&rsquo;une \u00e9tude \u00e9conomique fouill\u00e9e, \u00e0 l&rsquo;inadaptation du Fonds 81 aux besoins des personnes handicap\u00e9es et recommand\u00e9, entre autre, une recherche plus qualitative- a d\u00e9cid\u00e9 de confier \u00e0 une\u00a0 \u00e9quipe de psychop\u00e9dagogues, de sociologues et de statisticiens-\u00e9conomistes un travail centr\u00e9 sur les crit\u00e8res devant pr\u00e9sider \u00e0 la programmation des institutions et services relevant du Fonds 81.<\/p>\n<p>Ce travail vaste et complexe a d\u00fb \u00eatre limit\u00e9 et les priorit\u00e9s ont d\u00fb \u00eatre d\u00e9finies quant aux populations, \u00e0 savoir les mineurs polyhandicap\u00e9s s\u00e9v\u00e8res et\/ou relevant du nursing, les mineurs inadapt\u00e9s sociaux, les majeurs dans leur ensemble, en tenant compte des probl\u00e8mes pos\u00e9s par le vieillissement des populations. L&rsquo;objectif essentiel de ce travail s&rsquo;est donc\u00a0 r\u00e9sum\u00e9 \u00e0 identifier, suite \u00e0 une double \u00e9tude quantitative et qualitative, quelques crit\u00e8res pertinents pouvant \u00eatre utilis\u00e9s pour construire un outil \u00e0 disposition de la Commission de Programmation.<\/p>\n<p>MERCIER M. \u2013 DETRAUX J.J.<\/p>\n<p>RAPPORT CENTRE D&rsquo;ETUDE ET DE FORMATION POUR L&rsquo;EDUCATION SPECIALISEE<\/p>\n<p>1990 -148p.<\/p>\n<p>Cote doc: 5-10-DET-R7<\/p>\n<p><strong><em>Uniquement \u00e0 la location<\/em><\/strong><\/p>\n<span class=\"et_bloom_bottom_trigger\"><\/span>","protected":false},"excerpt":{"rendered":"<p>Ce travail vaste et complexe a d\u00fb \u00eatre limit\u00e9 et les priorit\u00e9s ont d\u00fb \u00eatre d\u00e9finies quant aux populations, \u00e0 savoir les mineurs polyhandicap\u00e9s s\u00e9v\u00e8res et\/ou relevant du nursing, les mineurs inadapt\u00e9s sociaux, les majeurs dans leur ensemble, en tenant compte des probl\u00e8mes pos\u00e9s par le vieillissement des populations.<\/p>\n","protected":false},"featured_media":1912,"comment_status":"closed","ping_status":"closed","template":"","meta":{"_et_pb_use_builder":"","_et_pb_old_content":"","_et_gb_content_width":"","spay_email":""},"class_list":["post-1911","product","type-product","status-publish","has-post-thumbnail","hentry","product_cat-livres","product_tag-accueil","product_tag-deficience-intellectuelle","product_tag-deficience-multiple","product_tag-educateur","product_tag-etablissement-pour-personnes-handicapees","product_tag-financement","product_tag-organisme","product_tag-pedagogie","product_tag-personne-handicapee","product_tag-recherche","product_tag-sante","product_tag-soins","product_tag-trouble-du-comportement","product_tag-vieillissement"],"jetpack_sharing_enabled":true,"jetpack_likes_enabled":true,"_links":{"self":[{"href":"https:\/\/www.parthages.be\/eboutique\/wp-json\/wp\/v2\/product\/1911","targetHints":{"allow":["GET"]}}],"collection":[{"href":"https:\/\/www.parthages.be\/eboutique\/wp-json\/wp\/v2\/product"}],"about":[{"href":"https:\/\/www.parthages.be\/eboutique\/wp-json\/wp\/v2\/types\/product"}],"replies":[{"embeddable":true,"href":"https:\/\/www.parthages.be\/eboutique\/wp-json\/wp\/v2\/comments?post=1911"}],"wp:featuredmedia":[{"embeddable":true,"href":"https:\/\/www.parthages.be\/eboutique\/wp-json\/wp\/v2\/media\/1912"}],"wp:attachment":[{"href":"https:\/\/www.parthages.be\/eboutique\/wp-json\/wp\/v2\/media?parent=1911"}],"curies":[{"name":"wp","href":"https:\/\/api.w.org\/{rel}","templated":true}]}}

<p>Rapport final et rapport annexe</p>
<p>Le commanditaire de la présente recherche (Ministre qui a l&rsquo;Aide sociale dans ses compétences) après avoir pris connaissance de diverses études dont la plus récente celle de Piaser et coll (1988)- qui avaient conclu ,à la suite d&rsquo;une étude économique fouillée, à l&rsquo;inadaptation du Fonds 81 aux besoins des personnes handicapées et recommandé, entre autre, une recherche plus qualitative- a décidé de confier à une  équipe de psychopédagogues, de sociologues et de statisticiens-économistes un travail centré sur les critères devant présider à la programmation des institutions et services relevant du Fonds 81.</p>
<p>Ce travail vaste et complexe a dû être limité et les priorités ont dû être définies quant aux populations, à savoir les mineurs polyhandicapés sévères et/ou relevant du nursing, les mineurs inadaptés sociaux, les majeurs dans leur ensemble, en tenant compte des problèmes posés par le vieillissement des populations. L&rsquo;objectif essentiel de ce travail s&rsquo;est donc  résumé à identifier, suite à une double étude quantitative et qualitative, quelques critères pertinents pouvant être utilisés pour construire un outil à disposition de la Commission de Programmation.</p>
<p>MERCIER M. – DETRAUX J.J.</p>
<p>RAPPORT CENTRE D&rsquo;ETUDE ET DE FORMATION POUR L&rsquo;EDUCATION SPECIALISEE</p>
<p>1990 -148p.</p>
<p>Cote doc: 5-10-DET-R7</p>
<p><strong><em>Uniquement à la location</em></strong></p>
<span class="et_bloom_bottom_trigger"></span>

<p>Ce travail vaste et complexe a dû être limité et les priorités ont dû être définies quant aux populations, à savoir les mineurs polyhandicapés sévères et/ou relevant du nursing, les mineurs inadaptés sociaux, les majeurs dans leur ensemble, en tenant compte des problèmes posés par le vieillissement des populations.</p>
