{"id":1913,"date":"2021-09-17T10:33:12","date_gmt":"2021-09-17T08:33:12","guid":{"rendered":"https:\/\/www.parthages.be\/eboutique\/?post_type=product&#038;p=1913"},"modified":"2021-09-20T10:15:43","modified_gmt":"2021-09-20T08:15:43","slug":"recherche-relative-aux-criteres-devant-presider-a-la-programmation-de-la-capacite-daccueil-des-etablissements-et-services-specialises-dans-le-traitement-des-personnes-handicapees-de-la-communaute-fr-2","status":"publish","type":"product","link":"https:\/\/www.parthages.be\/eboutique\/produit\/recherche-relative-aux-criteres-devant-presider-a-la-programmation-de-la-capacite-daccueil-des-etablissements-et-services-specialises-dans-le-traitement-des-personnes-handicapees-de-la-communaute-fr-2\/","title":{"rendered":"Approche de deux probl\u00e9matiques chez la personne handicap\u00e9e mentale: la sant\u00e9 et le vieillissement"},"content":{"rendered":"<p>Approche de deux probl\u00e9matiques chez la personne handicap\u00e9e mentale: la sant\u00e9 et le vieillissement<\/p>\n<p><strong>R\u00e9sume <\/strong><\/p>\n<p>Ce travail approche deux probl\u00e9matiques chez la personne handicap\u00e9e: la sant\u00e9 et le vieillissement.<\/p>\n<p>Pr\u00e9vention de la sant\u00e9 chez les personnes handicap\u00e9es mentales :<\/p>\n<p>Introduction<\/p>\n<ol>\n<li>Description des diff\u00e9rents types de pr\u00e9vention<\/li>\n<li>Approche de la pr\u00e9vention secondaire:<\/li>\n<\/ol>\n<p>-la mortalit\u00e9 et l&rsquo;esp\u00e9rance de vie chez les PH<\/p>\n<p>-probl\u00e8mes de sant\u00e9 des PHM (probl\u00e8mes nutritionnels, sexualit\u00e9, assu\u00e9tudes, h\u00e9patite)<\/p>\n<p>Conclusion<\/p>\n<p>&nbsp;<\/p>\n<p>Probl\u00e9matique du vieillissement chez les personnes handicap\u00e9es mentales:<\/p>\n<p>Introduction<\/p>\n<ol>\n<li>Esp\u00e9rance de vie<\/li>\n<li>Concept de vieillissement<\/li>\n<li>Repr\u00e9sentation du vieillissement<\/li>\n<li>Aspects psycho-m\u00e9dicosociaux du vieillissement<\/li>\n<li>Approche \u00e9pid\u00e9miologique<\/li>\n<li>Quelle prise en charge?<\/li>\n<\/ol>\n<p>Conclusion<\/p>\n<p>MERCIER M. \u2013 DETRAUX J.J.<\/p>\n<p>RAPPORT CENTRE D&rsquo;ETUDE ET DE FORMATION POUR L&rsquo;EDUCATION SPECIALISEE<\/p>\n<p>1990 -46p.<\/p>\n<p>Cote doc: 5-10-DET-R6<\/p>\n<p>&nbsp;<\/p>\n<p><strong><em>Uniquement \u00e0 la location<\/em><\/strong><\/p>\n<span class=\"et_bloom_bottom_trigger\"><\/span>","protected":false},"excerpt":{"rendered":"<p>Pr\u00e9vention de la sant\u00e9 chez les personnes handicap\u00e9es mentales<\/p>\n","protected":false},"featured_media":1914,"comment_status":"closed","ping_status":"closed","template":"","meta":{"_et_pb_use_builder":"","_et_pb_old_content":"","_et_gb_content_width":"","spay_email":""},"class_list":["post-1913","product","type-product","status-publish","has-post-thumbnail","hentry","product_cat-livres","product_tag-addiction","product_tag-deficience-intellectuelle","product_tag-education-nutritionnelle","product_tag-epidemiologie","product_tag-personne-handicapee","product_tag-prevention","product_tag-prise-en-charge","product_tag-probleme","product_tag-representation","product_tag-sante","product_tag-sexualite","product_tag-trisomie-21","product_tag-vieillissement"],"jetpack_sharing_enabled":true,"jetpack_likes_enabled":true,"_links":{"self":[{"href":"https:\/\/www.parthages.be\/eboutique\/wp-json\/wp\/v2\/product\/1913","targetHints":{"allow":["GET"]}}],"collection":[{"href":"https:\/\/www.parthages.be\/eboutique\/wp-json\/wp\/v2\/product"}],"about":[{"href":"https:\/\/www.parthages.be\/eboutique\/wp-json\/wp\/v2\/types\/product"}],"replies":[{"embeddable":true,"href":"https:\/\/www.parthages.be\/eboutique\/wp-json\/wp\/v2\/comments?post=1913"}],"wp:featuredmedia":[{"embeddable":true,"href":"https:\/\/www.parthages.be\/eboutique\/wp-json\/wp\/v2\/media\/1914"}],"wp:attachment":[{"href":"https:\/\/www.parthages.be\/eboutique\/wp-json\/wp\/v2\/media?parent=1913"}],"curies":[{"name":"wp","href":"https:\/\/api.w.org\/{rel}","templated":true}]}}