{"id":1917,"date":"2021-09-20T10:10:28","date_gmt":"2021-09-20T08:10:28","guid":{"rendered":"https:\/\/www.parthages.be\/eboutique\/?post_type=product&#038;p=1917"},"modified":"2022-03-23T17:12:45","modified_gmt":"2022-03-23T16:12:45","slug":"approche-de-la-population-caracterielle-apercu-theorique-sur-la-question","status":"publish","type":"product","link":"https:\/\/www.parthages.be\/eboutique\/produit\/approche-de-la-population-caracterielle-apercu-theorique-sur-la-question\/","title":{"rendered":"Approche de la population caract\u00e9rielle: aper\u00e7u th\u00e9orique sur la question"},"content":{"rendered":"<p>Approche de la population caract\u00e9rielle: aper\u00e7u th\u00e9orique sur la question<\/p>\n<p>Etude sp\u00e9cifique de la population des jeunes qui tente dans un premier point d&rsquo;apporter un \u00e9clairage sur le concept \u00ab\u00a0caract\u00e9riel et sur\u00a0 la r\u00e9alit\u00e9 qu&rsquo;il recouvre. Le point 2 est une synth\u00e8se de 2 enqu\u00eates r\u00e9alis\u00e9es: l&rsquo;une, aupr\u00e8s des \u00e9quipes des centres habilit\u00e9s \u00e0 d\u00e9livrer des attestations d&rsquo;orientation vers les institutions du Fonds 81, l&rsquo;autre aupr\u00e8s des \u00e9quipes psychosociales de 39 institutions du Fonds 81.<\/p>\n<p>Comprendre les sp\u00e9cificit\u00e9s de la population caract\u00e9rielle n\u00e9cessite aussi une \u00e9tude comparative. C&rsquo;est pourquoi, toujours dans le point 2, les auteurs tentent d&rsquo;\u00e9tablir des correspondances entre les donn\u00e9es recueillies aupr\u00e8s de trois minist\u00e8res: celui de la Protection de la Jeunesse, celui de l&rsquo;Education Nationale et celui des Affaires Sociales-Fonds 81. Dans le point 3, au travers des t\u00e9moignages de quelques personnes \u00ab\u00a0ressources\u00a0\u00bb, sont \u00e9bauch\u00e9es quelques id\u00e9es sur les r\u00e9ponses qu&rsquo;apportent les institutions du Fonds 81 accueillant\u00a0 les jeunes dits \u00ab\u00a0caract\u00e9riels\u00a0\u00bb et sur les difficult\u00e9s qu&rsquo;elles connaissent. Ces hypoth\u00e8ses devraient alimenter un d\u00e9bat entre l&rsquo;\u00e9quipe de chercheurs et la commission de programmation.<\/p>\n<p>MERCIER M. \u2013 DETRAUX J.J.<\/p>\n<p>RAPPORT CENTRE D&rsquo;ETUDE ET DE FORMATION POUR L&rsquo;EDUCATION SPECIALISEE<\/p>\n<p>1990 -35p.<\/p>\n<p>Cote doc: 5-10-DET-R4<\/p>\n<p>&nbsp;<\/p>\n<p><strong><em>Uniquement \u00e0 la location<\/em><\/strong><\/p>\n<span class=\"et_bloom_bottom_trigger\"><\/span>","protected":false},"excerpt":{"rendered":"<p>Etude sp\u00e9cifique de la population des jeunes qui tente dans un premier point d&rsquo;apporter un \u00e9clairage sur le concept \u00ab\u00a0caract\u00e9riel et sur\u00a0 la r\u00e9alit\u00e9 qu&rsquo;il recouvre.<\/p>\n","protected":false},"featured_media":1918,"comment_status":"closed","ping_status":"closed","template":"","meta":{"_et_pb_use_builder":"","_et_pb_old_content":"","_et_gb_content_width":"","spay_email":""},"class_list":["post-1917","product","type-product","status-publish","has-post-thumbnail","hentry","product_cat-livres","product_tag-approche","product_tag-deficience-intellectuelle","product_tag-jeune","product_tag-personne-handicapee","product_tag-placement","product_tag-trouble-du-comportement"],"jetpack_sharing_enabled":true,"jetpack_likes_enabled":true,"_links":{"self":[{"href":"https:\/\/www.parthages.be\/eboutique\/wp-json\/wp\/v2\/product\/1917","targetHints":{"allow":["GET"]}}],"collection":[{"href":"https:\/\/www.parthages.be\/eboutique\/wp-json\/wp\/v2\/product"}],"about":[{"href":"https:\/\/www.parthages.be\/eboutique\/wp-json\/wp\/v2\/types\/product"}],"replies":[{"embeddable":true,"href":"https:\/\/www.parthages.be\/eboutique\/wp-json\/wp\/v2\/comments?post=1917"}],"wp:featuredmedia":[{"embeddable":true,"href":"https:\/\/www.parthages.be\/eboutique\/wp-json\/wp\/v2\/media\/1918"}],"wp:attachment":[{"href":"https:\/\/www.parthages.be\/eboutique\/wp-json\/wp\/v2\/media?parent=1917"}],"curies":[{"name":"wp","href":"https:\/\/api.w.org\/{rel}","templated":true}]}}

Approche de la population caractérielle: aperçu théorique sur la question

<p>Approche de la population caractérielle: aperçu théorique sur la question</p>
<p>Etude spécifique de la population des jeunes qui tente dans un premier point d&rsquo;apporter un éclairage sur le concept « caractériel et sur  la réalité qu&rsquo;il recouvre. Le point 2 est une synthèse de 2 enquêtes réalisées: l&rsquo;une, auprès des équipes des centres habilités à délivrer des attestations d&rsquo;orientation vers les institutions du Fonds 81, l&rsquo;autre auprès des équipes psychosociales de 39 institutions du Fonds 81.</p>
<p>Comprendre les spécificités de la population caractérielle nécessite aussi une étude comparative. C&rsquo;est pourquoi, toujours dans le point 2, les auteurs tentent d&rsquo;établir des correspondances entre les données recueillies auprès de trois ministères: celui de la Protection de la Jeunesse, celui de l&rsquo;Education Nationale et celui des Affaires Sociales-Fonds 81. Dans le point 3, au travers des témoignages de quelques personnes « ressources », sont ébauchées quelques idées sur les réponses qu&rsquo;apportent les institutions du Fonds 81 accueillant  les jeunes dits « caractériels » et sur les difficultés qu&rsquo;elles connaissent. Ces hypothèses devraient alimenter un débat entre l&rsquo;équipe de chercheurs et la commission de programmation.</p>
<p>MERCIER M. – DETRAUX J.J.</p>
<p>RAPPORT CENTRE D&rsquo;ETUDE ET DE FORMATION POUR L&rsquo;EDUCATION SPECIALISEE</p>
<p>1990 -35p.</p>
<p>Cote doc: 5-10-DET-R4</p>
<p>&nbsp;</p>
<p><strong><em>Uniquement à la location</em></strong></p>
<span class="et_bloom_bottom_trigger"></span>

<p>Etude spécifique de la population des jeunes qui tente dans un premier point d&rsquo;apporter un éclairage sur le concept « caractériel et sur  la réalité qu&rsquo;il recouvre.</p>
