{"id":192,"date":"2012-09-24T11:37:53","date_gmt":"2012-09-24T09:37:53","guid":{"rendered":"https:\/\/www.parthages.be\/wordpress\/produit\/vieillir-handicape\/"},"modified":"2021-08-09T10:45:56","modified_gmt":"2021-08-09T08:45:56","slug":"vieillir-handicape","status":"publish","type":"product","link":"https:\/\/www.parthages.be\/eboutique\/produit\/vieillir-handicape\/","title":{"rendered":"Vieillir handicap\u00e9"},"content":{"rendered":"<p>Le vieillissement des personnes en situation de handicap devient aujourd&rsquo;hui une question cruciale.<\/p>\n<p>Les progr\u00e8s de la m\u00e9decine, l&rsquo;\u00e9volution des modes d&rsquo;accompagnement ont permis que leur esp\u00e9rance de vie se rapproche de celle de l&rsquo;ensemble de la population. S&rsquo;il faut s&rsquo;en r\u00e9jouir, leur condition demeure, par bien des aspects, insatisfaisante. Plus : intol\u00e9rable. Elle r\u00e9sulte de facteurs complexes comme les financements des politiques publiques, l&rsquo;acc\u00e8s aux soins, l&rsquo;\u00e9volution des dispositifs d&rsquo;accueil, la formation de leurs soignants et accompagnateurs.<br \/>\nAu demeurant, nos choix, face au d\u00e9fi de leur vieillissement, sont li\u00e9s \u00e0 nos repr\u00e9sentations, largement p\u00e9joratives. Comment s&rsquo;en d\u00e9prendre pour penser autrement leur devenir ? En quoi l&rsquo;\u00e9thique peut-elle aider \u00e0 baliser ce chemin ?<\/p>\n<p>JEANNE Y.<\/p>\n<p>Editions Er\u00e8s<\/p>\n<p>2011-238p.-25.50\u20ac<\/p>\n<p>ISBN\u00a0: 978-2-7492-1478-8<\/p>\n<p>Cote doc\u00a0: 7-50-JEA-V<\/p>\n<span class=\"et_bloom_bottom_trigger\"><\/span>","protected":false},"excerpt":{"rendered":"<p>Le vieillissement des personnes en situation de handicap devient aujourd&rsquo;hui une question cruciale.<\/p>\n","protected":false},"featured_media":1537,"comment_status":"open","ping_status":"closed","template":"","meta":{"_et_pb_use_builder":"","_et_pb_old_content":"","_et_gb_content_width":"","spay_email":""},"class_list":["post-192","product","type-product","status-publish","has-post-thumbnail","hentry","product_cat-livres","product_tag-acces-aux-soins","product_tag-accompagnement","product_tag-accueil","product_tag-ethique","product_tag-formation-du-personnel","product_tag-france","product_tag-maison-de-repos","product_tag-personne-handicapee","product_tag-representation-sociale","product_tag-vieillissement"],"jetpack_sharing_enabled":true,"jetpack_likes_enabled":true,"_links":{"self":[{"href":"https:\/\/www.parthages.be\/eboutique\/wp-json\/wp\/v2\/product\/192","targetHints":{"allow":["GET"]}}],"collection":[{"href":"https:\/\/www.parthages.be\/eboutique\/wp-json\/wp\/v2\/product"}],"about":[{"href":"https:\/\/www.parthages.be\/eboutique\/wp-json\/wp\/v2\/types\/product"}],"replies":[{"embeddable":true,"href":"https:\/\/www.parthages.be\/eboutique\/wp-json\/wp\/v2\/comments?post=192"}],"wp:featuredmedia":[{"embeddable":true,"href":"https:\/\/www.parthages.be\/eboutique\/wp-json\/wp\/v2\/media\/1537"}],"wp:attachment":[{"href":"https:\/\/www.parthages.be\/eboutique\/wp-json\/wp\/v2\/media?parent=192"}],"curies":[{"name":"wp","href":"https:\/\/api.w.org\/{rel}","templated":true}]}}

Vieillir handicapé

<p>Le vieillissement des personnes en situation de handicap devient aujourd&rsquo;hui une question cruciale.</p>
<p>Les progrès de la médecine, l&rsquo;évolution des modes d&rsquo;accompagnement ont permis que leur espérance de vie se rapproche de celle de l&rsquo;ensemble de la population. S&rsquo;il faut s&rsquo;en réjouir, leur condition demeure, par bien des aspects, insatisfaisante. Plus : intolérable. Elle résulte de facteurs complexes comme les financements des politiques publiques, l&rsquo;accès aux soins, l&rsquo;évolution des dispositifs d&rsquo;accueil, la formation de leurs soignants et accompagnateurs.<br />
Au demeurant, nos choix, face au défi de leur vieillissement, sont liés à nos représentations, largement péjoratives. Comment s&rsquo;en déprendre pour penser autrement leur devenir ? En quoi l&rsquo;éthique peut-elle aider à baliser ce chemin ?</p>
<p>JEANNE Y.</p>
<p>Editions Erès</p>
<p>2011-238p.-25.50€</p>
<p>ISBN : 978-2-7492-1478-8</p>
<p>Cote doc : 7-50-JEA-V</p>
<span class="et_bloom_bottom_trigger"></span>
