{"id":1920,"date":"2021-09-20T10:28:32","date_gmt":"2021-09-20T08:28:32","guid":{"rendered":"https:\/\/www.parthages.be\/eboutique\/?post_type=product&#038;p=1920"},"modified":"2021-09-20T10:28:33","modified_gmt":"2021-09-20T08:28:33","slug":"les-services-extra-muros-dans-le-secteur-du-handicap-complementaires-a-linstitution-classique-ou-alternatifs","status":"publish","type":"product","link":"https:\/\/www.parthages.be\/eboutique\/produit\/les-services-extra-muros-dans-le-secteur-du-handicap-complementaires-a-linstitution-classique-ou-alternatifs\/","title":{"rendered":"Les services extra-muros dans le secteur du handicap: compl\u00e9mentaires \u00e0 l&rsquo;institution classique ou alternatifs ?"},"content":{"rendered":"<p><strong><u>Recherche relative aux crit\u00e8res devant pr\u00e9sider \u00e0 la programmation de la capacit\u00e9 d&rsquo;accueil des \u00e9tablissements et services sp\u00e9cialis\u00e9s dans le traitement des personnes handicap\u00e9es de la Communaut\u00e9 fran\u00e7aise <\/u><\/strong>:<\/p>\n<p>Etude sur les initiatives en milieu ouvert dans le cadre d&rsquo;une recherche portant sur les institutions du Fonds 81. Il s&rsquo;agit de comprendre en quoi les pratiques de services extra-muros, en lieu\u00a0 et place des institutions d&rsquo;h\u00e9bergement, couvrent mieux ou autrement les besoins de la personne handicap\u00e9e. Le suivi de ces exp\u00e9riences renseigne \u00e9galement de mani\u00e8re utile sur l&rsquo;\u00e9volution de la population \u00e0 l&rsquo;avenir et sur les besoins qu&rsquo;il conviendra de rencontrer. Les auteurs pensent que le \u00ab\u00a0non-institutionnel\u00a0\u00bb repr\u00e9sente une possibilit\u00e9 de levier vis-\u00e0-vis des institutions en place qu&rsquo;il n&rsquo;est plus possible d&rsquo;ignorer. En l&rsquo;absence d&rsquo;une politique explicite sur l&rsquo;int\u00e9gration de la personne handicap\u00e9e, les exp\u00e9riences extra-muros apparaissent d&#8217;embl\u00e9e comme des revendications de changement de paradigme : les professionnels du secteur pr\u00f4nent une approche de la personne handicap\u00e9e qui remet en cause le sch\u00e9ma classique. Pour permettre \u00e0 la personne d&rsquo;acc\u00e9der \u00e0 un statut autonome et responsable, les \u00e9quipes utilisent des m\u00e9thodes d&rsquo;accompagnement en milieu naturel.<\/p>\n<p>&nbsp;<\/p>\n<p>MERCIER M. \u2013 DETRAUX J.J.<\/p>\n<p>RAPPORT CENTRE D&rsquo;ETUDE ET DE FORMATION POUR L&rsquo;EDUCATION SPECIALISEE<\/p>\n<p>1990 -49p.<\/p>\n<p>Cote doc: 5-10-DET-R3<\/p>\n<p>&nbsp;<\/p>\n<p><strong><em>Uniquement \u00e0 la location<\/em><\/strong><\/p>\n<span class=\"et_bloom_bottom_trigger\"><\/span>","protected":false},"excerpt":{"rendered":"<p>Recherche relative aux crit\u00e8res devant pr\u00e9sider \u00e0 la programmation de la capacit\u00e9 d&rsquo;accueil des \u00e9tablissements et services sp\u00e9cialis\u00e9s dans le traitement des personnes handicap\u00e9es de la Communaut\u00e9 fran\u00e7aise : Etude sur les initiatives en milieu ouvert dans le cadre d&rsquo;une recherche portant sur les institutions du Fonds 81. Il s&rsquo;agit de comprendre en quoi les [&hellip;]<\/p>\n","protected":false},"featured_media":1922,"comment_status":"closed","ping_status":"closed","template":"","meta":{"_et_pb_use_builder":"","_et_pb_old_content":"","_et_gb_content_width":"","spay_email":""},"class_list":["post-1920","product","type-product","status-publish","has-post-thumbnail","hentry","product_cat-livres","product_tag-accompagnement","product_tag-appartement-supervise","product_tag-hebergement","product_tag-legislation","product_tag-organisme","product_tag-personne-handicapee"],"jetpack_sharing_enabled":true,"jetpack_likes_enabled":true,"_links":{"self":[{"href":"https:\/\/www.parthages.be\/eboutique\/wp-json\/wp\/v2\/product\/1920","targetHints":{"allow":["GET"]}}],"collection":[{"href":"https:\/\/www.parthages.be\/eboutique\/wp-json\/wp\/v2\/product"}],"about":[{"href":"https:\/\/www.parthages.be\/eboutique\/wp-json\/wp\/v2\/types\/product"}],"replies":[{"embeddable":true,"href":"https:\/\/www.parthages.be\/eboutique\/wp-json\/wp\/v2\/comments?post=1920"}],"wp:featuredmedia":[{"embeddable":true,"href":"https:\/\/www.parthages.be\/eboutique\/wp-json\/wp\/v2\/media\/1922"}],"wp:attachment":[{"href":"https:\/\/www.parthages.be\/eboutique\/wp-json\/wp\/v2\/media?parent=1920"}],"curies":[{"name":"wp","href":"https:\/\/api.w.org\/{rel}","templated":true}]}}

Les services extra-muros dans le secteur du handicap: complémentaires à l&rsquo;institution classique ou alternatifs ?

<p><strong><u>Recherche relative aux critères devant présider à la programmation de la capacité d&rsquo;accueil des établissements et services spécialisés dans le traitement des personnes handicapées de la Communauté française </u></strong>:</p>
<p>Etude sur les initiatives en milieu ouvert dans le cadre d&rsquo;une recherche portant sur les institutions du Fonds 81. Il s&rsquo;agit de comprendre en quoi les pratiques de services extra-muros, en lieu  et place des institutions d&rsquo;hébergement, couvrent mieux ou autrement les besoins de la personne handicapée. Le suivi de ces expériences renseigne également de manière utile sur l&rsquo;évolution de la population à l&rsquo;avenir et sur les besoins qu&rsquo;il conviendra de rencontrer. Les auteurs pensent que le « non-institutionnel » représente une possibilité de levier vis-à-vis des institutions en place qu&rsquo;il n&rsquo;est plus possible d&rsquo;ignorer. En l&rsquo;absence d&rsquo;une politique explicite sur l&rsquo;intégration de la personne handicapée, les expériences extra-muros apparaissent d&#8217;emblée comme des revendications de changement de paradigme : les professionnels du secteur prônent une approche de la personne handicapée qui remet en cause le schéma classique. Pour permettre à la personne d&rsquo;accéder à un statut autonome et responsable, les équipes utilisent des méthodes d&rsquo;accompagnement en milieu naturel.</p>
<p>&nbsp;</p>
<p>MERCIER M. – DETRAUX J.J.</p>
<p>RAPPORT CENTRE D&rsquo;ETUDE ET DE FORMATION POUR L&rsquo;EDUCATION SPECIALISEE</p>
<p>1990 -49p.</p>
<p>Cote doc: 5-10-DET-R3</p>
<p>&nbsp;</p>
<p><strong><em>Uniquement à la location</em></strong></p>
<span class="et_bloom_bottom_trigger"></span>

<p>Recherche relative aux critères devant présider à la programmation de la capacité d&rsquo;accueil des établissements et services spécialisés dans le traitement des personnes handicapées de la Communauté française : Etude sur les initiatives en milieu ouvert dans le cadre d&rsquo;une recherche portant sur les institutions du Fonds 81. Il s&rsquo;agit de comprendre en quoi les [&hellip;]</p>
