{"id":1933,"date":"2021-09-20T10:58:34","date_gmt":"2021-09-20T08:58:34","guid":{"rendered":"https:\/\/www.parthages.be\/eboutique\/?post_type=product&#038;p=1933"},"modified":"2021-09-20T10:58:34","modified_gmt":"2021-09-20T08:58:34","slug":"regards-et-communication-aupres-des-personnes-atteintes-de-handicaps","status":"publish","type":"product","link":"https:\/\/www.parthages.be\/eboutique\/produit\/regards-et-communication-aupres-des-personnes-atteintes-de-handicaps\/","title":{"rendered":"Regards et communication aupr\u00e8s des personnes atteintes de handicaps"},"content":{"rendered":"<p>R\u00e9sultat de r\u00e9flexions conjointes men\u00e9es par des acteurs pluriels qui, tous, ont contribu\u00e9, \u00e0 un moment ou \u00e0 un autre, \u00e0 la mise en \u0153uvre de la Maison du XXIe si\u00e8cle, \u00e9tablissement pilote charg\u00e9 d\u2019accueillir, \u00e0 Saint-Di\u00e9-des-Vosges, des enfants et de jeunes adultes aux handicaps lourdement divers, cet ouvrage dirig\u00e9 par Sylvie Thi\u00e9blemont-Dollet, repense la communication dans le champ du handicap. T\u00e9moignages de parents et paroles de professionnels s\u2019entrem\u00ealent pour parler en polyphonie des modes communicationnels existant ou \u00e0 imaginer pour \u00e9tablir une relation avec celle ou celui qui communique autrement. Car il va de soi que cet ouvrage d\u00e9construit les clich\u00e9s port\u00e9s envers les personnes atteintes de handicap, notamment celui de la non-communication. Dans nos soci\u00e9t\u00e9s, qui incitent \u00e0 l\u2019isolement, au repli et \u00e0 l\u2019individualisme, s\u2019il est des personnes d\u00e9sireuses de communiquer, ce sont bel et bien celles-ci.<\/p>\n<p>Un ouvrage rempli d\u2019espoir et de conseils pour ceux qui s\u2019int\u00e9ressent \u00e0 la question, qui ouvre ses pages aux parents, longtemps laiss\u00e9s de c\u00f4t\u00e9 par les professionnels et les institutions. Or comme cela se pratique au sein de la Maison du XXIe si\u00e8cle, l\u2019ouverture et les \u00e9changes sont possibles entre tous ces mondes a priori diff\u00e9rents : les experts, les personnes atteintes de handicap et leurs proches. Un d\u00e9fi qui n\u2019est pas insurmontable et qui est d\u00e9montr\u00e9 tout au long de l\u2019ouvrage.(Pr\u00e9sentation de l\u2019\u00e9diteur)<\/p>\n<p>THIEBLEMONT-DOLLET S.<\/p>\n<p>Les \u00c9tudes Hospitali\u00e8res \u00c9ditions<\/p>\n<p>2007-130p.<\/p>\n<p>ISBN\u00a0: 978-2-84874-079-9<\/p>\n<p>Cote doc\u00a0: 4-80-THI-R<\/p>\n<p><strong><em>Uniquement \u00e0 la location<\/em><\/strong><\/p>\n<span class=\"et_bloom_bottom_trigger\"><\/span>","protected":false},"excerpt":{"rendered":"<p>R\u00e9sultat de r\u00e9flexions conjointes men\u00e9es par des acteurs pluriels qui, tous, ont contribu\u00e9, \u00e0 un moment ou \u00e0 un autre, \u00e0 la mise en \u0153uvre de la Maison du XXIe si\u00e8cle, \u00e9tablissement pilote charg\u00e9 d\u2019accueillir, \u00e0 Saint-Di\u00e9-des-Vosges, des enfants et de jeunes adultes aux handicaps lourdement divers, cet ouvrage dirig\u00e9 par Sylvie Thi\u00e9blemont-Dollet, repense la communication dans le champ du handicap.<\/p>\n","protected":false},"featured_media":1934,"comment_status":"closed","ping_status":"closed","template":"","meta":{"_et_pb_use_builder":"","_et_pb_old_content":"","_et_gb_content_width":"","spay_email":""},"class_list":["post-1933","product","type-product","status-publish","has-post-thumbnail","hentry","product_cat-livres","product_tag-adulte","product_tag-autisme","product_tag-communication","product_tag-enfant","product_tag-handicap","product_tag-intervenant","product_tag-parent","product_tag-polyhandicap","product_tag-regard","product_tag-temoignage"],"jetpack_sharing_enabled":true,"jetpack_likes_enabled":true,"_links":{"self":[{"href":"https:\/\/www.parthages.be\/eboutique\/wp-json\/wp\/v2\/product\/1933","targetHints":{"allow":["GET"]}}],"collection":[{"href":"https:\/\/www.parthages.be\/eboutique\/wp-json\/wp\/v2\/product"}],"about":[{"href":"https:\/\/www.parthages.be\/eboutique\/wp-json\/wp\/v2\/types\/product"}],"replies":[{"embeddable":true,"href":"https:\/\/www.parthages.be\/eboutique\/wp-json\/wp\/v2\/comments?post=1933"}],"wp:featuredmedia":[{"embeddable":true,"href":"https:\/\/www.parthages.be\/eboutique\/wp-json\/wp\/v2\/media\/1934"}],"wp:attachment":[{"href":"https:\/\/www.parthages.be\/eboutique\/wp-json\/wp\/v2\/media?parent=1933"}],"curies":[{"name":"wp","href":"https:\/\/api.w.org\/{rel}","templated":true}]}}

Regards et communication auprès des personnes atteintes de handicaps

<p>Résultat de réflexions conjointes menées par des acteurs pluriels qui, tous, ont contribué, à un moment ou à un autre, à la mise en œuvre de la Maison du XXIe siècle, établissement pilote chargé d’accueillir, à Saint-Dié-des-Vosges, des enfants et de jeunes adultes aux handicaps lourdement divers, cet ouvrage dirigé par Sylvie Thiéblemont-Dollet, repense la communication dans le champ du handicap. Témoignages de parents et paroles de professionnels s’entremêlent pour parler en polyphonie des modes communicationnels existant ou à imaginer pour établir une relation avec celle ou celui qui communique autrement. Car il va de soi que cet ouvrage déconstruit les clichés portés envers les personnes atteintes de handicap, notamment celui de la non-communication. Dans nos sociétés, qui incitent à l’isolement, au repli et à l’individualisme, s’il est des personnes désireuses de communiquer, ce sont bel et bien celles-ci.</p>
<p>Un ouvrage rempli d’espoir et de conseils pour ceux qui s’intéressent à la question, qui ouvre ses pages aux parents, longtemps laissés de côté par les professionnels et les institutions. Or comme cela se pratique au sein de la Maison du XXIe siècle, l’ouverture et les échanges sont possibles entre tous ces mondes a priori différents : les experts, les personnes atteintes de handicap et leurs proches. Un défi qui n’est pas insurmontable et qui est démontré tout au long de l’ouvrage.(Présentation de l’éditeur)</p>
<p>THIEBLEMONT-DOLLET S.</p>
<p>Les Études Hospitalières Éditions</p>
<p>2007-130p.</p>
<p>ISBN : 978-2-84874-079-9</p>
<p>Cote doc : 4-80-THI-R</p>
<p><strong><em>Uniquement à la location</em></strong></p>
<span class="et_bloom_bottom_trigger"></span>

<p>Résultat de réflexions conjointes menées par des acteurs pluriels qui, tous, ont contribué, à un moment ou à un autre, à la mise en œuvre de la Maison du XXIe siècle, établissement pilote chargé d’accueillir, à Saint-Dié-des-Vosges, des enfants et de jeunes adultes aux handicaps lourdement divers, cet ouvrage dirigé par Sylvie Thiéblemont-Dollet, repense la communication dans le champ du handicap.</p>
