{"id":1935,"date":"2021-09-20T10:59:28","date_gmt":"2021-09-20T08:59:28","guid":{"rendered":"https:\/\/www.parthages.be\/eboutique\/?post_type=product&#038;p=1935"},"modified":"2021-09-20T11:00:03","modified_gmt":"2021-09-20T09:00:03","slug":"gestes-des-moines-regard-des-sourds","status":"publish","type":"product","link":"https:\/\/www.parthages.be\/eboutique\/produit\/gestes-des-moines-regard-des-sourds\/","title":{"rendered":"Gestes des moines: regard des sourds"},"content":{"rendered":"<p>Le sait-on, certains ordres monastiques, les Cisterciens surtout, ont cultiv\u00e9 le silence, r\u00e9servant la parole aux sujets divins.<\/p>\n<p>Parall\u00e8lement, ils ont \u00e9labor\u00e9 un syst\u00e8me de signes gestuels pour s&rsquo;exprimer dans tous les registres de la vie.<\/p>\n<p>Longtemps n\u00e9glig\u00e9e, la communication gestuelle b\u00e9n\u00e9ficie d\u00e9sormais d&rsquo;un regain d&rsquo;int\u00e9r\u00eat, en particulier gr\u00e2ce \u00e0 l&rsquo;\u00e9tude des langues des signes dont se servent les sourds.<\/p>\n<p>Or, depuis longtemps, des religieux ont accueilli et instruit de sourds, tel le c\u00e9l\u00e8bre abb\u00e9 de l&rsquo;\u00c9p\u00e9e, mort en 1789. Il n&rsquo;est pas impossible qu&rsquo;il y ait eu une influence r\u00e9ciproque entre signes monastiques et signes sourds.<\/p>\n<p>La r\u00e9\u00e9dition de la liste de signes publi\u00e9e en 1890 par les moines de La Pierre-qui-Vire s&rsquo;inscrit dans ce champ de recherche&#8230; o\u00f9 le regard des sourds pourrait r\u00e9v\u00e9ler l&rsquo;existence d&rsquo;une v\u00e9ritable langue sign\u00e9e chez les moines. (Pr\u00e9sentation de l\u2019\u00e9diteur)<\/p>\n<p>DE SAINT-LOUP A.- DELAPORTE Y.- RENARD M.<\/p>\n<p>1997-110p<\/p>\n<p>ISBN\u00a0: 2-84231-049-7<\/p>\n<p>Cote doc\u00a0:\u00a04-80-SAI-G<\/p>\n<p><strong><em>Uniquement \u00e0 la location<\/em><\/strong><\/p>\n<span class=\"et_bloom_bottom_trigger\"><\/span>","protected":false},"excerpt":{"rendered":"<p>Le sait-on, certains ordres monastiques, les Cisterciens surtout, ont cultiv\u00e9 le silence, r\u00e9servant la parole aux sujets divins.<\/p>\n","protected":false},"featured_media":1936,"comment_status":"closed","ping_status":"closed","template":"","meta":{"_et_pb_use_builder":"","_et_pb_old_content":"","_et_gb_content_width":"","spay_email":""},"class_list":["post-1935","product","type-product","status-publish","has-post-thumbnail","hentry","product_cat-livres","product_tag-france","product_tag-histoire","product_tag-langage","product_tag-langage-non-verbal","product_tag-langue-des-signes"],"jetpack_sharing_enabled":true,"jetpack_likes_enabled":true,"_links":{"self":[{"href":"https:\/\/www.parthages.be\/eboutique\/wp-json\/wp\/v2\/product\/1935","targetHints":{"allow":["GET"]}}],"collection":[{"href":"https:\/\/www.parthages.be\/eboutique\/wp-json\/wp\/v2\/product"}],"about":[{"href":"https:\/\/www.parthages.be\/eboutique\/wp-json\/wp\/v2\/types\/product"}],"replies":[{"embeddable":true,"href":"https:\/\/www.parthages.be\/eboutique\/wp-json\/wp\/v2\/comments?post=1935"}],"wp:featuredmedia":[{"embeddable":true,"href":"https:\/\/www.parthages.be\/eboutique\/wp-json\/wp\/v2\/media\/1936"}],"wp:attachment":[{"href":"https:\/\/www.parthages.be\/eboutique\/wp-json\/wp\/v2\/media?parent=1935"}],"curies":[{"name":"wp","href":"https:\/\/api.w.org\/{rel}","templated":true}]}}

<p>Le sait-on, certains ordres monastiques, les Cisterciens surtout, ont cultivé le silence, réservant la parole aux sujets divins.</p>
<p>Parallèlement, ils ont élaboré un système de signes gestuels pour s&rsquo;exprimer dans tous les registres de la vie.</p>
<p>Longtemps négligée, la communication gestuelle bénéficie désormais d&rsquo;un regain d&rsquo;intérêt, en particulier grâce à l&rsquo;étude des langues des signes dont se servent les sourds.</p>
<p>Or, depuis longtemps, des religieux ont accueilli et instruit de sourds, tel le célèbre abbé de l&rsquo;Épée, mort en 1789. Il n&rsquo;est pas impossible qu&rsquo;il y ait eu une influence réciproque entre signes monastiques et signes sourds.</p>
<p>La réédition de la liste de signes publiée en 1890 par les moines de La Pierre-qui-Vire s&rsquo;inscrit dans ce champ de recherche&#8230; où le regard des sourds pourrait révéler l&rsquo;existence d&rsquo;une véritable langue signée chez les moines. (Présentation de l’éditeur)</p>
<p>DE SAINT-LOUP A.- DELAPORTE Y.- RENARD M.</p>
<p>1997-110p</p>
<p>ISBN : 2-84231-049-7</p>
<p>Cote doc : 4-80-SAI-G</p>
<p><strong><em>Uniquement à la location</em></strong></p>
<span class="et_bloom_bottom_trigger"></span>

<p>Le sait-on, certains ordres monastiques, les Cisterciens surtout, ont cultivé le silence, réservant la parole aux sujets divins.</p>
