{"id":194,"date":"2012-09-24T11:37:53","date_gmt":"2012-09-24T09:37:53","guid":{"rendered":"https:\/\/www.parthages.be\/wordpress\/produit\/personnes-handicapees-personnes-valides-ensemble-semblables-et-differentes\/"},"modified":"2021-08-23T09:25:09","modified_gmt":"2021-08-23T07:25:09","slug":"personnes-handicapees-personnes-valides-ensemble-semblables-et-differentes","status":"publish","type":"product","link":"https:\/\/www.parthages.be\/eboutique\/produit\/personnes-handicapees-personnes-valides-ensemble-semblables-et-differentes\/","title":{"rendered":"Personnes handicap\u00e9es, personnes valides : ensemble, semblables et diff\u00e9rentes"},"content":{"rendered":"<p>Pourquoi et comment en sommes-nous tous arriv\u00e9s \u00e0 ne percevoir les personnes vuln\u00e9rables que dans leurs diff\u00e9rences et leurs d\u00e9ficiences jusqu&rsquo;\u00e0 oublier combien, membres d&rsquo;une m\u00eame humanit\u00e9, nous nous ressemblons ?<\/p>\n<p>\u00c9lisabeth Zucman analyse ici l&rsquo;intense exp\u00e9rience de la rencontre avec des personnes handicap\u00e9es, leurs parents et ceux qui les entourent quotidiennement. Partage, transmission, t\u00e9moignage, ce livre est un engagement humain et politique en faveur d&rsquo;un savoir vivre ensemble, semblables et diff\u00e9rents. Comment trouver un \u00e9quilibre du regard, ne pas nier ni m\u00eame sous-traiter la diff\u00e9rence pour en r\u00e9duire l&rsquo;impact, mais ne pas la laisser envahir tout le champ de la rencontre ?<\/p>\n<p>En d\u00e9m\u00ealant l&rsquo;\u00e9cheveau complexe des facteurs discriminants, elle apporte des rep\u00e8res utiles pour construire une soci\u00e9t\u00e9 plus harmonieuse. (Pr\u00e9sentation de l\u2019\u00e9diteur)<\/p>\n<p>ZUCMAN E.<\/p>\n<p>Editions Er\u00e8s<\/p>\n<p>2012- 213p-14.50\u20ac<\/p>\n<p>165gr<\/p>\n<p>ISBN\u00a0: 978-2-7492-3205-8<\/p>\n<p>Cote doc\u00a0: 7-10-ZUC-P<\/p>\n<span class=\"et_bloom_bottom_trigger\"><\/span>","protected":false},"excerpt":{"rendered":"<p>Pourquoi et comment en sommes-nous tous arriv\u00e9s \u00e0 ne percevoir les personnes vuln\u00e9rables que dans leurs diff\u00e9rences et leurs d\u00e9ficiences jusqu&rsquo;\u00e0 oublier combien, membres d&rsquo;une m\u00eame humanit\u00e9, nous nous ressemblons ?<\/p>\n","protected":false},"featured_media":1613,"comment_status":"open","ping_status":"closed","template":"","meta":{"_et_pb_use_builder":"","_et_pb_old_content":"","_et_gb_content_width":"","spay_email":""},"class_list":["post-194","product","type-product","status-publish","has-post-thumbnail","hentry","product_cat-livres","product_tag-dialogue","product_tag-differenciation","product_tag-discrimination","product_tag-ethique","product_tag-personne-handicapee","product_tag-polyhandicap","product_tag-reflexion","product_tag-regard","product_tag-temoignage"],"jetpack_sharing_enabled":true,"jetpack_likes_enabled":true,"_links":{"self":[{"href":"https:\/\/www.parthages.be\/eboutique\/wp-json\/wp\/v2\/product\/194","targetHints":{"allow":["GET"]}}],"collection":[{"href":"https:\/\/www.parthages.be\/eboutique\/wp-json\/wp\/v2\/product"}],"about":[{"href":"https:\/\/www.parthages.be\/eboutique\/wp-json\/wp\/v2\/types\/product"}],"replies":[{"embeddable":true,"href":"https:\/\/www.parthages.be\/eboutique\/wp-json\/wp\/v2\/comments?post=194"}],"wp:featuredmedia":[{"embeddable":true,"href":"https:\/\/www.parthages.be\/eboutique\/wp-json\/wp\/v2\/media\/1613"}],"wp:attachment":[{"href":"https:\/\/www.parthages.be\/eboutique\/wp-json\/wp\/v2\/media?parent=194"}],"curies":[{"name":"wp","href":"https:\/\/api.w.org\/{rel}","templated":true}]}}

Personnes handicapées, personnes valides : ensemble, semblables et différentes

<p>Pourquoi et comment en sommes-nous tous arrivés à ne percevoir les personnes vulnérables que dans leurs différences et leurs déficiences jusqu&rsquo;à oublier combien, membres d&rsquo;une même humanité, nous nous ressemblons ?</p>
<p>Élisabeth Zucman analyse ici l&rsquo;intense expérience de la rencontre avec des personnes handicapées, leurs parents et ceux qui les entourent quotidiennement. Partage, transmission, témoignage, ce livre est un engagement humain et politique en faveur d&rsquo;un savoir vivre ensemble, semblables et différents. Comment trouver un équilibre du regard, ne pas nier ni même sous-traiter la différence pour en réduire l&rsquo;impact, mais ne pas la laisser envahir tout le champ de la rencontre ?</p>
<p>En démêlant l&rsquo;écheveau complexe des facteurs discriminants, elle apporte des repères utiles pour construire une société plus harmonieuse. (Présentation de l’éditeur)</p>
<p>ZUCMAN E.</p>
<p>Editions Erès</p>
<p>2012- 213p-14.50€</p>
<p>165gr</p>
<p>ISBN : 978-2-7492-3205-8</p>
<p>Cote doc : 7-10-ZUC-P</p>
<span class="et_bloom_bottom_trigger"></span>

<p>Pourquoi et comment en sommes-nous tous arrivés à ne percevoir les personnes vulnérables que dans leurs différences et leurs déficiences jusqu&rsquo;à oublier combien, membres d&rsquo;une même humanité, nous nous ressemblons ?</p>
