{"id":1946,"date":"2021-09-20T11:13:22","date_gmt":"2021-09-20T09:13:22","guid":{"rendered":"https:\/\/www.parthages.be\/eboutique\/?post_type=product&#038;p=1946"},"modified":"2021-09-20T11:15:25","modified_gmt":"2021-09-20T09:15:25","slug":"les-durs-doreille-a-travers-lhistoire","status":"publish","type":"product","link":"https:\/\/www.parthages.be\/eboutique\/produit\/les-durs-doreille-a-travers-lhistoire\/","title":{"rendered":"Les durs d&rsquo;oreille \u00e0 travers l&rsquo;histoire"},"content":{"rendered":"<p>Le dessinateur humoriste sourd Pat Malt propose le r\u00e9sultat de ses recherches sur les sourds \u00e0 travers l&rsquo;histoire dans un nouveau livre de pr\u00e8s de 300 dessins.\u00a0 Parmi les d\u00e9couvertes \u00e9tonnantes de l&rsquo;auteur, la surdit\u00e9 des dinosaures fut \u00e0 l&rsquo;origine de la disparition de l&rsquo;esp\u00e8ce, Cl\u00e9op\u00e2tre avait un nez si fin qu&rsquo;elle rep\u00e9rait les sourds \u00e0 leur odeur, Judas embrassa le Christ dans l&rsquo;oreille, Jacques Cartier crut que les Hurons \u00e9taient sourds parce qu&rsquo;ils s&rsquo;exprimaient par gestes, etc. Chaque constatation de l&rsquo;auteur est illustr\u00e9e par un dessin ou une sayn\u00e8te.<\/p>\n<p>Ce recueil de dessins humoristiques surprend, \u00e9tonne, int\u00e9resse, incite \u00e0 la curiosit\u00e9 et donne l&rsquo;envie de le d\u00e9couvrir page apr\u00e8s page. On s&rsquo;attend a avoir un historique de la surdit\u00e9 et bien non&#8230;. Ces dessins sont pr\u00e9sent\u00e9s sous forme de sketchs avec ou sans parole.\u00a0 Toutes ces blagues reposent sur des situations v\u00e9cues et lecteur apprendra ainsi bien des choses sur la vie quotidienne des sourds. De la pr\u00e9histoire \u00e0 nos jours en passant par l&rsquo;ancien testament, le nouveau, l&rsquo;antiquit\u00e9, du moyen \u00e2ge, la renaissance etc&#8230; Il faut sans arri\u00e8re-pens\u00e9e profiter des fantaisies historiques de l&rsquo;auteur qui nous dit: \u00ab\u00a0Nous pouvons toujours r\u00eaver que des personnages de l&rsquo;histoire \u00e9taient durs d&rsquo;oreille et imaginer leurs aventure en surditude\u00a0\u00bb (Pr\u00e9sentation de l\u2019\u00e9diteur)<\/p>\n<p>MALLET P.<\/p>\n<p>Editions du Fox<\/p>\n<p>2009-295p.<\/p>\n<p>ISBN:\u00a09-782952-934848<\/p>\n<p>Cote doc: 4-80-MAL-D<\/p>\n<p><strong><em>Uniquement \u00e0 la location<\/em><\/strong><\/p>\n<span class=\"et_bloom_bottom_trigger\"><\/span>","protected":false},"excerpt":{"rendered":"<p>Le dessinateur humoriste sourd Pat Malt propose le r\u00e9sultat de ses recherches sur les sourds \u00e0 travers l&rsquo;histoire dans un nouveau livre de pr\u00e8s de 300 dessins.<\/p>\n","protected":false},"featured_media":1947,"comment_status":"closed","ping_status":"closed","template":"","meta":{"_et_pb_use_builder":"","_et_pb_old_content":"","_et_gb_content_width":"","spay_email":""},"class_list":["post-1946","product","type-product","status-publish","has-post-thumbnail","hentry","product_cat-livres","product_tag-dessin","product_tag-histoire","product_tag-humour","product_tag-surdite"],"jetpack_sharing_enabled":true,"jetpack_likes_enabled":true,"_links":{"self":[{"href":"https:\/\/www.parthages.be\/eboutique\/wp-json\/wp\/v2\/product\/1946","targetHints":{"allow":["GET"]}}],"collection":[{"href":"https:\/\/www.parthages.be\/eboutique\/wp-json\/wp\/v2\/product"}],"about":[{"href":"https:\/\/www.parthages.be\/eboutique\/wp-json\/wp\/v2\/types\/product"}],"replies":[{"embeddable":true,"href":"https:\/\/www.parthages.be\/eboutique\/wp-json\/wp\/v2\/comments?post=1946"}],"wp:featuredmedia":[{"embeddable":true,"href":"https:\/\/www.parthages.be\/eboutique\/wp-json\/wp\/v2\/media\/1947"}],"wp:attachment":[{"href":"https:\/\/www.parthages.be\/eboutique\/wp-json\/wp\/v2\/media?parent=1946"}],"curies":[{"name":"wp","href":"https:\/\/api.w.org\/{rel}","templated":true}]}}