{"id":1948,"date":"2021-09-20T11:16:47","date_gmt":"2021-09-20T09:16:47","guid":{"rendered":"https:\/\/www.parthages.be\/eboutique\/?post_type=product&#038;p=1948"},"modified":"2022-02-18T10:30:37","modified_gmt":"2022-02-18T09:30:37","slug":"le-monde-sans-les-mots","status":"publish","type":"product","link":"https:\/\/www.parthages.be\/eboutique\/produit\/le-monde-sans-les-mots\/","title":{"rendered":"Le monde sans les mots"},"content":{"rendered":"<p>Parmi les citoyens trop longtemps rest\u00e9s invisibles, se trouvent les enfants et les adultes n\u00e9s sourds, muets et aveugles. David Goode a consacr\u00e9 sa vie et sa carri\u00e8re \u00e0 essayer de comprendre la vision du monde de ces personnes, un monde sans les mots, mais qui, l&rsquo;auteur le confirme, n&rsquo;est pas un monde sans communication.<\/p>\n<p>Ce livre rend compte du temps qu&rsquo;il a pass\u00e9 avec Christina dans l&rsquo;institution qui l&rsquo;accueille depuis ses six ans, et avec Bianca dans sa famille. Les observations restitu\u00e9es ici mettent en avant les modes de communication tr\u00e8s particuliers, quasiment imperceptibles \u00e0 l&rsquo;observateur ext\u00e9rieur, que les parents et les professionnels proches de ces enfants utilisent dans la vie quotidienne.<\/p>\n<p>Le monde sans les mots d\u00e9montre d&rsquo;une mani\u00e8re \u00e9mouvante qu&rsquo;une compr\u00e9hension mutuelle est possible avec ces enfants gr\u00e2ce \u00e0 diff\u00e9rentes formes non conventionnelles de communication et au langage non formel avec lequel ils cr\u00e9ent leur propre symbolique, dans la r\u00e9alit\u00e9 qui est la leur, en mobilisant toutes les ressources sensorielles dont ils peuvent disposer.<\/p>\n<p>Loin des id\u00e9es re\u00e7ues et des certitudes aveuglantes concernant les personnes souffrant de graves handicaps, cet ouvrage nous bouscule dans notre propre identit\u00e9 d&rsquo;adultes qui voient, entendent et parlent. Le\u00e7on d&rsquo;humanit\u00e9 transmise par Christina et Bianca, il est aussi un plaidoyer contre la peur de l&rsquo;autre dans une soci\u00e9t\u00e9 qui ne tol\u00e8re que le semblable. (Pr\u00e9sentation de l\u2019\u00e9diteur)<\/p>\n<p>GOODE D.<\/p>\n<p>Editions Er\u00e8s<\/p>\n<p>305gr<\/p>\n<p>2003-183p-23\u20ac<\/p>\n<p>ISBN: 2-7492-0212-4<\/p>\n<p>Cote doc: 4-80-GOO-M<\/p>\n<span class=\"et_bloom_bottom_trigger\"><\/span>","protected":false},"excerpt":{"rendered":"<p>Parmi les citoyens trop longtemps rest\u00e9s invisibles, se trouvent les enfants et les adultes n\u00e9s sourds, muets et aveugles.<\/p>\n","protected":false},"featured_media":1949,"comment_status":"closed","ping_status":"closed","template":"","meta":{"_et_pb_use_builder":"","_et_pb_old_content":"","_et_gb_content_width":"","spay_email":""},"class_list":["post-1948","product","type-product","status-publish","has-post-thumbnail","hentry","product_cat-livres","product_cat-livres-jeunesse","product_tag-adulte","product_tag-communication","product_tag-deficience-auditive","product_tag-deficience-sensorielle","product_tag-deficience-visuelle","product_tag-enfant","product_tag-expression-corporelle","product_tag-identite-sociale","product_tag-institution","product_tag-milieu-familial","product_tag-personne-handicapee","product_tag-relation-parent-intervenant"],"jetpack_sharing_enabled":true,"jetpack_likes_enabled":true,"_links":{"self":[{"href":"https:\/\/www.parthages.be\/eboutique\/wp-json\/wp\/v2\/product\/1948","targetHints":{"allow":["GET"]}}],"collection":[{"href":"https:\/\/www.parthages.be\/eboutique\/wp-json\/wp\/v2\/product"}],"about":[{"href":"https:\/\/www.parthages.be\/eboutique\/wp-json\/wp\/v2\/types\/product"}],"replies":[{"embeddable":true,"href":"https:\/\/www.parthages.be\/eboutique\/wp-json\/wp\/v2\/comments?post=1948"}],"wp:featuredmedia":[{"embeddable":true,"href":"https:\/\/www.parthages.be\/eboutique\/wp-json\/wp\/v2\/media\/1949"}],"wp:attachment":[{"href":"https:\/\/www.parthages.be\/eboutique\/wp-json\/wp\/v2\/media?parent=1948"}],"curies":[{"name":"wp","href":"https:\/\/api.w.org\/{rel}","templated":true}]}}

<p>Parmi les citoyens trop longtemps restés invisibles, se trouvent les enfants et les adultes nés sourds, muets et aveugles. David Goode a consacré sa vie et sa carrière à essayer de comprendre la vision du monde de ces personnes, un monde sans les mots, mais qui, l&rsquo;auteur le confirme, n&rsquo;est pas un monde sans communication.</p>
<p>Ce livre rend compte du temps qu&rsquo;il a passé avec Christina dans l&rsquo;institution qui l&rsquo;accueille depuis ses six ans, et avec Bianca dans sa famille. Les observations restituées ici mettent en avant les modes de communication très particuliers, quasiment imperceptibles à l&rsquo;observateur extérieur, que les parents et les professionnels proches de ces enfants utilisent dans la vie quotidienne.</p>
<p>Le monde sans les mots démontre d&rsquo;une manière émouvante qu&rsquo;une compréhension mutuelle est possible avec ces enfants grâce à différentes formes non conventionnelles de communication et au langage non formel avec lequel ils créent leur propre symbolique, dans la réalité qui est la leur, en mobilisant toutes les ressources sensorielles dont ils peuvent disposer.</p>
<p>Loin des idées reçues et des certitudes aveuglantes concernant les personnes souffrant de graves handicaps, cet ouvrage nous bouscule dans notre propre identité d&rsquo;adultes qui voient, entendent et parlent. Leçon d&rsquo;humanité transmise par Christina et Bianca, il est aussi un plaidoyer contre la peur de l&rsquo;autre dans une société qui ne tolère que le semblable. (Présentation de l’éditeur)</p>
<p>GOODE D.</p>
<p>Editions Erès</p>
<p>305gr</p>
<p>2003-183p-23€</p>
<p>ISBN: 2-7492-0212-4</p>
<p>Cote doc: 4-80-GOO-M</p>
<span class="et_bloom_bottom_trigger"></span>

<p>Parmi les citoyens trop longtemps restés invisibles, se trouvent les enfants et les adultes nés sourds, muets et aveugles.</p>
