{"id":1950,"date":"2021-09-20T11:17:57","date_gmt":"2021-09-20T09:17:57","guid":{"rendered":"https:\/\/www.parthages.be\/eboutique\/?post_type=product&#038;p=1950"},"modified":"2021-09-20T11:17:57","modified_gmt":"2021-09-20T09:17:57","slug":"savoir-rediger-une-possibilite-pour-tous","status":"publish","type":"product","link":"https:\/\/www.parthages.be\/eboutique\/produit\/savoir-rediger-une-possibilite-pour-tous\/","title":{"rendered":"Savoir r\u00e9diger : une possibilit\u00e9 pour tous"},"content":{"rendered":"<p>Ce livre n&rsquo;est pas un pr\u00e9cis de style ni un code des usages. Tout simplement, mais essentiellement, il vise \u00e0 apporter ou rappeler les principes de\u00a0 base sans lesquels nous ne pouvons r\u00e9diger d&rsquo;une mani\u00e8re correcte et adapt\u00e9e \u00e0 notre but.<\/p>\n<p>Il se veut une introduction \u00e0 l&rsquo;art d&rsquo;\u00e9crire.<\/p>\n<p>Il nous explique le r\u00f4le des documents auxquels nous sommes affront\u00e9s tous les jours. Des conseils clairs et pr\u00e9cis nous sont donn\u00e9s pour chaque \u00e9tape de la r\u00e9daction, chercher des id\u00e9es, les trier, les pr\u00e9senter, les r\u00e9diger, les corriger, les ponctuer, pour en faire des moyens de communication compr\u00e9hensibles par leurs destinataires. (Pr\u00e9sentation de l\u2019\u00e9diteur)<\/p>\n<p>BURFIN R.<\/p>\n<p>Chronique sociale<\/p>\n<p>1992-108p<\/p>\n<p>ISBN: 2-85008-068-3<\/p>\n<p>Cote doc: 4-80-BUR-S<\/p>\n<p><strong><em>Uniquement \u00e0 la location<\/em><\/strong><\/p>\n<span class=\"et_bloom_bottom_trigger\"><\/span>","protected":false},"excerpt":{"rendered":"<p>Ce livre n&rsquo;est pas un pr\u00e9cis de style ni un code des usages. Tout simplement, mais essentiellement, il vise \u00e0 apporter ou rappeler les principes de\u00a0 base sans lesquels nous ne pouvons r\u00e9diger d&rsquo;une mani\u00e8re correcte et adapt\u00e9e \u00e0 notre but.<\/p>\n","protected":false},"featured_media":1951,"comment_status":"closed","ping_status":"closed","template":"","meta":{"_et_pb_use_builder":"","_et_pb_old_content":"","_et_gb_content_width":"","spay_email":""},"class_list":["post-1950","product","type-product","status-publish","has-post-thumbnail","hentry","product_cat-livres","product_tag-ecriture","product_tag-education-permanente","product_tag-pedagogie"],"jetpack_sharing_enabled":true,"jetpack_likes_enabled":true,"_links":{"self":[{"href":"https:\/\/www.parthages.be\/eboutique\/wp-json\/wp\/v2\/product\/1950","targetHints":{"allow":["GET"]}}],"collection":[{"href":"https:\/\/www.parthages.be\/eboutique\/wp-json\/wp\/v2\/product"}],"about":[{"href":"https:\/\/www.parthages.be\/eboutique\/wp-json\/wp\/v2\/types\/product"}],"replies":[{"embeddable":true,"href":"https:\/\/www.parthages.be\/eboutique\/wp-json\/wp\/v2\/comments?post=1950"}],"wp:featuredmedia":[{"embeddable":true,"href":"https:\/\/www.parthages.be\/eboutique\/wp-json\/wp\/v2\/media\/1951"}],"wp:attachment":[{"href":"https:\/\/www.parthages.be\/eboutique\/wp-json\/wp\/v2\/media?parent=1950"}],"curies":[{"name":"wp","href":"https:\/\/api.w.org\/{rel}","templated":true}]}}