{"id":1956,"date":"2021-09-20T11:20:58","date_gmt":"2021-09-20T09:20:58","guid":{"rendered":"https:\/\/www.parthages.be\/eboutique\/?post_type=product&#038;p=1956"},"modified":"2022-03-23T17:20:16","modified_gmt":"2022-03-23T16:20:16","slug":"handicapes-ou-non-ils-jouent-ensemble","status":"publish","type":"product","link":"https:\/\/www.parthages.be\/eboutique\/produit\/handicapes-ou-non-ils-jouent-ensemble\/","title":{"rendered":"Handicap\u00e9s ou non, ils jouent ensemble"},"content":{"rendered":"<p><strong>Pratiques d&rsquo;int\u00e9gration en centres de loisirs<\/strong><\/p>\n<p>La peur de la rencontre avec une personne handicap\u00e9e, l&rsquo;appr\u00e9hension de ne pas savoir quoi dire ou quoi faire, la difficult\u00e9 \u00e0 ma\u00eetriser son \u00e9motion devant un corps d&rsquo;enfant marqu\u00e9 par la d\u00e9ficience, sont des sentiments que nous \u00e9prouvons tous. Force est de constater qu&rsquo;aujourd&rsquo;hui bien des enfants handicap\u00e9s sont mis \u00e0 l&rsquo;\u00e9cart d\u00e8s le plus jeune \u00e2ge des espaces de vie ordinaire. Et tout simplement parce qu&rsquo;il est admis, en r\u00e8gle g\u00e9n\u00e9rale, que ces lieux de vie ne sont pas adapt\u00e9s aux enfants \u00a0\u00bb diff\u00e9rents \u00a0\u00bb et que, de toutes fa\u00e7ons, il vaut mieux pour eux qu&rsquo;ils soient pris en charge par des sp\u00e9cialistes de la question. Pourtant, au m\u00eame titre que les autres, l&rsquo;enfant porteur d&rsquo;un handicap, quelque soit l&rsquo;origine de son atteinte, a besoin de vivre des temps avec des enfants de son \u00e2ge. C&rsquo;est le projet de l&rsquo;association Loisirs Pluriel, cr\u00e9\u00e9e en 1992 par Laurent Thomas, pour proposer des centres de vacances et de loisirs ouverts aux enfants handicap\u00e9s et valides. N\u00e9e d&rsquo;une prise de conscience des limites du \u00a0\u00bb tout sp\u00e9cialis\u00e9 \u00a0\u00bb mais aussi de nombreuses r\u00e9ticences du milieu ordinaire, cette initiative pr\u00e9tend apporter un autre regard sur l&rsquo;int\u00e9gration des personnes handicap\u00e9es dans notre soci\u00e9t\u00e9. Sans nier la r\u00e9alit\u00e9 du handicap et des attentions sp\u00e9cifiques qu&rsquo;il n\u00e9cessite, l&rsquo;auteur montre au travers d&rsquo;exemples v\u00e9cus et d&rsquo;anecdotes, l&rsquo;authenticit\u00e9 de relations qui peuvent se cr\u00e9er entre enfants handicap\u00e9s et valides autour d&rsquo;un jeu. Une initiative originale comme bien d&rsquo;autres en France dont on parle peu mais qui sont le ferment, au jour le jour, de la construction d&rsquo;une soci\u00e9t\u00e9 qui refuse l&rsquo;exclusion des enfants diff\u00e9rents des espaces de la vie sociale ordinaire.(Pr\u00e9sentation de l\u2019\u00e9diteur)<\/p>\n<p>THOMAS L.<\/p>\n<p>Editions Yves Michel<\/p>\n<p>1999-139p<\/p>\n<p>ISBN\u00a0: 2-913492-061<\/p>\n<p>Cote doc: 4-70-THO-H<\/p>\n<p><strong><em>Uniquement \u00e0 la location<\/em><\/strong><\/p>\n<span class=\"et_bloom_bottom_trigger\"><\/span>","protected":false},"excerpt":{"rendered":"<p>La peur de la rencontre avec une personne handicap\u00e9e, l&rsquo;appr\u00e9hension de ne pas savoir quoi dire ou quoi faire, la difficult\u00e9 \u00e0 ma\u00eetriser son \u00e9motion devant un corps d&rsquo;enfant marqu\u00e9 par la d\u00e9ficience, sont des sentiments que nous \u00e9prouvons tous. Force est de constater qu&rsquo;aujourd&rsquo;hui bien des enfants handicap\u00e9s sont mis \u00e0 l&rsquo;\u00e9cart d\u00e8s le plus jeune \u00e2ge des espaces de vie ordinaire.<\/p>\n","protected":false},"featured_media":1957,"comment_status":"closed","ping_status":"closed","template":"","meta":{"_et_pb_use_builder":"","_et_pb_old_content":"","_et_gb_content_width":"","spay_email":""},"class_list":["post-1956","product","type-product","status-publish","has-post-thumbnail","hentry","product_cat-livres","product_tag-enfant","product_tag-famille","product_tag-handicap-mental","product_tag-integration","product_tag-integration-sociale","product_tag-jeu","product_tag-loisir","product_tag-milieu-ordinaire","product_tag-relation-personne","product_tag-rencontre"],"jetpack_sharing_enabled":true,"jetpack_likes_enabled":true,"_links":{"self":[{"href":"https:\/\/www.parthages.be\/eboutique\/wp-json\/wp\/v2\/product\/1956","targetHints":{"allow":["GET"]}}],"collection":[{"href":"https:\/\/www.parthages.be\/eboutique\/wp-json\/wp\/v2\/product"}],"about":[{"href":"https:\/\/www.parthages.be\/eboutique\/wp-json\/wp\/v2\/types\/product"}],"replies":[{"embeddable":true,"href":"https:\/\/www.parthages.be\/eboutique\/wp-json\/wp\/v2\/comments?post=1956"}],"wp:featuredmedia":[{"embeddable":true,"href":"https:\/\/www.parthages.be\/eboutique\/wp-json\/wp\/v2\/media\/1957"}],"wp:attachment":[{"href":"https:\/\/www.parthages.be\/eboutique\/wp-json\/wp\/v2\/media?parent=1956"}],"curies":[{"name":"wp","href":"https:\/\/api.w.org\/{rel}","templated":true}]}}

Handicapés ou non, ils jouent ensemble

<p><strong>Pratiques d&rsquo;intégration en centres de loisirs</strong></p>
<p>La peur de la rencontre avec une personne handicapée, l&rsquo;appréhension de ne pas savoir quoi dire ou quoi faire, la difficulté à maîtriser son émotion devant un corps d&rsquo;enfant marqué par la déficience, sont des sentiments que nous éprouvons tous. Force est de constater qu&rsquo;aujourd&rsquo;hui bien des enfants handicapés sont mis à l&rsquo;écart dès le plus jeune âge des espaces de vie ordinaire. Et tout simplement parce qu&rsquo;il est admis, en règle générale, que ces lieux de vie ne sont pas adaptés aux enfants  » différents  » et que, de toutes façons, il vaut mieux pour eux qu&rsquo;ils soient pris en charge par des spécialistes de la question. Pourtant, au même titre que les autres, l&rsquo;enfant porteur d&rsquo;un handicap, quelque soit l&rsquo;origine de son atteinte, a besoin de vivre des temps avec des enfants de son âge. C&rsquo;est le projet de l&rsquo;association Loisirs Pluriel, créée en 1992 par Laurent Thomas, pour proposer des centres de vacances et de loisirs ouverts aux enfants handicapés et valides. Née d&rsquo;une prise de conscience des limites du  » tout spécialisé  » mais aussi de nombreuses réticences du milieu ordinaire, cette initiative prétend apporter un autre regard sur l&rsquo;intégration des personnes handicapées dans notre société. Sans nier la réalité du handicap et des attentions spécifiques qu&rsquo;il nécessite, l&rsquo;auteur montre au travers d&rsquo;exemples vécus et d&rsquo;anecdotes, l&rsquo;authenticité de relations qui peuvent se créer entre enfants handicapés et valides autour d&rsquo;un jeu. Une initiative originale comme bien d&rsquo;autres en France dont on parle peu mais qui sont le ferment, au jour le jour, de la construction d&rsquo;une société qui refuse l&rsquo;exclusion des enfants différents des espaces de la vie sociale ordinaire.(Présentation de l’éditeur)</p>
<p>THOMAS L.</p>
<p>Editions Yves Michel</p>
<p>1999-139p</p>
<p>ISBN : 2-913492-061</p>
<p>Cote doc: 4-70-THO-H</p>
<p><strong><em>Uniquement à la location</em></strong></p>
<span class="et_bloom_bottom_trigger"></span>

<p>La peur de la rencontre avec une personne handicapée, l&rsquo;appréhension de ne pas savoir quoi dire ou quoi faire, la difficulté à maîtriser son émotion devant un corps d&rsquo;enfant marqué par la déficience, sont des sentiments que nous éprouvons tous. Force est de constater qu&rsquo;aujourd&rsquo;hui bien des enfants handicapés sont mis à l&rsquo;écart dès le plus jeune âge des espaces de vie ordinaire.</p>
