{"id":1966,"date":"2021-09-20T11:30:32","date_gmt":"2021-09-20T09:30:32","guid":{"rendered":"https:\/\/www.parthages.be\/eboutique\/?post_type=product&#038;p=1966"},"modified":"2021-09-20T11:30:32","modified_gmt":"2021-09-20T09:30:32","slug":"sport-et-handicap-moteur","status":"publish","type":"product","link":"https:\/\/www.parthages.be\/eboutique\/produit\/sport-et-handicap-moteur\/","title":{"rendered":"Sport et handicap moteur"},"content":{"rendered":"<p>Inscrit dans le dispositif l\u00e9gislatif en faveur des personnes handicap\u00e9es, le sport a \u00e9t\u00e9 propos\u00e9 comme outil de r\u00e9adaptation et de r\u00e9insertion sociale. Il ob\u00e9it \u00e0 des r\u00e8gles sp\u00e9cifiques de pr\u00e9paration, d&rsquo;entra\u00eenement et de suivi m\u00e9dical. Doivent \u00eatre prises en compte les indications et contre-indications sportives, de m\u00eame que les possibilit\u00e9s de compensation que sont les techniques de restauration m\u00e9dico-chirurgicale de la motricit\u00e9, mais \u00e9galement de l&rsquo;appareillage. (Pr\u00e9sentation de l&rsquo;\u00e9diteur)<\/p>\n<p>ENJALBERT M.- PAILLER D.- BERNARD P.L.- PIERA J.B.- ALLIEU Y.<\/p>\n<p>Editions Masson<\/p>\n<p>1999-229p.<\/p>\n<p>ISBN: 2-225-83652-3<\/p>\n<p>Cote doc: 4-70-ENJ-S<\/p>\n<p><strong><em>Uniquement \u00e0 la location<\/em><\/strong><\/p>\n<span class=\"et_bloom_bottom_trigger\"><\/span>","protected":false},"excerpt":{"rendered":"<p>Inscrit dans le dispositif l\u00e9gislatif en faveur des personnes handicap\u00e9es, le sport a \u00e9t\u00e9 propos\u00e9 comme outil de r\u00e9adaptation et de r\u00e9insertion sociale.<\/p>\n","protected":false},"featured_media":1967,"comment_status":"closed","ping_status":"closed","template":"","meta":{"_et_pb_use_builder":"","_et_pb_old_content":"","_et_gb_content_width":"","spay_email":""},"class_list":["post-1966","product","type-product","status-publish","has-post-thumbnail","hentry","product_cat-livres","product_tag-accessibilite","product_tag-activite-physique","product_tag-aide-technique","product_tag-deficience-motrice","product_tag-entrainement","product_tag-evaluation","product_tag-personne-agee","product_tag-personne-handicapee","product_tag-prothese","product_tag-sport","product_tag-sport-adapte"],"jetpack_sharing_enabled":true,"jetpack_likes_enabled":true,"_links":{"self":[{"href":"https:\/\/www.parthages.be\/eboutique\/wp-json\/wp\/v2\/product\/1966","targetHints":{"allow":["GET"]}}],"collection":[{"href":"https:\/\/www.parthages.be\/eboutique\/wp-json\/wp\/v2\/product"}],"about":[{"href":"https:\/\/www.parthages.be\/eboutique\/wp-json\/wp\/v2\/types\/product"}],"replies":[{"embeddable":true,"href":"https:\/\/www.parthages.be\/eboutique\/wp-json\/wp\/v2\/comments?post=1966"}],"wp:featuredmedia":[{"embeddable":true,"href":"https:\/\/www.parthages.be\/eboutique\/wp-json\/wp\/v2\/media\/1967"}],"wp:attachment":[{"href":"https:\/\/www.parthages.be\/eboutique\/wp-json\/wp\/v2\/media?parent=1966"}],"curies":[{"name":"wp","href":"https:\/\/api.w.org\/{rel}","templated":true}]}}

<p>Inscrit dans le dispositif législatif en faveur des personnes handicapées, le sport a été proposé comme outil de réadaptation et de réinsertion sociale. Il obéit à des règles spécifiques de préparation, d&rsquo;entraînement et de suivi médical. Doivent être prises en compte les indications et contre-indications sportives, de même que les possibilités de compensation que sont les techniques de restauration médico-chirurgicale de la motricité, mais également de l&rsquo;appareillage. (Présentation de l&rsquo;éditeur)</p>
<p>ENJALBERT M.- PAILLER D.- BERNARD P.L.- PIERA J.B.- ALLIEU Y.</p>
<p>Editions Masson</p>
<p>1999-229p.</p>
<p>ISBN: 2-225-83652-3</p>
<p>Cote doc: 4-70-ENJ-S</p>
<p><strong><em>Uniquement à la location</em></strong></p>
<span class="et_bloom_bottom_trigger"></span>

<p>Inscrit dans le dispositif législatif en faveur des personnes handicapées, le sport a été proposé comme outil de réadaptation et de réinsertion sociale.</p>
