{"id":1970,"date":"2021-09-20T11:32:33","date_gmt":"2021-09-20T09:32:33","guid":{"rendered":"https:\/\/www.parthages.be\/eboutique\/?post_type=product&#038;p=1970"},"modified":"2022-03-23T17:26:40","modified_gmt":"2022-03-23T16:26:40","slug":"lenfant-au-theatre","status":"publish","type":"product","link":"https:\/\/www.parthages.be\/eboutique\/produit\/lenfant-au-theatre\/","title":{"rendered":"L&rsquo;enfant au th\u00e9\u00e2tre"},"content":{"rendered":"<p><strong>Essai d&rsquo;\u00e9valuation de l&rsquo;impact socio-affectif d&rsquo;un spectacle th\u00e9\u00e2tral sur des enfants de 10 \u00e0 12 ans<\/strong><\/p>\n<p><strong><em>Dossier<\/em><\/strong><\/p>\n<p>Au cours du dernier festival de th\u00e9\u00e2tre pour enfants qui se d\u00e9roulait \u00e0 Spa au mois d&rsquo;ao\u00fbt 1978, le Th\u00e9\u00e2tre Benjamin de Bruxelles pr\u00e9sentait un spectacle intitul\u00e9 \u00a0\u00bb La princesse paresseuse\u00a0\u00bb devant un public compos\u00e9 non seulement d&rsquo;enfants mais aussi d&rsquo;adultes concern\u00e9s par le l&rsquo;art dramatique destin\u00e9 \u00e0 la jeunesse mais aussi devant le \u00ab\u00a0comit\u00e9 de s\u00e9lection\u00a0\u00bb de l&rsquo;Association pour la promotion et la diffusion des spectacles pour enfants et adolescents, principal organisme pluraliste de diffusion des spectacles en Belgique francophone.<\/p>\n<p>Le contenu v\u00e9hicul\u00e9 par le spectacle semblait poser des probl\u00e8mes au niveau de l&rsquo;impact socio-affectif susceptible de se produire sur les enfants spectateurs. Face \u00e0 ce dilemme, le comit\u00e9 proposa au Conseil d&rsquo;Administration de l&rsquo;association pr\u00e9cit\u00e9e de s\u00e9lectionner ce spectacle, le Conseil demandant au Th\u00e9\u00e2tre Benjamin d&rsquo;effectuer une recherche aupr\u00e8s des enfants afin d&rsquo;en assurer la diffusion. (Pr\u00e9sentation de l\u2019\u00e9diteur)<\/p>\n<p>DELDIME R.<\/p>\n<p>CAHIERS JEB N\u00b0 9<\/p>\n<p>1978-106p.<\/p>\n<p>Cote doc\u00a0: 4-70-DEL-E<\/p>\n<p><strong><em>Uniquement \u00e0 la location<\/em><\/strong><\/p>\n<span class=\"et_bloom_bottom_trigger\"><\/span>","protected":false},"excerpt":{"rendered":"<p>Au cours du dernier festival de th\u00e9\u00e2tre pour enfants qui se d\u00e9roulait \u00e0 Spa au mois d&rsquo;ao\u00fbt 1978, le Th\u00e9\u00e2tre Benjamin de Bruxelles pr\u00e9sentait un spectacle intitul\u00e9 \u00a0\u00bb La princesse paresseuse\u00a0\u00bb devant un public compos\u00e9 non seulement d&rsquo;enfants mais aussi d&rsquo;adultes concern\u00e9s par le l&rsquo;art dramatique destin\u00e9 \u00e0 la jeunesse mais aussi devant le \u00ab\u00a0comit\u00e9 de s\u00e9lection\u00a0\u00bb de l&rsquo;Association pour la promotion et la diffusion des spectacles pour enfants et adolescents, principal organisme pluraliste de diffusion des spectacles en Belgique francophone.<\/p>\n","protected":false},"featured_media":1971,"comment_status":"closed","ping_status":"closed","template":"","meta":{"_et_pb_use_builder":"","_et_pb_old_content":"","_et_gb_content_width":"","spay_email":""},"class_list":["post-1970","product","type-product","status-publish","has-post-thumbnail","hentry","product_cat-livres","product_tag-abus-dalcool","product_tag-affectivite","product_tag-analyse","product_tag-belgique","product_tag-comportement","product_tag-enfant","product_tag-methode-devaluation","product_tag-methodologie","product_tag-methodologie-de-la-recherche","product_tag-observation","product_tag-psychologie-sociale","product_tag-spectacle"],"jetpack_sharing_enabled":true,"jetpack_likes_enabled":true,"_links":{"self":[{"href":"https:\/\/www.parthages.be\/eboutique\/wp-json\/wp\/v2\/product\/1970","targetHints":{"allow":["GET"]}}],"collection":[{"href":"https:\/\/www.parthages.be\/eboutique\/wp-json\/wp\/v2\/product"}],"about":[{"href":"https:\/\/www.parthages.be\/eboutique\/wp-json\/wp\/v2\/types\/product"}],"replies":[{"embeddable":true,"href":"https:\/\/www.parthages.be\/eboutique\/wp-json\/wp\/v2\/comments?post=1970"}],"wp:featuredmedia":[{"embeddable":true,"href":"https:\/\/www.parthages.be\/eboutique\/wp-json\/wp\/v2\/media\/1971"}],"wp:attachment":[{"href":"https:\/\/www.parthages.be\/eboutique\/wp-json\/wp\/v2\/media?parent=1970"}],"curies":[{"name":"wp","href":"https:\/\/api.w.org\/{rel}","templated":true}]}}

L&rsquo;enfant au théâtre

<p><strong>Essai d&rsquo;évaluation de l&rsquo;impact socio-affectif d&rsquo;un spectacle théâtral sur des enfants de 10 à 12 ans</strong></p>
<p><strong><em>Dossier</em></strong></p>
<p>Au cours du dernier festival de théâtre pour enfants qui se déroulait à Spa au mois d&rsquo;août 1978, le Théâtre Benjamin de Bruxelles présentait un spectacle intitulé  » La princesse paresseuse » devant un public composé non seulement d&rsquo;enfants mais aussi d&rsquo;adultes concernés par le l&rsquo;art dramatique destiné à la jeunesse mais aussi devant le « comité de sélection » de l&rsquo;Association pour la promotion et la diffusion des spectacles pour enfants et adolescents, principal organisme pluraliste de diffusion des spectacles en Belgique francophone.</p>
<p>Le contenu véhiculé par le spectacle semblait poser des problèmes au niveau de l&rsquo;impact socio-affectif susceptible de se produire sur les enfants spectateurs. Face à ce dilemme, le comité proposa au Conseil d&rsquo;Administration de l&rsquo;association précitée de sélectionner ce spectacle, le Conseil demandant au Théâtre Benjamin d&rsquo;effectuer une recherche auprès des enfants afin d&rsquo;en assurer la diffusion. (Présentation de l’éditeur)</p>
<p>DELDIME R.</p>
<p>CAHIERS JEB N° 9</p>
<p>1978-106p.</p>
<p>Cote doc : 4-70-DEL-E</p>
<p><strong><em>Uniquement à la location</em></strong></p>
<span class="et_bloom_bottom_trigger"></span>

<p>Au cours du dernier festival de théâtre pour enfants qui se déroulait à Spa au mois d&rsquo;août 1978, le Théâtre Benjamin de Bruxelles présentait un spectacle intitulé  » La princesse paresseuse » devant un public composé non seulement d&rsquo;enfants mais aussi d&rsquo;adultes concernés par le l&rsquo;art dramatique destiné à la jeunesse mais aussi devant le « comité de sélection » de l&rsquo;Association pour la promotion et la diffusion des spectacles pour enfants et adolescents, principal organisme pluraliste de diffusion des spectacles en Belgique francophone.</p>
