{"id":1972,"date":"2021-09-20T11:33:37","date_gmt":"2021-09-20T09:33:37","guid":{"rendered":"https:\/\/www.parthages.be\/eboutique\/?post_type=product&#038;p=1972"},"modified":"2021-09-20T11:33:37","modified_gmt":"2021-09-20T09:33:37","slug":"les-autres","status":"publish","type":"product","link":"https:\/\/www.parthages.be\/eboutique\/produit\/les-autres\/","title":{"rendered":"Les autres"},"content":{"rendered":"<p><strong>Expressions artistiques chez les handicap\u00e9s mentaux<\/strong><\/p>\n<p>Luc Boulange, fondateur et responsable de l&rsquo;asbl CREAHM, et Jean-Luc Lambert se sont pench\u00e9s sur l&rsquo;expression artistique des sujets handicap\u00e9s mentaux l\u00e9gers, mod\u00e9r\u00e9s et s\u00e9v\u00e8res : notions g\u00e9n\u00e9rales sur le handicap mental et l&rsquo;art, les arts graphiques, la sculpture, le modelage, l&rsquo;expression sc\u00e9nique.<\/p>\n<p>BOULANGE L.- LAMBERT J.L.<\/p>\n<p>Pierre Mardaga \u00e9diteur<\/p>\n<p>1981-142p.<\/p>\n<p>ISBN\u00a0: 2-87009-152-4<\/p>\n<p>Cote doc: 4-70-BOU-A<\/p>\n<p><strong><em>Uniquement \u00e0 la location<\/em><\/strong><\/p>\n<span class=\"et_bloom_bottom_trigger\"><\/span>","protected":false},"excerpt":{"rendered":"<p>Luc Boulange, fondateur et responsable de l&rsquo;asbl CREAHM, et Jean-Luc Lambert se sont pench\u00e9s sur l&rsquo;expression artistique des sujets handicap\u00e9s mentaux l\u00e9gers, mod\u00e9r\u00e9s et s\u00e9v\u00e8res : notions g\u00e9n\u00e9rales sur le handicap mental et l&rsquo;art, les arts graphiques, la sculpture, le modelage, l&rsquo;expression sc\u00e9nique.<\/p>\n","protected":false},"featured_media":1973,"comment_status":"closed","ping_status":"closed","template":"","meta":{"_et_pb_use_builder":"","_et_pb_old_content":"","_et_gb_content_width":"","spay_email":""},"class_list":["post-1972","product","type-product","status-publish","has-post-thumbnail","hentry","product_cat-livres","product_tag-art","product_tag-belgique","product_tag-creativite","product_tag-deficience-intellectuelle","product_tag-expression-artistique","product_tag-expression-corporelle","product_tag-handicap","product_tag-integration","product_tag-personne-handicapee","product_tag-psychologie","product_tag-spectacle"],"jetpack_sharing_enabled":true,"jetpack_likes_enabled":true,"_links":{"self":[{"href":"https:\/\/www.parthages.be\/eboutique\/wp-json\/wp\/v2\/product\/1972","targetHints":{"allow":["GET"]}}],"collection":[{"href":"https:\/\/www.parthages.be\/eboutique\/wp-json\/wp\/v2\/product"}],"about":[{"href":"https:\/\/www.parthages.be\/eboutique\/wp-json\/wp\/v2\/types\/product"}],"replies":[{"embeddable":true,"href":"https:\/\/www.parthages.be\/eboutique\/wp-json\/wp\/v2\/comments?post=1972"}],"wp:featuredmedia":[{"embeddable":true,"href":"https:\/\/www.parthages.be\/eboutique\/wp-json\/wp\/v2\/media\/1973"}],"wp:attachment":[{"href":"https:\/\/www.parthages.be\/eboutique\/wp-json\/wp\/v2\/media?parent=1972"}],"curies":[{"name":"wp","href":"https:\/\/api.w.org\/{rel}","templated":true}]}}