{"id":1980,"date":"2021-09-20T11:41:46","date_gmt":"2021-09-20T09:41:46","guid":{"rendered":"https:\/\/www.parthages.be\/eboutique\/?post_type=product&#038;p=1980"},"modified":"2021-09-20T11:41:47","modified_gmt":"2021-09-20T09:41:47","slug":"nouvelles-formes-demploi-semi-protege-pour-les-personnes-handicapees","status":"publish","type":"product","link":"https:\/\/www.parthages.be\/eboutique\/produit\/nouvelles-formes-demploi-semi-protege-pour-les-personnes-handicapees\/","title":{"rendered":"Nouvelles formes d&#8217;emploi semi-prot\u00e9g\u00e9 pour les personnes handicap\u00e9es"},"content":{"rendered":"<p><strong><em>Etude<\/em><\/strong><\/p>\n<p>La situation de l&#8217;emploi des personnes handicap\u00e9es. L&rsquo;importance de l&#8217;emploi semi-prot\u00e9g\u00e9. Objectifs et m\u00e9thodes de l&rsquo;\u00e9tude. Conditions l\u00e9gales et institutionnelles<\/p>\n<p>Typologie de l&#8217;emploi semi-prot\u00e9g\u00e9.<\/p>\n<p>Conditions financi\u00e8res et r\u00e9sultats<\/p>\n<p>Formation professionnelle et aides \u00e0 l&#8217;embauche<\/p>\n<p>Adaptation et accompagnement Secteurs de production.<\/p>\n<p>Les conditions de travail et le point de vue des personnes handicap\u00e9es Les conditions futures de d\u00e9veloppement de l&#8217;emploi semi-prot\u00e9g\u00e9<\/p>\n<p>Recommandations<\/p>\n<p>SEYFRIED E. &#8211; LAMBERT T.<\/p>\n<p>OFFICE DES PUBLICATIONS OFFICIELLES DES COMMUNAUTES EUROPEENNES<\/p>\n<p>Ced\u00e9fop<\/p>\n<p>1988-513p.<\/p>\n<p>ISBN: 92-825-9196-4<\/p>\n<p>Cote doc: 4-60-SEY-N<\/p>\n<p><strong><em>Uniquement \u00e0 la location<\/em><\/strong><\/p>\n<span class=\"et_bloom_bottom_trigger\"><\/span>","protected":false},"excerpt":{"rendered":"<p>La situation de l&#8217;emploi des personnes handicap\u00e9es. L&rsquo;importance de l&#8217;emploi semi-prot\u00e9g\u00e9. Objectifs et m\u00e9thodes de l&rsquo;\u00e9tude. Conditions l\u00e9gales et institutionnelles<\/p>\n","protected":false},"featured_media":1981,"comment_status":"closed","ping_status":"closed","template":"","meta":{"_et_pb_use_builder":"","_et_pb_old_content":"","_et_gb_content_width":"","spay_email":""},"class_list":["post-1980","product","type-product","status-publish","has-post-thumbnail","hentry","product_cat-livres","product_tag-accompagnement","product_tag-adaptation","product_tag-aide","product_tag-classification","product_tag-coordination","product_tag-emploi","product_tag-emploi-protege","product_tag-integration-professionnelle","product_tag-integration-sociale","product_tag-methodologie","product_tag-organisme","product_tag-personne-handicapee","product_tag-travail","product_tag-union-europeenne"],"jetpack_sharing_enabled":true,"jetpack_likes_enabled":true,"_links":{"self":[{"href":"https:\/\/www.parthages.be\/eboutique\/wp-json\/wp\/v2\/product\/1980","targetHints":{"allow":["GET"]}}],"collection":[{"href":"https:\/\/www.parthages.be\/eboutique\/wp-json\/wp\/v2\/product"}],"about":[{"href":"https:\/\/www.parthages.be\/eboutique\/wp-json\/wp\/v2\/types\/product"}],"replies":[{"embeddable":true,"href":"https:\/\/www.parthages.be\/eboutique\/wp-json\/wp\/v2\/comments?post=1980"}],"wp:featuredmedia":[{"embeddable":true,"href":"https:\/\/www.parthages.be\/eboutique\/wp-json\/wp\/v2\/media\/1981"}],"wp:attachment":[{"href":"https:\/\/www.parthages.be\/eboutique\/wp-json\/wp\/v2\/media?parent=1980"}],"curies":[{"name":"wp","href":"https:\/\/api.w.org\/{rel}","templated":true}]}}

Nouvelles formes d&#8217;emploi semi-protégé pour les personnes handicapées

<p><strong><em>Etude</em></strong></p>
<p>La situation de l&#8217;emploi des personnes handicapées. L&rsquo;importance de l&#8217;emploi semi-protégé. Objectifs et méthodes de l&rsquo;étude. Conditions légales et institutionnelles</p>
<p>Typologie de l&#8217;emploi semi-protégé.</p>
<p>Conditions financières et résultats</p>
<p>Formation professionnelle et aides à l&#8217;embauche</p>
<p>Adaptation et accompagnement Secteurs de production.</p>
<p>Les conditions de travail et le point de vue des personnes handicapées Les conditions futures de développement de l&#8217;emploi semi-protégé</p>
<p>Recommandations</p>
<p>SEYFRIED E. &#8211; LAMBERT T.</p>
<p>OFFICE DES PUBLICATIONS OFFICIELLES DES COMMUNAUTES EUROPEENNES</p>
<p>Cedéfop</p>
<p>1988-513p.</p>
<p>ISBN: 92-825-9196-4</p>
<p>Cote doc: 4-60-SEY-N</p>
<p><strong><em>Uniquement à la location</em></strong></p>
<span class="et_bloom_bottom_trigger"></span>

<p>La situation de l&#8217;emploi des personnes handicapées. L&rsquo;importance de l&#8217;emploi semi-protégé. Objectifs et méthodes de l&rsquo;étude. Conditions légales et institutionnelles</p>
