{"id":1985,"date":"2021-10-05T09:46:35","date_gmt":"2021-10-05T07:46:35","guid":{"rendered":"https:\/\/www.parthages.be\/eboutique\/?post_type=product&#038;p=1985"},"modified":"2021-10-05T09:46:47","modified_gmt":"2021-10-05T07:46:47","slug":"handicap-et-medecine-du-travail","status":"publish","type":"product","link":"https:\/\/www.parthages.be\/eboutique\/produit\/handicap-et-medecine-du-travail\/","title":{"rendered":"Handicap et m\u00e9decine du travail"},"content":{"rendered":"<p>L&rsquo;insertion des personnes handicap\u00e9es dans la soci\u00e9t\u00e9, que le handicap soit de naissance ou acquis au cours de la vie, pose des probl\u00e8mes multiples, d&rsquo;ordre culturel, sociologique, m\u00e9dical ou ergonomique.<\/p>\n<p>Dans le milieu du travail, elle se heurte \u00e0 des difficult\u00e9s, m\u00eame si la l\u00e9gislation fran\u00e7aise a mis en place un certain nombre de dispositions dont l&rsquo;obligation d&#8217;emploi de ces personnes, tant en milieu ordinaire qu&rsquo;en milieu prot\u00e9g\u00e9, leur prise en charge et leur orientation.<\/p>\n<p>Cet ouvrage apporte les bases juridiques r\u00e9glementant le travail des personnes handicap\u00e9es, d\u00e9finit les crit\u00e8res retenus pour d\u00e9terminer le handicap, les contraintes et les astreintes des personnes handicap\u00e9es.<\/p>\n<p>Il pr\u00e9cise le r\u00f4le du m\u00e9decin du travail dans l&rsquo;insertion, le maintien et l&rsquo;am\u00e9lioration des conditions de travail des handicap\u00e9s.<\/p>\n<p>Enfin, un dernier chapitre pr\u00e9sente les d\u00e9marches que doit faire la personne handicap\u00e9es pour s&rsquo;ins\u00e9rer dans la vie professionnelle et des exemples d&rsquo;insertions r\u00e9ussies. (Pr\u00e9sentation de l\u2019\u00e9diteur)<\/p>\n<p>ROSSIGNOL F.- FOLLIOT D.<\/p>\n<p>Masson<\/p>\n<p>1998- 122p.<\/p>\n<p>ISBN\u00a0: 2-225-83612-4<\/p>\n<p>Cote doc\u00a0: 4-60-ROS-H<\/p>\n<p><strong><em>Uniquement \u00e0 la location<\/em><\/strong><\/p>\n<span class=\"et_bloom_bottom_trigger\"><\/span>","protected":false},"excerpt":{"rendered":"<p>L&rsquo;insertion des personnes handicap\u00e9es dans la soci\u00e9t\u00e9, que le handicap soit de naissance ou acquis au cours de la vie, pose des probl\u00e8mes multiples, d&rsquo;ordre culturel, sociologique, m\u00e9dical ou ergonomique.<\/p>\n","protected":false},"featured_media":1986,"comment_status":"closed","ping_status":"closed","template":"","meta":{"_et_pb_use_builder":"","_et_pb_old_content":"","_et_gb_content_width":"","spay_email":""},"class_list":["post-1985","product","type-product","status-publish","has-post-thumbnail","hentry","product_cat-livres","product_tag-aide-a-lemploi","product_tag-evaluation","product_tag-formation-professionnelle","product_tag-france","product_tag-handicap","product_tag-integration-professionnelle","product_tag-legislation","product_tag-medecine-du-travail","product_tag-milieu-ordinaire","product_tag-obligation-demploi","product_tag-orientation-professionnelle","product_tag-personne-handicapee","product_tag-travail"],"jetpack_sharing_enabled":true,"jetpack_likes_enabled":true,"_links":{"self":[{"href":"https:\/\/www.parthages.be\/eboutique\/wp-json\/wp\/v2\/product\/1985","targetHints":{"allow":["GET"]}}],"collection":[{"href":"https:\/\/www.parthages.be\/eboutique\/wp-json\/wp\/v2\/product"}],"about":[{"href":"https:\/\/www.parthages.be\/eboutique\/wp-json\/wp\/v2\/types\/product"}],"replies":[{"embeddable":true,"href":"https:\/\/www.parthages.be\/eboutique\/wp-json\/wp\/v2\/comments?post=1985"}],"wp:featuredmedia":[{"embeddable":true,"href":"https:\/\/www.parthages.be\/eboutique\/wp-json\/wp\/v2\/media\/1986"}],"wp:attachment":[{"href":"https:\/\/www.parthages.be\/eboutique\/wp-json\/wp\/v2\/media?parent=1985"}],"curies":[{"name":"wp","href":"https:\/\/api.w.org\/{rel}","templated":true}]}}

Handicap et médecine du travail

<p>L&rsquo;insertion des personnes handicapées dans la société, que le handicap soit de naissance ou acquis au cours de la vie, pose des problèmes multiples, d&rsquo;ordre culturel, sociologique, médical ou ergonomique.</p>
<p>Dans le milieu du travail, elle se heurte à des difficultés, même si la législation française a mis en place un certain nombre de dispositions dont l&rsquo;obligation d&#8217;emploi de ces personnes, tant en milieu ordinaire qu&rsquo;en milieu protégé, leur prise en charge et leur orientation.</p>
<p>Cet ouvrage apporte les bases juridiques réglementant le travail des personnes handicapées, définit les critères retenus pour déterminer le handicap, les contraintes et les astreintes des personnes handicapées.</p>
<p>Il précise le rôle du médecin du travail dans l&rsquo;insertion, le maintien et l&rsquo;amélioration des conditions de travail des handicapés.</p>
<p>Enfin, un dernier chapitre présente les démarches que doit faire la personne handicapées pour s&rsquo;insérer dans la vie professionnelle et des exemples d&rsquo;insertions réussies. (Présentation de l’éditeur)</p>
<p>ROSSIGNOL F.- FOLLIOT D.</p>
<p>Masson</p>
<p>1998- 122p.</p>
<p>ISBN : 2-225-83612-4</p>
<p>Cote doc : 4-60-ROS-H</p>
<p><strong><em>Uniquement à la location</em></strong></p>
<span class="et_bloom_bottom_trigger"></span>

<p>L&rsquo;insertion des personnes handicapées dans la société, que le handicap soit de naissance ou acquis au cours de la vie, pose des problèmes multiples, d&rsquo;ordre culturel, sociologique, médical ou ergonomique.</p>
