{"id":1987,"date":"2021-10-05T09:47:41","date_gmt":"2021-10-05T07:47:41","guid":{"rendered":"https:\/\/www.parthages.be\/eboutique\/?post_type=product&#038;p=1987"},"modified":"2021-10-05T09:47:41","modified_gmt":"2021-10-05T07:47:41","slug":"lacces-a-la-formation-professionnelle-des-travailleurs-handicapes","status":"publish","type":"product","link":"https:\/\/www.parthages.be\/eboutique\/produit\/lacces-a-la-formation-professionnelle-des-travailleurs-handicapes\/","title":{"rendered":"L&rsquo;acc\u00e8s \u00e0 la formation professionnelle des travailleurs handicap\u00e9s"},"content":{"rendered":"<p>L&rsquo;auteur aborde la population des travailleurs handicap\u00e9s comme une r\u00e9alit\u00e9 multiforme. La d\u00e9finition du handicap est avant tout sociale. Le public de l&rsquo;\u00e9tude est doublement handicap\u00e9 : capacit\u00e9s de travail r\u00e9duites et d\u00e9ficiences sociales associ\u00e9es, ce qui a un impact sur le ch\u00f4mage. Il propose des moyens sp\u00e9cialis\u00e9s de prise en charge. Il donne 4 principes d&rsquo;<\/p>\n<p>1\u00b0l&rsquo;acc\u00e8s \u00e0 un parcours personnalis\u00e9 de formation \u00e0 l&rsquo;insertion professionnelle,<\/p>\n<p>2\u00b0 lier orientation et accompagnement dans une d\u00e9marche globale, 3\u00b0articuler la formation \u00e0 des exp\u00e9riences de travail,<\/p>\n<p>4\u00b0se baser sur le partenariat et l&rsquo;encourager. Il propose 15 mesures en rapport avec ce qui pr\u00e9c\u00e8de.<\/p>\n<p>REMOND B.<\/p>\n<p>Documentation fran\u00e7aise<\/p>\n<p>1991-191p.<\/p>\n<p>ISBN: 2-11-002585-9<\/p>\n<p>Cote doc: 4-60-REM-A<\/p>\n<p><strong><em>Uniquement \u00e0 la location<\/em><\/strong><\/p>\n<span class=\"et_bloom_bottom_trigger\"><\/span>","protected":false},"excerpt":{"rendered":"<p>L&rsquo;auteur aborde la population des travailleurs handicap\u00e9s comme une r\u00e9alit\u00e9 multiforme. La d\u00e9finition du handicap est avant tout sociale. Le public de l&rsquo;\u00e9tude est doublement handicap\u00e9 : capacit\u00e9s de travail r\u00e9duites et d\u00e9ficiences sociales associ\u00e9es, ce qui a un impact sur le ch\u00f4mage. Il propose des moyens sp\u00e9cialis\u00e9s de prise en charge. Il donne 4 principes d&rsquo;<\/p>\n","protected":false},"featured_media":1988,"comment_status":"closed","ping_status":"closed","template":"","meta":{"_et_pb_use_builder":"","_et_pb_old_content":"","_et_gb_content_width":"","spay_email":""},"class_list":["post-1987","product","type-product","status-publish","has-post-thumbnail","hentry","product_cat-livres","product_tag-accompagnement","product_tag-chomage","product_tag-definition","product_tag-formation-professionnelle","product_tag-france","product_tag-integration-professionnelle","product_tag-integration-sociale","product_tag-personne-handicapee","product_tag-prise-en-charge","product_tag-travailleur"],"jetpack_sharing_enabled":true,"jetpack_likes_enabled":true,"_links":{"self":[{"href":"https:\/\/www.parthages.be\/eboutique\/wp-json\/wp\/v2\/product\/1987","targetHints":{"allow":["GET"]}}],"collection":[{"href":"https:\/\/www.parthages.be\/eboutique\/wp-json\/wp\/v2\/product"}],"about":[{"href":"https:\/\/www.parthages.be\/eboutique\/wp-json\/wp\/v2\/types\/product"}],"replies":[{"embeddable":true,"href":"https:\/\/www.parthages.be\/eboutique\/wp-json\/wp\/v2\/comments?post=1987"}],"wp:featuredmedia":[{"embeddable":true,"href":"https:\/\/www.parthages.be\/eboutique\/wp-json\/wp\/v2\/media\/1988"}],"wp:attachment":[{"href":"https:\/\/www.parthages.be\/eboutique\/wp-json\/wp\/v2\/media?parent=1987"}],"curies":[{"name":"wp","href":"https:\/\/api.w.org\/{rel}","templated":true}]}}