{"id":1990,"date":"2021-10-05T09:50:19","date_gmt":"2021-10-05T07:50:19","guid":{"rendered":"https:\/\/www.parthages.be\/eboutique\/?post_type=product&#038;p=1990"},"modified":"2021-10-05T09:50:20","modified_gmt":"2021-10-05T07:50:20","slug":"la-construction-des-legitimites-professionnelles-dans-la-formation-des-travailleurs-sociaux","status":"publish","type":"product","link":"https:\/\/www.parthages.be\/eboutique\/produit\/la-construction-des-legitimites-professionnelles-dans-la-formation-des-travailleurs-sociaux\/","title":{"rendered":"La construction des l\u00e9gitimit\u00e9s professionnelles dans la formation des travailleurs sociaux"},"content":{"rendered":"<p>La construction actuelle des rapports socio-\u00e9conomiques entra\u00eene une remise en cause des l\u00e9gitimit\u00e9s professionnelles en travail social.<\/p>\n<p>Construites et sanctionn\u00e9es par les instituts de formation, ces l\u00e9gitimit\u00e9 reposent sur une contradiction fondamentale entre une filiation orale-vocationnelle et une filiation scolaire-professionnelle.<\/p>\n<p>On entre dans le m\u00e9tier, ainsi qu&rsquo;en formation, sur la base de crit\u00e8res dispositionnels, mais les \u00e9coles certifient les comp\u00e9tences acquises par des titres scolaires.<\/p>\n<p>Il en r\u00e9sulte un rapport probl\u00e9matique au savoir, qui renforce les l\u00e9gitimit\u00e9s professionnelles soit plut\u00f4t du c\u00f4t\u00e9 du terrain, soit plut\u00f4t du c\u00f4t\u00e9 de la \u00ab\u00a0comp\u00e9tence\u00a0\u00bb, en lien avec l&rsquo;histoire de chaque profession.<\/p>\n<p>Cette recherche tente de comprendre \u00e0 partir de quels mod\u00e8les de formation se construisent les l\u00e9gitimit\u00e9s professionnelles de ces deux m\u00e9tiers, et quels sont les enjeux propres \u00e0 chacun d&rsquo;eux.<\/p>\n<p>PERRIER M.<\/p>\n<p>Editions L&rsquo;Harmattan<\/p>\n<p>2006-268p.24\u20ac<\/p>\n<p>380gr<\/p>\n<p>ISBN: 2-296-00211-0<\/p>\n<p>Cote doc: 4-60-PER-C<\/p>\n<span class=\"et_bloom_bottom_trigger\"><\/span>","protected":false},"excerpt":{"rendered":"<p>La construction actuelle des rapports socio-\u00e9conomiques entra\u00eene une remise en cause des l\u00e9gitimit\u00e9s professionnelles en travail social.<\/p>\n","protected":false},"featured_media":1991,"comment_status":"closed","ping_status":"closed","template":"","meta":{"_et_pb_use_builder":"","_et_pb_old_content":"","_et_gb_content_width":"","spay_email":""},"class_list":["post-1990","product","type-product","status-publish","has-post-thumbnail","hentry","product_cat-livres","product_tag-assistant-social","product_tag-competence","product_tag-educateur","product_tag-education","product_tag-enseignement","product_tag-formation","product_tag-pratique-dintervention","product_tag-qualification-professionnelle","product_tag-theorie","product_tag-travail-social"],"jetpack_sharing_enabled":true,"jetpack_likes_enabled":true,"_links":{"self":[{"href":"https:\/\/www.parthages.be\/eboutique\/wp-json\/wp\/v2\/product\/1990","targetHints":{"allow":["GET"]}}],"collection":[{"href":"https:\/\/www.parthages.be\/eboutique\/wp-json\/wp\/v2\/product"}],"about":[{"href":"https:\/\/www.parthages.be\/eboutique\/wp-json\/wp\/v2\/types\/product"}],"replies":[{"embeddable":true,"href":"https:\/\/www.parthages.be\/eboutique\/wp-json\/wp\/v2\/comments?post=1990"}],"wp:featuredmedia":[{"embeddable":true,"href":"https:\/\/www.parthages.be\/eboutique\/wp-json\/wp\/v2\/media\/1991"}],"wp:attachment":[{"href":"https:\/\/www.parthages.be\/eboutique\/wp-json\/wp\/v2\/media?parent=1990"}],"curies":[{"name":"wp","href":"https:\/\/api.w.org\/{rel}","templated":true}]}}

La construction des légitimités professionnelles dans la formation des travailleurs sociaux

<p>La construction actuelle des rapports socio-économiques entraîne une remise en cause des légitimités professionnelles en travail social.</p>
<p>Construites et sanctionnées par les instituts de formation, ces légitimité reposent sur une contradiction fondamentale entre une filiation orale-vocationnelle et une filiation scolaire-professionnelle.</p>
<p>On entre dans le métier, ainsi qu&rsquo;en formation, sur la base de critères dispositionnels, mais les écoles certifient les compétences acquises par des titres scolaires.</p>
<p>Il en résulte un rapport problématique au savoir, qui renforce les légitimités professionnelles soit plutôt du côté du terrain, soit plutôt du côté de la « compétence », en lien avec l&rsquo;histoire de chaque profession.</p>
<p>Cette recherche tente de comprendre à partir de quels modèles de formation se construisent les légitimités professionnelles de ces deux métiers, et quels sont les enjeux propres à chacun d&rsquo;eux.</p>
<p>PERRIER M.</p>
<p>Editions L&rsquo;Harmattan</p>
<p>2006-268p.24€</p>
<p>380gr</p>
<p>ISBN: 2-296-00211-0</p>
<p>Cote doc: 4-60-PER-C</p>
<span class="et_bloom_bottom_trigger"></span>

<p>La construction actuelle des rapports socio-économiques entraîne une remise en cause des légitimités professionnelles en travail social.</p>
