{"id":1992,"date":"2021-10-05T09:51:31","date_gmt":"2021-10-05T07:51:31","guid":{"rendered":"https:\/\/www.parthages.be\/eboutique\/?post_type=product&#038;p=1992"},"modified":"2021-10-05T09:51:31","modified_gmt":"2021-10-05T07:51:31","slug":"travailleurs-handicapes-en-milieu-ordinaire-des-outils-pour-mieux-les-accompagner","status":"publish","type":"product","link":"https:\/\/www.parthages.be\/eboutique\/produit\/travailleurs-handicapes-en-milieu-ordinaire-des-outils-pour-mieux-les-accompagner\/","title":{"rendered":"Travailleurs handicap\u00e9s en milieu ordinaire &#8211; des outils pour mieux les accompagner"},"content":{"rendered":"<p>Les mesures l\u00e9gislatives et r\u00e9glementaires tendent \u00e0 favoriser l&rsquo;int\u00e9gration des personnes handicap\u00e9es en milieu ordinaire. Mais suffisent-elles ? Il semblerait qu&rsquo;en arri\u00e8re-plan d&rsquo;une volont\u00e9 affich\u00e9e d&rsquo;insertion, se dissimulent des r\u00e9ticences \u00e0 causalit\u00e9s multiples. Pour combattre les id\u00e9ologies, les id\u00e9es re\u00e7ues et l&rsquo;ignorance qui freinent les employeurs dans leur dynamique d&#8217;emploi des travailleurs handicap\u00e9s, cet ouvrage apporte des \u00e9l\u00e9ments de compr\u00e9hension et d&rsquo;information sur les situations de handicap, selon une chronologie qui respecte les cycles de vie, de l&rsquo;enfance \u00e0 l&rsquo;\u00e2ge adulte.<\/p>\n<p>Dans un objectif d&rsquo;int\u00e9gration sociale et professionnelle, les auteurs proposent une d\u00e9marche d&rsquo;accompagnement des travailleurs handicap\u00e9s en milieu ordinaire : quelles informations \u00e0 caract\u00e8re juridique peuvent \u00eatre utile \u00e0 leur insertion ? Comment recruter et former la personne charg\u00e9e de les encadrer ? Quels am\u00e9nagements sont n\u00e9cessaires ? Quelles m\u00e9thodes de travail privil\u00e9gier ? Quel soutien le responsable du service d&rsquo;accueil peut-il obtenir ? Aupr\u00e8s de qui ?<\/p>\n<p>S&rsquo;appuyant sur la riche exp\u00e9rience de terrain des auteurs, cet ouvrage constitue ainsi un v\u00e9ritable guide pour favoriser la d\u00e9marche d&rsquo;accompagnement des travailleurs handicap\u00e9s en milieu ordinaire : informations actualis\u00e9es sur le handicap et l&rsquo;insertion professionnelle, techniques utiles \u00e0 l&rsquo;encadrement, r\u00e9flexions sur l&rsquo;\u00e9volution des situations en fonction du vieillissement, analyses destin\u00e9es \u00e0 pr\u00e9venir les violences et autres maltraitances \u00ab banales \u00bb sur les lieux de travail&#8230;<\/p>\n<p>(Pr\u00e9sentation de l\u2019\u00e9diteur)<\/p>\n<p>PERNET C.- SAVARD D.<\/p>\n<p>Editions Er\u00e8s<\/p>\n<p>2009-280p.-19\u20ac<\/p>\n<p>200gr<\/p>\n<p>ISBN\u00a0: 978 -2-7492-1102-2<\/p>\n<p>Cote doc\u00a0: 4-60-PER-T<\/p>\n<span class=\"et_bloom_bottom_trigger\"><\/span>","protected":false},"excerpt":{"rendered":"<p>Les mesures l\u00e9gislatives et r\u00e9glementaires tendent \u00e0 favoriser l&rsquo;int\u00e9gration des personnes handicap\u00e9es en milieu ordinaire. Mais suffisent-elles ?<\/p>\n","protected":false},"featured_media":1993,"comment_status":"closed","ping_status":"closed","template":"","meta":{"_et_pb_use_builder":"","_et_pb_old_content":"","_et_gb_content_width":"","spay_email":""},"class_list":["post-1992","product","type-product","status-publish","has-post-thumbnail","hentry","product_cat-livres","product_tag-accompagnement-social","product_tag-aide-a-lemploi","product_tag-integration-sociale","product_tag-milieu-de-travail","product_tag-personne-handicapee","product_tag-reglementation","product_tag-representation-sociale","product_tag-temoignage"],"jetpack_sharing_enabled":true,"jetpack_likes_enabled":true,"_links":{"self":[{"href":"https:\/\/www.parthages.be\/eboutique\/wp-json\/wp\/v2\/product\/1992","targetHints":{"allow":["GET"]}}],"collection":[{"href":"https:\/\/www.parthages.be\/eboutique\/wp-json\/wp\/v2\/product"}],"about":[{"href":"https:\/\/www.parthages.be\/eboutique\/wp-json\/wp\/v2\/types\/product"}],"replies":[{"embeddable":true,"href":"https:\/\/www.parthages.be\/eboutique\/wp-json\/wp\/v2\/comments?post=1992"}],"wp:featuredmedia":[{"embeddable":true,"href":"https:\/\/www.parthages.be\/eboutique\/wp-json\/wp\/v2\/media\/1993"}],"wp:attachment":[{"href":"https:\/\/www.parthages.be\/eboutique\/wp-json\/wp\/v2\/media?parent=1992"}],"curies":[{"name":"wp","href":"https:\/\/api.w.org\/{rel}","templated":true}]}}

Travailleurs handicapés en milieu ordinaire &#8211; des outils pour mieux les accompagner

<p>Les mesures législatives et réglementaires tendent à favoriser l&rsquo;intégration des personnes handicapées en milieu ordinaire. Mais suffisent-elles ? Il semblerait qu&rsquo;en arrière-plan d&rsquo;une volonté affichée d&rsquo;insertion, se dissimulent des réticences à causalités multiples. Pour combattre les idéologies, les idées reçues et l&rsquo;ignorance qui freinent les employeurs dans leur dynamique d&#8217;emploi des travailleurs handicapés, cet ouvrage apporte des éléments de compréhension et d&rsquo;information sur les situations de handicap, selon une chronologie qui respecte les cycles de vie, de l&rsquo;enfance à l&rsquo;âge adulte.</p>
<p>Dans un objectif d&rsquo;intégration sociale et professionnelle, les auteurs proposent une démarche d&rsquo;accompagnement des travailleurs handicapés en milieu ordinaire : quelles informations à caractère juridique peuvent être utile à leur insertion ? Comment recruter et former la personne chargée de les encadrer ? Quels aménagements sont nécessaires ? Quelles méthodes de travail privilégier ? Quel soutien le responsable du service d&rsquo;accueil peut-il obtenir ? Auprès de qui ?</p>
<p>S&rsquo;appuyant sur la riche expérience de terrain des auteurs, cet ouvrage constitue ainsi un véritable guide pour favoriser la démarche d&rsquo;accompagnement des travailleurs handicapés en milieu ordinaire : informations actualisées sur le handicap et l&rsquo;insertion professionnelle, techniques utiles à l&rsquo;encadrement, réflexions sur l&rsquo;évolution des situations en fonction du vieillissement, analyses destinées à prévenir les violences et autres maltraitances « banales » sur les lieux de travail&#8230;</p>
<p>(Présentation de l’éditeur)</p>
<p>PERNET C.- SAVARD D.</p>
<p>Editions Erès</p>
<p>2009-280p.-19€</p>
<p>200gr</p>
<p>ISBN : 978 -2-7492-1102-2</p>
<p>Cote doc : 4-60-PER-T</p>
<span class="et_bloom_bottom_trigger"></span>

<p>Les mesures législatives et réglementaires tendent à favoriser l&rsquo;intégration des personnes handicapées en milieu ordinaire. Mais suffisent-elles ?</p>
