{"id":1996,"date":"2021-10-05T09:54:27","date_gmt":"2021-10-05T07:54:27","guid":{"rendered":"https:\/\/www.parthages.be\/eboutique\/?post_type=product&#038;p=1996"},"modified":"2021-10-05T09:54:28","modified_gmt":"2021-10-05T07:54:28","slug":"elements-pour-une-reflexion-a-propos-de-lemploi-des-personnes-handicapees-dans-la-cee-tome-2","status":"publish","type":"product","link":"https:\/\/www.parthages.be\/eboutique\/produit\/elements-pour-une-reflexion-a-propos-de-lemploi-des-personnes-handicapees-dans-la-cee-tome-2\/","title":{"rendered":"El\u00e9ments pour une r\u00e9flexion \u00e0 propos de l&#8217;emploi des personnes handicap\u00e9es dans la CEE  Tome 2"},"content":{"rendered":"<p><strong><em>Etude<\/em><\/strong><\/p>\n<p>Ce tome est consacr\u00e9 aux annexes, il comprend : la description des diff\u00e9rents pays constitu\u00e9e d&rsquo;une description g\u00e9n\u00e9rale, d\u00e9finition du handicap, droit des personnes handicap\u00e9es et politique globale en faveur de l&#8217;emploi dans le milieu ordinaire (syst\u00e8me de quota, aide en mati\u00e8re d&#8217;emploi), forme d&#8217;emploi prot\u00e9g\u00e9 description des institutions, et un r\u00e9capitulatif des donn\u00e9es statistiques r\u00e9colt\u00e9es.<\/p>\n<p>LHEUREUX J.M.<\/p>\n<p>1991-300p<\/p>\n<p>Cote doc\u00a0:\u00a04-60-LHE-E2<\/p>\n<p><strong><em>Uniquement \u00e0 la location<\/em><\/strong><\/p>\n<span class=\"et_bloom_bottom_trigger\"><\/span>","protected":false},"excerpt":{"rendered":"<p>Ce tome est consacr\u00e9 aux annexes, il comprend : la description des diff\u00e9rents pays constitu\u00e9e d&rsquo;une description g\u00e9n\u00e9rale, d\u00e9finition du handicap, droit des personnes handicap\u00e9es et politique globale en faveur de l&#8217;emploi dans le milieu ordinaire (syst\u00e8me de quota, aide en mati\u00e8re d&#8217;emploi), forme d&#8217;emploi prot\u00e9g\u00e9 description des institutions, et un r\u00e9capitulatif des donn\u00e9es statistiques r\u00e9colt\u00e9es.<\/p>\n","protected":false},"featured_media":1997,"comment_status":"closed","ping_status":"closed","template":"","meta":{"_et_pb_use_builder":"","_et_pb_old_content":"","_et_gb_content_width":"","spay_email":""},"class_list":["post-1996","product","type-product","status-publish","has-post-thumbnail","hentry","product_cat-livres","product_tag-aide","product_tag-definition","product_tag-droit","product_tag-emploi","product_tag-emploi-protege","product_tag-estimation","product_tag-handicap","product_tag-integration-professionnelle","product_tag-integration-sociale","product_tag-organisme","product_tag-personne-handicapee","product_tag-statistique","product_tag-travail","product_tag-union-europeenne"],"jetpack_sharing_enabled":true,"jetpack_likes_enabled":true,"_links":{"self":[{"href":"https:\/\/www.parthages.be\/eboutique\/wp-json\/wp\/v2\/product\/1996","targetHints":{"allow":["GET"]}}],"collection":[{"href":"https:\/\/www.parthages.be\/eboutique\/wp-json\/wp\/v2\/product"}],"about":[{"href":"https:\/\/www.parthages.be\/eboutique\/wp-json\/wp\/v2\/types\/product"}],"replies":[{"embeddable":true,"href":"https:\/\/www.parthages.be\/eboutique\/wp-json\/wp\/v2\/comments?post=1996"}],"wp:featuredmedia":[{"embeddable":true,"href":"https:\/\/www.parthages.be\/eboutique\/wp-json\/wp\/v2\/media\/1997"}],"wp:attachment":[{"href":"https:\/\/www.parthages.be\/eboutique\/wp-json\/wp\/v2\/media?parent=1996"}],"curies":[{"name":"wp","href":"https:\/\/api.w.org\/{rel}","templated":true}]}}

Eléments pour une réflexion à propos de l&#8217;emploi des personnes handicapées dans la CEE  Tome 2

<p><strong><em>Etude</em></strong></p>
<p>Ce tome est consacré aux annexes, il comprend : la description des différents pays constituée d&rsquo;une description générale, définition du handicap, droit des personnes handicapées et politique globale en faveur de l&#8217;emploi dans le milieu ordinaire (système de quota, aide en matière d&#8217;emploi), forme d&#8217;emploi protégé description des institutions, et un récapitulatif des données statistiques récoltées.</p>
<p>LHEUREUX J.M.</p>
<p>1991-300p</p>
<p>Cote doc : 4-60-LHE-E2</p>
<p><strong><em>Uniquement à la location</em></strong></p>
<span class="et_bloom_bottom_trigger"></span>

<p>Ce tome est consacré aux annexes, il comprend : la description des différents pays constituée d&rsquo;une description générale, définition du handicap, droit des personnes handicapées et politique globale en faveur de l&#8217;emploi dans le milieu ordinaire (système de quota, aide en matière d&#8217;emploi), forme d&#8217;emploi protégé description des institutions, et un récapitulatif des données statistiques récoltées.</p>
