{"id":1998,"date":"2021-10-05T09:56:27","date_gmt":"2021-10-05T07:56:27","guid":{"rendered":"https:\/\/www.parthages.be\/eboutique\/?post_type=product&#038;p=1998"},"modified":"2021-10-05T09:56:28","modified_gmt":"2021-10-05T07:56:28","slug":"readaptation-professionnelle-des-handicapees-mentales","status":"publish","type":"product","link":"https:\/\/www.parthages.be\/eboutique\/produit\/readaptation-professionnelle-des-handicapees-mentales\/","title":{"rendered":"R\u00e9adaptation professionnelle des handicap\u00e9es mentales"},"content":{"rendered":"<p><strong>Vocational rehabilitation of the mentally retarded<\/strong><\/p>\n<p><strong><em>Ouvrage en Anglais<\/em><\/strong><\/p>\n<p>Exemples de programmes de r\u00e9adaptation professionnelle dans les pays suivants : ALLEMAGNE, GRANDE-BRETAGNE, SUEDE, DANEMARK, PAYS-BAS<\/p>\n<p>INTERNATIONAL LABOUR OFFICE<\/p>\n<p>1978-200p.<\/p>\n<p>ISBN\u00a0: 92-2-102018-5<\/p>\n<p>Cote doc\u00a0:\u00a04-60-ILO-V2<\/p>\n<p><strong><em>Uniquement \u00e0 la location<\/em><\/strong><\/p>\n<span class=\"et_bloom_bottom_trigger\"><\/span>","protected":false},"excerpt":{"rendered":"<p>Exemples de programmes de r\u00e9adaptation professionnelle dans les pays cit\u00e9s en mots cl\u00e9s.<\/p>\n","protected":false},"featured_media":1999,"comment_status":"closed","ping_status":"closed","template":"","meta":{"_et_pb_use_builder":"","_et_pb_old_content":"","_et_gb_content_width":"","spay_email":""},"class_list":["post-1998","product","type-product","status-publish","has-post-thumbnail","hentry","product_cat-livres","product_tag-allemagne","product_tag-danemark","product_tag-deficience-intellectuelle","product_tag-definition","product_tag-grande-bretagne","product_tag-orientation-professionnelle","product_tag-pays-bas","product_tag-personne-handicapee","product_tag-readaptation","product_tag-suede"],"jetpack_sharing_enabled":true,"jetpack_likes_enabled":true,"_links":{"self":[{"href":"https:\/\/www.parthages.be\/eboutique\/wp-json\/wp\/v2\/product\/1998","targetHints":{"allow":["GET"]}}],"collection":[{"href":"https:\/\/www.parthages.be\/eboutique\/wp-json\/wp\/v2\/product"}],"about":[{"href":"https:\/\/www.parthages.be\/eboutique\/wp-json\/wp\/v2\/types\/product"}],"replies":[{"embeddable":true,"href":"https:\/\/www.parthages.be\/eboutique\/wp-json\/wp\/v2\/comments?post=1998"}],"wp:featuredmedia":[{"embeddable":true,"href":"https:\/\/www.parthages.be\/eboutique\/wp-json\/wp\/v2\/media\/1999"}],"wp:attachment":[{"href":"https:\/\/www.parthages.be\/eboutique\/wp-json\/wp\/v2\/media?parent=1998"}],"curies":[{"name":"wp","href":"https:\/\/api.w.org\/{rel}","templated":true}]}}

Réadaptation professionnelle des handicapées mentales

<p><strong>Vocational rehabilitation of the mentally retarded</strong></p>
<p><strong><em>Ouvrage en Anglais</em></strong></p>
<p>Exemples de programmes de réadaptation professionnelle dans les pays suivants : ALLEMAGNE, GRANDE-BRETAGNE, SUEDE, DANEMARK, PAYS-BAS</p>
<p>INTERNATIONAL LABOUR OFFICE</p>
<p>1978-200p.</p>
<p>ISBN : 92-2-102018-5</p>
<p>Cote doc : 4-60-ILO-V2</p>
<p><strong><em>Uniquement à la location</em></strong></p>
<span class="et_bloom_bottom_trigger"></span>

<p>Exemples de programmes de réadaptation professionnelle dans les pays cités en mots clés.</p>
