{"id":2002,"date":"2021-10-05T10:00:27","date_gmt":"2021-10-05T08:00:27","guid":{"rendered":"https:\/\/www.parthages.be\/eboutique\/?post_type=product&#038;p=2002"},"modified":"2021-10-05T10:00:28","modified_gmt":"2021-10-05T08:00:28","slug":"qualite-de-vie-au-travail-instrument-devaluation-relatif-aux-personnes-presentant-une-deficience-intellectuelle","status":"publish","type":"product","link":"https:\/\/www.parthages.be\/eboutique\/produit\/qualite-de-vie-au-travail-instrument-devaluation-relatif-aux-personnes-presentant-une-deficience-intellectuelle\/","title":{"rendered":"Qualit\u00e9 de vie au travail: instrument d&rsquo;\u00e9valuation relatif aux personnes pr\u00e9sentant une d\u00e9ficience intellectuelle"},"content":{"rendered":"<p>S&rsquo;enqu\u00e9rir de la qualit\u00e9 de vie des personnes travaillant sous la responsabilit\u00e9 et ajuster ses interventions en fonction de cet \u00e9tat de chose repr\u00e9sente une t\u00e2che essentielle du ma\u00eetre socio-professionnel. Or le manque de feed-back pr\u00e9cis et fiable de la part de ses collaborateurs pr\u00e9sentant une d\u00e9ficience intellectuelle lui permet difficilement de saisir leur qualit\u00e9 de vie au travail. L&rsquo;instrument d&rsquo;\u00e9valuation pr\u00e9sent\u00e9 dans cet ouvrage est un outil d&rsquo;observation de type objectif s&rsquo;inspirant de la philosophie de \u00ab\u00a0l&rsquo;IQ\u00a0\u00bb (mod\u00e8le d&rsquo;instrument relatif \u00e0 la qualit\u00e9 de vie globale de la personne vivant en milieu sp\u00e9cialis\u00e9).<\/p>\n<p>FOURNIER D.<\/p>\n<p>Edition SZH\/SPC<\/p>\n<p>2000-63p.<\/p>\n<p>ISBN\u00a0: 3-908263-23-9<\/p>\n<p>Cote doc\u00a0: 4-60-FOU-Q<\/p>\n<p><strong><em>Uniquement \u00e0 la location<\/em><\/strong><\/p>\n<span class=\"et_bloom_bottom_trigger\"><\/span>","protected":false},"excerpt":{"rendered":"<p>S&rsquo;enqu\u00e9rir de la qualit\u00e9 de vie des personnes travaillant sous la responsabilit\u00e9 et ajuster ses interventions en fonction de cet \u00e9tat de chose repr\u00e9sente une t\u00e2che essentielle du ma\u00eetre socio-professionnel.<\/p>\n","protected":false},"featured_media":2003,"comment_status":"closed","ping_status":"closed","template":"","meta":{"_et_pb_use_builder":"","_et_pb_old_content":"","_et_gb_content_width":"","spay_email":""},"class_list":["post-2002","product","type-product","status-publish","has-post-thumbnail","hentry","product_cat-livres","product_tag-deficience-intellectuelle","product_tag-evaluation","product_tag-milieu-institutionnel","product_tag-outil-devaluation","product_tag-personne-handicapee","product_tag-qualite","product_tag-qualite-de-service","product_tag-qualite-de-vie","product_tag-service","product_tag-suisse"],"jetpack_sharing_enabled":true,"jetpack_likes_enabled":true,"_links":{"self":[{"href":"https:\/\/www.parthages.be\/eboutique\/wp-json\/wp\/v2\/product\/2002","targetHints":{"allow":["GET"]}}],"collection":[{"href":"https:\/\/www.parthages.be\/eboutique\/wp-json\/wp\/v2\/product"}],"about":[{"href":"https:\/\/www.parthages.be\/eboutique\/wp-json\/wp\/v2\/types\/product"}],"replies":[{"embeddable":true,"href":"https:\/\/www.parthages.be\/eboutique\/wp-json\/wp\/v2\/comments?post=2002"}],"wp:featuredmedia":[{"embeddable":true,"href":"https:\/\/www.parthages.be\/eboutique\/wp-json\/wp\/v2\/media\/2003"}],"wp:attachment":[{"href":"https:\/\/www.parthages.be\/eboutique\/wp-json\/wp\/v2\/media?parent=2002"}],"curies":[{"name":"wp","href":"https:\/\/api.w.org\/{rel}","templated":true}]}}

Qualité de vie au travail: instrument d&rsquo;évaluation relatif aux personnes présentant une déficience intellectuelle

<p>S&rsquo;enquérir de la qualité de vie des personnes travaillant sous la responsabilité et ajuster ses interventions en fonction de cet état de chose représente une tâche essentielle du maître socio-professionnel. Or le manque de feed-back précis et fiable de la part de ses collaborateurs présentant une déficience intellectuelle lui permet difficilement de saisir leur qualité de vie au travail. L&rsquo;instrument d&rsquo;évaluation présenté dans cet ouvrage est un outil d&rsquo;observation de type objectif s&rsquo;inspirant de la philosophie de « l&rsquo;IQ » (modèle d&rsquo;instrument relatif à la qualité de vie globale de la personne vivant en milieu spécialisé).</p>
<p>FOURNIER D.</p>
<p>Edition SZH/SPC</p>
<p>2000-63p.</p>
<p>ISBN : 3-908263-23-9</p>
<p>Cote doc : 4-60-FOU-Q</p>
<p><strong><em>Uniquement à la location</em></strong></p>
<span class="et_bloom_bottom_trigger"></span>

<p>S&rsquo;enquérir de la qualité de vie des personnes travaillant sous la responsabilité et ajuster ses interventions en fonction de cet état de chose représente une tâche essentielle du maître socio-professionnel.</p>
