{"id":2006,"date":"2021-10-05T10:05:36","date_gmt":"2021-10-05T08:05:36","guid":{"rendered":"https:\/\/www.parthages.be\/eboutique\/?post_type=product&#038;p=2006"},"modified":"2021-10-05T10:05:36","modified_gmt":"2021-10-05T08:05:36","slug":"notre-communaute-face-au-defi-europeen-de-1993-emploi-libre-circulation-des-personnes-handicapees-et-face-a-lhorizon-2000","status":"publish","type":"product","link":"https:\/\/www.parthages.be\/eboutique\/produit\/notre-communaute-face-au-defi-europeen-de-1993-emploi-libre-circulation-des-personnes-handicapees-et-face-a-lhorizon-2000\/","title":{"rendered":"Notre communaut\u00e9 face au d\u00e9fi europ\u00e9en de 1993 :  Emploi &#8211; libre circulation des personnes handicap\u00e9es et face \u00e0 l&rsquo;horizon 2000"},"content":{"rendered":"<p><strong><em>Actes<\/em><\/strong><\/p>\n<p>On y trouve les textes de toutes les interventions ( plus de 30!) faites par ,entre autres,A.Storm,R.Deliz\u00e9e,A.M.Lizin,A.Maron,P.Busquin,R.Vienne,N.Heintz,H.Stroebel&#8230;Les grands th\u00e8mes abord\u00e9s sont : l&#8217;emploi des personnes handicap\u00e9es, l\u2019enseignement sp\u00e9cial, les programmes de mise au travail des handicap\u00e9s, la situation au Grand-Duch\u00e9 de Luxembourg, au Portugal, \u00e0 Montpellier. On y parle de la CEE et de son programme d&rsquo;aide pour la recherche d&#8217;emploi (Job Equal Opportunities for Handicapped pesons) et de Rehabilitation International.GOODE D.<\/p>\n<p>STORM A.-DUBOIS M.<\/p>\n<p>1991-217p<\/p>\n<p>Cote doc: 4-60-ECP-N<\/p>\n<p><strong><em>Uniquement \u00e0 la location<\/em><\/strong><\/p>\n<span class=\"et_bloom_bottom_trigger\"><\/span>","protected":false},"excerpt":{"rendered":"<p>L&#8217;emploi des personnes handicap\u00e9es, l\u2019enseignement sp\u00e9cial, les programmes de mise au travail des handicap\u00e9s<\/p>\n","protected":false},"featured_media":2008,"comment_status":"closed","ping_status":"closed","template":"","meta":{"_et_pb_use_builder":"","_et_pb_old_content":"","_et_gb_content_width":"","spay_email":""},"class_list":["post-2006","product","type-product","status-publish","has-post-thumbnail","hentry","product_cat-livres","product_tag-cee","product_tag-congres","product_tag-emploi","product_tag-enseignement-specialise","product_tag-europe","product_tag-formation-professionnelle","product_tag-handicap","product_tag-handynet","product_tag-helios","product_tag-insertion","product_tag-luxembourg","product_tag-personne-handicapee","product_tag-portugal","product_tag-prevention","product_tag-province-du-hainaut","product_tag-reinsertion","product_tag-statistique"],"jetpack_sharing_enabled":true,"jetpack_likes_enabled":true,"_links":{"self":[{"href":"https:\/\/www.parthages.be\/eboutique\/wp-json\/wp\/v2\/product\/2006","targetHints":{"allow":["GET"]}}],"collection":[{"href":"https:\/\/www.parthages.be\/eboutique\/wp-json\/wp\/v2\/product"}],"about":[{"href":"https:\/\/www.parthages.be\/eboutique\/wp-json\/wp\/v2\/types\/product"}],"replies":[{"embeddable":true,"href":"https:\/\/www.parthages.be\/eboutique\/wp-json\/wp\/v2\/comments?post=2006"}],"wp:featuredmedia":[{"embeddable":true,"href":"https:\/\/www.parthages.be\/eboutique\/wp-json\/wp\/v2\/media\/2008"}],"wp:attachment":[{"href":"https:\/\/www.parthages.be\/eboutique\/wp-json\/wp\/v2\/media?parent=2006"}],"curies":[{"name":"wp","href":"https:\/\/api.w.org\/{rel}","templated":true}]}}

Notre communauté face au défi européen de 1993 :  Emploi &#8211; libre circulation des personnes handicapées et face à l&rsquo;horizon 2000

<p><strong><em>Actes</em></strong></p>
<p>On y trouve les textes de toutes les interventions ( plus de 30!) faites par ,entre autres,A.Storm,R.Delizée,A.M.Lizin,A.Maron,P.Busquin,R.Vienne,N.Heintz,H.Stroebel&#8230;Les grands thèmes abordés sont : l&#8217;emploi des personnes handicapées, l’enseignement spécial, les programmes de mise au travail des handicapés, la situation au Grand-Duché de Luxembourg, au Portugal, à Montpellier. On y parle de la CEE et de son programme d&rsquo;aide pour la recherche d&#8217;emploi (Job Equal Opportunities for Handicapped pesons) et de Rehabilitation International.GOODE D.</p>
<p>STORM A.-DUBOIS M.</p>
<p>1991-217p</p>
<p>Cote doc: 4-60-ECP-N</p>
<p><strong><em>Uniquement à la location</em></strong></p>
<span class="et_bloom_bottom_trigger"></span>

<p>L&#8217;emploi des personnes handicapées, l’enseignement spécial, les programmes de mise au travail des handicapés</p>
