{"id":2021,"date":"2021-10-05T10:17:10","date_gmt":"2021-10-05T08:17:10","guid":{"rendered":"https:\/\/www.parthages.be\/eboutique\/?post_type=product&#038;p=2021"},"modified":"2021-10-05T10:17:10","modified_gmt":"2021-10-05T08:17:10","slug":"integration-au-travail-la-premiere-conference-de-la-communaute-europeenne-sur-le-handicap-et-leducation","status":"publish","type":"product","link":"https:\/\/www.parthages.be\/eboutique\/produit\/integration-au-travail-la-premiere-conference-de-la-communaute-europeenne-sur-le-handicap-et-leducation\/","title":{"rendered":"Int\u00e9gration au travail : la premi\u00e8re conf\u00e9rence de la communaut\u00e9 europ\u00e9enne sur le handicap et l&rsquo;\u00e9ducation"},"content":{"rendered":"<p><strong>Integration at work: the first european community conference on handicap and education<\/strong><\/p>\n<p><strong><em>Actes<\/em><\/strong><\/p>\n<p><strong><em>Ouvrage en anglais<\/em><\/strong><\/p>\n<p>La commission des communaut\u00e9s Europ\u00e9ennes a \u00e9t\u00e9 assign\u00e9e par le conseil Europ\u00e9en pour promouvoir l&rsquo;int\u00e9gration dans le cadre du programme H\u00e9lios. Les Moins valides vivaient dans la communaut\u00e9 europ\u00e9enne ind\u00e9pendamment dans une soci\u00e9t\u00e9 ouverte. La \u00ab\u00a0Cit\u00e9 de l&rsquo;\u00e9ducation\u00a0\u00bb fut proclam\u00e9e \u00e0 Rotterdam en 1989. La conf\u00e9rence avait 3 th\u00e8mes: Les syst\u00e8mes sp\u00e9ciaux et situations int\u00e9gr\u00e9es, les diff\u00e9rentes manipulations dans les classes, et la transition dans le march\u00e9 du travail. Entre autre de ces trois th\u00e8mes il y avait aussi le programme H\u00e9lios dans lequel les \u00e9tats membres de la CE les derniers d\u00e9veloppement dans l&rsquo;int\u00e9gration des moins valides. De plus il y avait la chance de faire connaissance avec Handynet, une base de donn\u00e9es europ\u00e9enne d&rsquo;un logiciel pour l&rsquo;\u00e9ducation.<\/p>\n<p>1\u00e8re conf\u00e9rence de la communaut\u00e9 europ\u00e9enne sur le handicap et l&rsquo;\u00e9ducation, Rotterdam, 25-26-27octobre1989<\/p>\n<p>1989-248p<\/p>\n<p>Cote doc: 4-60-CEC-I<\/p>\n<p><strong><em>Uniquement \u00e0 la location<\/em><\/strong><\/p>\n<span class=\"et_bloom_bottom_trigger\"><\/span>","protected":false},"excerpt":{"rendered":"<p>La commission des communaut\u00e9s Europ\u00e9ennes a \u00e9t\u00e9 assign\u00e9e par le conseil Europ\u00e9en pour promouvoir l&rsquo;int\u00e9gration dans le cadre du programme H\u00e9lios. Les Moins valides vivaient dans la communaut\u00e9 europ\u00e9enne ind\u00e9pendamment dans une soci\u00e9t\u00e9 ouverte.<\/p>\n","protected":false},"featured_media":2022,"comment_status":"closed","ping_status":"closed","template":"","meta":{"_et_pb_use_builder":"","_et_pb_old_content":"","_et_gb_content_width":"","spay_email":""},"class_list":["post-2021","product","type-product","status-publish","has-post-thumbnail","hentry","product_cat-livres","product_tag-congres","product_tag-ecole","product_tag-education","product_tag-emploi","product_tag-enseignement-specialise","product_tag-integration-professionnelle","product_tag-integration-sociale","product_tag-personne-handicapee","product_tag-travail","product_tag-union-europeenne"],"jetpack_sharing_enabled":true,"jetpack_likes_enabled":true,"_links":{"self":[{"href":"https:\/\/www.parthages.be\/eboutique\/wp-json\/wp\/v2\/product\/2021","targetHints":{"allow":["GET"]}}],"collection":[{"href":"https:\/\/www.parthages.be\/eboutique\/wp-json\/wp\/v2\/product"}],"about":[{"href":"https:\/\/www.parthages.be\/eboutique\/wp-json\/wp\/v2\/types\/product"}],"replies":[{"embeddable":true,"href":"https:\/\/www.parthages.be\/eboutique\/wp-json\/wp\/v2\/comments?post=2021"}],"wp:featuredmedia":[{"embeddable":true,"href":"https:\/\/www.parthages.be\/eboutique\/wp-json\/wp\/v2\/media\/2022"}],"wp:attachment":[{"href":"https:\/\/www.parthages.be\/eboutique\/wp-json\/wp\/v2\/media?parent=2021"}],"curies":[{"name":"wp","href":"https:\/\/api.w.org\/{rel}","templated":true}]}}

Intégration au travail : la première conférence de la communauté européenne sur le handicap et l&rsquo;éducation

<p><strong>Integration at work: the first european community conference on handicap and education</strong></p>
<p><strong><em>Actes</em></strong></p>
<p><strong><em>Ouvrage en anglais</em></strong></p>
<p>La commission des communautés Européennes a été assignée par le conseil Européen pour promouvoir l&rsquo;intégration dans le cadre du programme Hélios. Les Moins valides vivaient dans la communauté européenne indépendamment dans une société ouverte. La « Cité de l&rsquo;éducation » fut proclamée à Rotterdam en 1989. La conférence avait 3 thèmes: Les systèmes spéciaux et situations intégrées, les différentes manipulations dans les classes, et la transition dans le marché du travail. Entre autre de ces trois thèmes il y avait aussi le programme Hélios dans lequel les états membres de la CE les derniers développement dans l&rsquo;intégration des moins valides. De plus il y avait la chance de faire connaissance avec Handynet, une base de données européenne d&rsquo;un logiciel pour l&rsquo;éducation.</p>
<p>1ère conférence de la communauté européenne sur le handicap et l&rsquo;éducation, Rotterdam, 25-26-27octobre1989</p>
<p>1989-248p</p>
<p>Cote doc: 4-60-CEC-I</p>
<p><strong><em>Uniquement à la location</em></strong></p>
<span class="et_bloom_bottom_trigger"></span>

<p>La commission des communautés Européennes a été assignée par le conseil Européen pour promouvoir l&rsquo;intégration dans le cadre du programme Hélios. Les Moins valides vivaient dans la communauté européenne indépendamment dans une société ouverte.</p>
