{"id":2023,"date":"2021-10-05T10:18:31","date_gmt":"2021-10-05T08:18:31","guid":{"rendered":"https:\/\/www.parthages.be\/eboutique\/?post_type=product&#038;p=2023"},"modified":"2021-10-05T10:18:31","modified_gmt":"2021-10-05T08:18:31","slug":"limportance-des-cooperatives-integrees-pour-lactivite-professionnelle-des-personnes-handicapees-mentales","status":"publish","type":"product","link":"https:\/\/www.parthages.be\/eboutique\/produit\/limportance-des-cooperatives-integrees-pour-lactivite-professionnelle-des-personnes-handicapees-mentales\/","title":{"rendered":"L&rsquo;importance des coop\u00e9ratives int\u00e9gr\u00e9es pour l&rsquo;activit\u00e9 professionnelle des personnes handicap\u00e9es mentales"},"content":{"rendered":"<p><strong>Il significato delle cooperative integrate per l&rsquo;occupazione delle persone disablli mentali<\/strong><\/p>\n<p><strong><em>Actes en Italien<\/em><\/strong><\/p>\n<p>Actes du s\u00e9minaire Helios \u00e0 Rome sur l&rsquo;importance des coop\u00e9ratives int\u00e9gr\u00e9es pour l&rsquo;activit\u00e9 professionnelle des personnes handicap\u00e9es mentales.<\/p>\n<p>BATTAGLIA A.- GUTIERREZ M.- SCHENA S.- AMATI M.- MAROTTA M.- CECCHETTI V.<\/p>\n<p>Actes du s\u00e9minaire Helios, Rome, 20-22 septembre 1990<\/p>\n<p>1992-102p.<\/p>\n<p>Cote doc: 4-60-CDC-S<\/p>\n<p><strong><em>Uniquement \u00e0 la location<\/em><\/strong><\/p>\n<span class=\"et_bloom_bottom_trigger\"><\/span>","protected":false},"excerpt":{"rendered":"<p>Actes du s\u00e9minaire Helios \u00e0 Rome sur l&rsquo;importance des coop\u00e9ratives int\u00e9gr\u00e9es pour l&rsquo;activit\u00e9 professionnelle des personnes handicap\u00e9es mentales.<\/p>\n","protected":false},"featured_media":2024,"comment_status":"closed","ping_status":"closed","template":"","meta":{"_et_pb_use_builder":"","_et_pb_old_content":"","_et_gb_content_width":"","spay_email":""},"class_list":["post-2023","product","type-product","status-publish","has-post-thumbnail","hentry","product_cat-livres","product_tag-cee","product_tag-congres","product_tag-deficience-intellectuelle","product_tag-economie-sociale","product_tag-entreprise","product_tag-espagne","product_tag-experience","product_tag-formation-professionnelle","product_tag-insertion-professionnelle","product_tag-irlande","product_tag-italie","product_tag-personne-handicapee","product_tag-solidarite"],"jetpack_sharing_enabled":true,"jetpack_likes_enabled":true,"_links":{"self":[{"href":"https:\/\/www.parthages.be\/eboutique\/wp-json\/wp\/v2\/product\/2023","targetHints":{"allow":["GET"]}}],"collection":[{"href":"https:\/\/www.parthages.be\/eboutique\/wp-json\/wp\/v2\/product"}],"about":[{"href":"https:\/\/www.parthages.be\/eboutique\/wp-json\/wp\/v2\/types\/product"}],"replies":[{"embeddable":true,"href":"https:\/\/www.parthages.be\/eboutique\/wp-json\/wp\/v2\/comments?post=2023"}],"wp:featuredmedia":[{"embeddable":true,"href":"https:\/\/www.parthages.be\/eboutique\/wp-json\/wp\/v2\/media\/2024"}],"wp:attachment":[{"href":"https:\/\/www.parthages.be\/eboutique\/wp-json\/wp\/v2\/media?parent=2023"}],"curies":[{"name":"wp","href":"https:\/\/api.w.org\/{rel}","templated":true}]}}

L&rsquo;importance des coopératives intégrées pour l&rsquo;activité professionnelle des personnes handicapées mentales

<p><strong>Il significato delle cooperative integrate per l&rsquo;occupazione delle persone disablli mentali</strong></p>
<p><strong><em>Actes en Italien</em></strong></p>
<p>Actes du séminaire Helios à Rome sur l&rsquo;importance des coopératives intégrées pour l&rsquo;activité professionnelle des personnes handicapées mentales.</p>
<p>BATTAGLIA A.- GUTIERREZ M.- SCHENA S.- AMATI M.- MAROTTA M.- CECCHETTI V.</p>
<p>Actes du séminaire Helios, Rome, 20-22 septembre 1990</p>
<p>1992-102p.</p>
<p>Cote doc: 4-60-CDC-S</p>
<p><strong><em>Uniquement à la location</em></strong></p>
<span class="et_bloom_bottom_trigger"></span>

<p>Actes du séminaire Helios à Rome sur l&rsquo;importance des coopératives intégrées pour l&rsquo;activité professionnelle des personnes handicapées mentales.</p>
