{"id":2029,"date":"2021-10-05T10:22:33","date_gmt":"2021-10-05T08:22:33","guid":{"rendered":"https:\/\/www.parthages.be\/eboutique\/?post_type=product&#038;p=2029"},"modified":"2021-10-05T10:22:33","modified_gmt":"2021-10-05T08:22:33","slug":"ecstasy-pilules-sans-ordonnances","status":"publish","type":"product","link":"https:\/\/www.parthages.be\/eboutique\/produit\/ecstasy-pilules-sans-ordonnances\/","title":{"rendered":"Ecstasy pilules sans ordonnances"},"content":{"rendered":"<p>Quelles sont les caract\u00e9ristiques sociales, \u00e9conomiques et culturelles des consommateurs d&rsquo;ecstasy et autres \u00ab\u00a0nouvelles drogues de synth\u00e8se\u00a0\u00bb? Pourquoi, o\u00f9, quand, de quelle mani\u00e8re en font-ils usage ? Contr\u00f4lent-ils leur consommation ? Prennent-ils des risques pour leur sant\u00e9 ?<\/p>\n<p>Pour r\u00e9pondre \u00e0 ces questions et \u00e0 bien d&rsquo;autres, l&rsquo;auteur nous propose un voyage dans le monde peu ou mal connu des usagers de ces produits. Il nous livre les r\u00e9sultats d&rsquo;une \u00e9tude scientifique r\u00e9alis\u00e9e par des moyens qualitatifs, visant la compr\u00e9hension et la mesure de ce ph\u00e9nom\u00e8ne. Les donn\u00e9es ont \u00e9t\u00e9 collect\u00e9es en Communaut\u00e9 fran\u00e7aise de Belgique. Sans nul doute, les analyses nuanc\u00e9es qu&rsquo;il pr\u00e9sente devraient alimenter le d\u00e9bat en dehors de ces fronti\u00e8res.<\/p>\n<p>L&rsquo;ouvrage s&rsquo;adresse \u00e0 tous les acteurs impliqu\u00e9s dans ce sujet. Les instances charg\u00e9es des politiques et actions de pr\u00e9vention et de r\u00e9duction des risques li\u00e9s \u00e0 la consommation d&rsquo;ecstasy trouveront une source d&rsquo;information et de r\u00e9flexion pr\u00e9cieuse. L&rsquo;auteur a voulu aussi interpeller les usagers eux-m\u00eames, en \u00e9tant soucieux de leur rendre compte de ce qu&rsquo;ils lui ont dit et donn\u00e9 \u00e0 voir au long de ses travaux. Enfin, l&rsquo;entourage des usagers (potentiels) pourra d\u00e9couvrir une r\u00e9alit\u00e9 d\u00e9gag\u00e9e d&rsquo;id\u00e9es re\u00e7ues et de principes r\u00e9ducteurs.<\/p>\n<p>&nbsp;<\/p>\n<p>HACOURT G.<\/p>\n<p>Editions L&rsquo;Harmattan<\/p>\n<p>2002 -232p. -290g. \u2013 19,80\u20ac<\/p>\n<p>ISBN: 2-7475-3054-x<\/p>\n<p>Cote doc: 4-90-HAC-E<\/p>\n<span class=\"et_bloom_bottom_trigger\"><\/span>","protected":false},"excerpt":{"rendered":"<p>Quelles sont les caract\u00e9ristiques sociales, \u00e9conomiques et culturelles des consommateurs d&rsquo;ecstasy et autres \u00ab\u00a0nouvelles drogues de synth\u00e8se\u00a0\u00bb? Pourquoi, o\u00f9, quand, de quelle mani\u00e8re en font-ils usage ? Contr\u00f4lent-ils leur consommation ? Prennent-ils des risques pour leur sant\u00e9 ?<\/p>\n","protected":false},"featured_media":2030,"comment_status":"closed","ping_status":"closed","template":"","meta":{"_et_pb_use_builder":"","_et_pb_old_content":"","_et_gb_content_width":"","spay_email":""},"class_list":["post-2029","product","type-product","status-publish","has-post-thumbnail","hentry","product_cat-livres","product_tag-addiction","product_tag-belgique","product_tag-drogue"],"jetpack_sharing_enabled":true,"jetpack_likes_enabled":true,"_links":{"self":[{"href":"https:\/\/www.parthages.be\/eboutique\/wp-json\/wp\/v2\/product\/2029","targetHints":{"allow":["GET"]}}],"collection":[{"href":"https:\/\/www.parthages.be\/eboutique\/wp-json\/wp\/v2\/product"}],"about":[{"href":"https:\/\/www.parthages.be\/eboutique\/wp-json\/wp\/v2\/types\/product"}],"replies":[{"embeddable":true,"href":"https:\/\/www.parthages.be\/eboutique\/wp-json\/wp\/v2\/comments?post=2029"}],"wp:featuredmedia":[{"embeddable":true,"href":"https:\/\/www.parthages.be\/eboutique\/wp-json\/wp\/v2\/media\/2030"}],"wp:attachment":[{"href":"https:\/\/www.parthages.be\/eboutique\/wp-json\/wp\/v2\/media?parent=2029"}],"curies":[{"name":"wp","href":"https:\/\/api.w.org\/{rel}","templated":true}]}}