{"id":2033,"date":"2021-10-05T10:24:54","date_gmt":"2021-10-05T08:24:54","guid":{"rendered":"https:\/\/www.parthages.be\/eboutique\/?post_type=product&#038;p=2033"},"modified":"2022-03-23T17:17:50","modified_gmt":"2022-03-23T16:17:50","slug":"education-travail-handicap","status":"publish","type":"product","link":"https:\/\/www.parthages.be\/eboutique\/produit\/education-travail-handicap\/","title":{"rendered":"Education travail handicap"},"content":{"rendered":"<p>Comptes rendus des commissions, St Amand Montrond, 3-4 octobre 1991 FRANCE<\/p>\n<p>Ce congr\u00e8s est d\u00e9di\u00e9 aux personnes handicap\u00e9es et \u00e0 leurs familles. Les communications du congr\u00e8s 90 avaient eu pour d\u00e9nominateur commun le vieillissement.<\/p>\n<p>Les multiples questions inh\u00e9rentes \u00e0 celui-ci traduisaient le caract\u00e8re urgent \u00e0 trouver des solutions pour ceux qui \u00e9taient confront\u00e9s \u00e0 ce ph\u00e9nom\u00e8ne.<\/p>\n<p>Le vieillissement et ses processus d\u2019isolement et de solitude rencontraient l\u2019angoisse des parents d\u2019handicap\u00e9s, dont les liens de d\u00e9pendance parfois peuvent \u00eatre encore \u00e9troits.<\/p>\n<p>Dans le monde de l\u2019emploi des personnes handicap\u00e9es, on s\u2019aper\u00e7oit que la loi 1975 introduisant la notion du droit au travail, n\u2019avait pas d\u00e9velopp\u00e9 la notion de retraite, nouveau lien social de vie, nouveau milieu \u00e9conomique dans lequel la personne handicap\u00e9e risquait de voir se majorer son incapacit\u00e9 ou son d\u00e9savantage.<\/p>\n<p>Insertion professionnelle en milieu ordinaire, surcro\u00eet de production li\u00e9 aux incapacit\u00e9s, modifications \u00e0 apporter sur les lieux de travail et dans l\u2019environnement, aides personnalis\u00e9es pour s\u2019ins\u00e9rer et non plus iniquement subvention d\u2019isolement, tels seront les th\u00e8mes abord\u00e9s lors du prochain congr\u00e8s de NOIRLAC en 1992.<\/p>\n<p>COMITE SCIENTIFIQUE POUR LA LUTTE CONTRE LE VIEILLISSEMENT<\/p>\n<p>Rapport\u00a0: ASSOCIATION DE PARENTS D&rsquo;ENFANTS INADAPTES<\/p>\n<p>1991 -310p.<\/p>\n<p>Cote doc: 4-60-IEE-E<\/p>\n<p><strong><em>Uniquement \u00e0 la location<\/em><\/strong><\/p>\n<span class=\"et_bloom_bottom_trigger\"><\/span>","protected":false},"excerpt":{"rendered":"<p>Comptes rendus des commissions, St Amand Montrond, 3-4 octobre 1991 FRANCE<\/p>\n<p>Ce congr\u00e8s est d\u00e9di\u00e9 aux personnes handicap\u00e9es et \u00e0 leurs familles. Les communications du congr\u00e8s 90 avaient eu pour d\u00e9nominateur commun le vieillissement.<\/p>\n","protected":false},"featured_media":2034,"comment_status":"closed","ping_status":"closed","template":"","meta":{"_et_pb_use_builder":"","_et_pb_old_content":"","_et_gb_content_width":"","spay_email":""},"class_list":["post-2033","product","type-product","status-publish","has-post-thumbnail","hentry","product_cat-livres","product_tag-adolescent","product_tag-apprentissage-scolaire","product_tag-communication","product_tag-congres","product_tag-deficience-intellectuelle","product_tag-deficience-multiple","product_tag-echec-scolaire","product_tag-enfant","product_tag-experience","product_tag-formation-professionnelle","product_tag-france","product_tag-handicap","product_tag-insertion-professionnelle","product_tag-integration-professionnelle","product_tag-integration-scolaire","product_tag-integration-sociale","product_tag-jeune","product_tag-memoire","product_tag-motivation","product_tag-ocde","product_tag-paraplegie","product_tag-personne-handicapee","product_tag-politique-du-travail","product_tag-readaptation","product_tag-sport","product_tag-temoignage","product_tag-travail","product_tag-vieillissement"],"jetpack_sharing_enabled":true,"jetpack_likes_enabled":true,"_links":{"self":[{"href":"https:\/\/www.parthages.be\/eboutique\/wp-json\/wp\/v2\/product\/2033","targetHints":{"allow":["GET"]}}],"collection":[{"href":"https:\/\/www.parthages.be\/eboutique\/wp-json\/wp\/v2\/product"}],"about":[{"href":"https:\/\/www.parthages.be\/eboutique\/wp-json\/wp\/v2\/types\/product"}],"replies":[{"embeddable":true,"href":"https:\/\/www.parthages.be\/eboutique\/wp-json\/wp\/v2\/comments?post=2033"}],"wp:featuredmedia":[{"embeddable":true,"href":"https:\/\/www.parthages.be\/eboutique\/wp-json\/wp\/v2\/media\/2034"}],"wp:attachment":[{"href":"https:\/\/www.parthages.be\/eboutique\/wp-json\/wp\/v2\/media?parent=2033"}],"curies":[{"name":"wp","href":"https:\/\/api.w.org\/{rel}","templated":true}]}}