{"id":2035,"date":"2021-10-05T10:25:55","date_gmt":"2021-10-05T08:25:55","guid":{"rendered":"https:\/\/www.parthages.be\/eboutique\/?post_type=product&#038;p=2035"},"modified":"2021-10-05T10:25:56","modified_gmt":"2021-10-05T08:25:56","slug":"linsertion-des-handicapes-dans-la-fonction-publique","status":"publish","type":"product","link":"https:\/\/www.parthages.be\/eboutique\/produit\/linsertion-des-handicapes-dans-la-fonction-publique\/","title":{"rendered":"L&rsquo;insertion des handicap\u00e9s dans la fonction publique"},"content":{"rendered":"<p>Rapport au ministre de la fonction publique et des r\u00e9formes administratives et au ministre des affaires sociales et de la solidarit\u00e9 nationale.<\/p>\n<p>Le rapport de Christian Hernandez \u00e9tudie les conditions de l&rsquo;insertion des personnes handicap\u00e9es dans la fonction publique. L&rsquo;auteur analyse d&rsquo;abord la l\u00e9gislation existante et la fa\u00e7on dont elle est appliqu\u00e9e. Il d\u00e9montre que le concept de handicap recouvre avant tout un rapport social marqu\u00e9 par une r\u00e9f\u00e9rence \u00e0 la \u00ab\u00a0normalit\u00e9\u00a0\u00bb, des habitudes culturelles et un usage des textes qui conduisent trop souvent \u00e0 l&rsquo;exclusion. L&rsquo;auteur formule 17 propositions permettant de donner leur juste place aux personnes handicap\u00e9es dans l&#8217;emploi public. Des annexes donnent la parole aux nombreuses associations et organisations syndicales consult\u00e9es par le rapporteur.<\/p>\n<p>HERNANDEZ C.<\/p>\n<p>Editions La documentation fran\u00e7aise<\/p>\n<p>1983 -73p.<\/p>\n<p>ISBN: 2-11-001065-7<\/p>\n<p>Cote doc: 4-60-HER-I<\/p>\n<p><strong><em>Uniquement \u00e0 la location<\/em><\/strong><\/p>\n<span class=\"et_bloom_bottom_trigger\"><\/span>","protected":false},"excerpt":{"rendered":"<p>Rapport au ministre de la fonction publique et des r\u00e9formes administratives et au ministre des affaires sociales et de la solidarit\u00e9 nationale.<\/p>\n","protected":false},"featured_media":2036,"comment_status":"closed","ping_status":"closed","template":"","meta":{"_et_pb_use_builder":"","_et_pb_old_content":"","_et_gb_content_width":"","spay_email":""},"class_list":["post-2035","product","type-product","status-publish","has-post-thumbnail","hentry","product_cat-livres","product_tag-acces-a-linformation","product_tag-administration","product_tag-association","product_tag-cecite","product_tag-condition","product_tag-definition","product_tag-emploi","product_tag-experience","product_tag-france","product_tag-handicap","product_tag-insertion-professionnelle","product_tag-legislation","product_tag-malade","product_tag-maladie-congenitale","product_tag-personne-handicapee","product_tag-recrutement","product_tag-service-public","product_tag-surdite","product_tag-syndicat","product_tag-travail"],"jetpack_sharing_enabled":true,"jetpack_likes_enabled":true,"_links":{"self":[{"href":"https:\/\/www.parthages.be\/eboutique\/wp-json\/wp\/v2\/product\/2035","targetHints":{"allow":["GET"]}}],"collection":[{"href":"https:\/\/www.parthages.be\/eboutique\/wp-json\/wp\/v2\/product"}],"about":[{"href":"https:\/\/www.parthages.be\/eboutique\/wp-json\/wp\/v2\/types\/product"}],"replies":[{"embeddable":true,"href":"https:\/\/www.parthages.be\/eboutique\/wp-json\/wp\/v2\/comments?post=2035"}],"wp:featuredmedia":[{"embeddable":true,"href":"https:\/\/www.parthages.be\/eboutique\/wp-json\/wp\/v2\/media\/2036"}],"wp:attachment":[{"href":"https:\/\/www.parthages.be\/eboutique\/wp-json\/wp\/v2\/media?parent=2035"}],"curies":[{"name":"wp","href":"https:\/\/api.w.org\/{rel}","templated":true}]}}

L&rsquo;insertion des handicapés dans la fonction publique

<p>Rapport au ministre de la fonction publique et des réformes administratives et au ministre des affaires sociales et de la solidarité nationale.</p>
<p>Le rapport de Christian Hernandez étudie les conditions de l&rsquo;insertion des personnes handicapées dans la fonction publique. L&rsquo;auteur analyse d&rsquo;abord la législation existante et la façon dont elle est appliquée. Il démontre que le concept de handicap recouvre avant tout un rapport social marqué par une référence à la « normalité », des habitudes culturelles et un usage des textes qui conduisent trop souvent à l&rsquo;exclusion. L&rsquo;auteur formule 17 propositions permettant de donner leur juste place aux personnes handicapées dans l&#8217;emploi public. Des annexes donnent la parole aux nombreuses associations et organisations syndicales consultées par le rapporteur.</p>
<p>HERNANDEZ C.</p>
<p>Editions La documentation française</p>
<p>1983 -73p.</p>
<p>ISBN: 2-11-001065-7</p>
<p>Cote doc: 4-60-HER-I</p>
<p><strong><em>Uniquement à la location</em></strong></p>
<span class="et_bloom_bottom_trigger"></span>

<p>Rapport au ministre de la fonction publique et des réformes administratives et au ministre des affaires sociales et de la solidarité nationale.</p>
