{"id":204,"date":"2012-09-24T11:37:53","date_gmt":"2012-09-24T09:37:53","guid":{"rendered":"https:\/\/www.parthages.be\/wordpress\/produit\/handicap-estime-de-soi-regard-des-autres\/"},"modified":"2021-08-17T10:25:42","modified_gmt":"2021-08-17T08:25:42","slug":"handicap-estime-de-soi-regard-des-autres","status":"publish","type":"product","link":"https:\/\/www.parthages.be\/eboutique\/produit\/handicap-estime-de-soi-regard-des-autres\/","title":{"rendered":"Handicap estime de soi regard des autres"},"content":{"rendered":"<p>Que signifie pour une personne handicap\u00e9e de s&rsquo;estimer, d&rsquo;\u00eatre estim\u00e9e ? Le handicap est cette blessure corporelle ou psychique qui affiche la diff\u00e9rence qui trop souvent nous stigmatise comme porteurs d&rsquo;un manque irr\u00e9m\u00e9diable. La dure r\u00e9alit\u00e9 du quotidien nous montre chaque jour que la personne handicap\u00e9e est ind\u00e9sirable, d\u00e9range. De grands progr\u00e8s se dessinent dans l&rsquo;acceptation des personnes singuli\u00e8res. Mais&#8230; (Pr\u00e9sentation de l\u2019\u00e9diteur)<\/p>\n<p>PIOT M.<\/p>\n<p>Editions L&rsquo;Harmattan<\/p>\n<p>2012- 216p.-21.50\u20ac<\/p>\n<p>280gr<\/p>\n<p>ISBN\u00a0: 978-2-296-56503-6<\/p>\n<p>Cote doc\u00a0: 7-30-PIO-H<\/p>\n<span class=\"et_bloom_bottom_trigger\"><\/span>","protected":false},"excerpt":{"rendered":"<p>Que signifie pour une personne handicap\u00e9e de s&rsquo;estimer, d&rsquo;\u00eatre estim\u00e9e ? Le handicap est cette blessure corporelle ou psychique qui affiche la diff\u00e9rence qui trop souvent nous stigmatise comme porteurs d&rsquo;un manque irr\u00e9m\u00e9diable.<\/p>\n","protected":false},"featured_media":1548,"comment_status":"open","ping_status":"closed","template":"","meta":{"_et_pb_use_builder":"","_et_pb_old_content":"","_et_gb_content_width":"","spay_email":""},"class_list":["post-204","product","type-product","status-publish","has-post-thumbnail","hentry","product_cat-livres","product_tag-acceptation","product_tag-attitude-face-au-handicap","product_tag-discrimination","product_tag-estime-de-soi","product_tag-femme","product_tag-personne-handicapee","product_tag-representation-du-handicap","product_tag-revendication","product_tag-societe","product_tag-surdite"],"jetpack_sharing_enabled":true,"jetpack_likes_enabled":true,"_links":{"self":[{"href":"https:\/\/www.parthages.be\/eboutique\/wp-json\/wp\/v2\/product\/204","targetHints":{"allow":["GET"]}}],"collection":[{"href":"https:\/\/www.parthages.be\/eboutique\/wp-json\/wp\/v2\/product"}],"about":[{"href":"https:\/\/www.parthages.be\/eboutique\/wp-json\/wp\/v2\/types\/product"}],"replies":[{"embeddable":true,"href":"https:\/\/www.parthages.be\/eboutique\/wp-json\/wp\/v2\/comments?post=204"}],"wp:featuredmedia":[{"embeddable":true,"href":"https:\/\/www.parthages.be\/eboutique\/wp-json\/wp\/v2\/media\/1548"}],"wp:attachment":[{"href":"https:\/\/www.parthages.be\/eboutique\/wp-json\/wp\/v2\/media?parent=204"}],"curies":[{"name":"wp","href":"https:\/\/api.w.org\/{rel}","templated":true}]}}

<p>Que signifie pour une personne handicapée de s&rsquo;estimer, d&rsquo;être estimée ? Le handicap est cette blessure corporelle ou psychique qui affiche la différence qui trop souvent nous stigmatise comme porteurs d&rsquo;un manque irrémédiable. La dure réalité du quotidien nous montre chaque jour que la personne handicapée est indésirable, dérange. De grands progrès se dessinent dans l&rsquo;acceptation des personnes singulières. Mais&#8230; (Présentation de l’éditeur)</p>
<p>PIOT M.</p>
<p>Editions L&rsquo;Harmattan</p>
<p>2012- 216p.-21.50€</p>
<p>280gr</p>
<p>ISBN : 978-2-296-56503-6</p>
<p>Cote doc : 7-30-PIO-H</p>
<span class="et_bloom_bottom_trigger"></span>

<p>Que signifie pour une personne handicapée de s&rsquo;estimer, d&rsquo;être estimée ? Le handicap est cette blessure corporelle ou psychique qui affiche la différence qui trop souvent nous stigmatise comme porteurs d&rsquo;un manque irrémédiable.</p>
