{"id":2041,"date":"2021-10-05T10:29:09","date_gmt":"2021-10-05T08:29:09","guid":{"rendered":"https:\/\/www.parthages.be\/eboutique\/?post_type=product&#038;p=2041"},"modified":"2021-10-05T10:29:09","modified_gmt":"2021-10-05T08:29:09","slug":"travailleurs-handicapes-de-la-reconnaissance-a-lemploi","status":"publish","type":"product","link":"https:\/\/www.parthages.be\/eboutique\/produit\/travailleurs-handicapes-de-la-reconnaissance-a-lemploi\/","title":{"rendered":"Travailleurs handicap\u00e9s : de la reconnaissance \u00e0 l&#8217;emploi"},"content":{"rendered":"<p>Comment se faire reconna\u00eetre comme travailleur handicap\u00e9 ?<\/p>\n<p>Se r\u00e9orienter professionnellement et se former ?<\/p>\n<p>Travailler dans le monde de l&rsquo;entreprise ou en milieu prot\u00e9g\u00e9 ?<\/p>\n<p>A qui s&rsquo;adresser et quelles d\u00e9marches entreprendre ?<\/p>\n<p>Comment recruter et former des travailleurs handicap\u00e9s ?<\/p>\n<p>Vers qui se retourner afin d&rsquo;obtenir aides et conseils pour l&rsquo;insertion des travailleurs handicap\u00e9s en milieu professionnel ?<\/p>\n<p>Autant de questions et d&rsquo;autres encore pour lesquelles l&rsquo;univers de l&rsquo;orientation et de l&rsquo;insertion professionnelle des travailleurs handicap\u00e9s repr\u00e9sente, tant pour ces derniers que pour les employeurs, un v\u00e9ritable labyrinthe sem\u00e9 d&rsquo;obstacles cr\u00e9\u00e9es par la m\u00e9connaissance des dispositions l\u00e9gales, des aides financi\u00e8res et sociales existantes.<\/p>\n<p>BOES P. &amp; GUTNIK P.<\/p>\n<p>Editions VUIBERT<\/p>\n<p>2004 -188p. -246g -15 \u20ac<\/p>\n<p>ISBN: 2-7117-8794<\/p>\n<p>Cote doc: 4-60-BOE-T<\/p>\n<span class=\"et_bloom_bottom_trigger\"><\/span>","protected":false},"excerpt":{"rendered":"<p>Questions et d&rsquo;autres encore pour lesquelles l&rsquo;univers de l&rsquo;orientation et de l&rsquo;insertion professionnelle des travailleurs handicap\u00e9s repr\u00e9sente, tant pour ces derniers que pour les employeurs, un v\u00e9ritable labyrinthe sem\u00e9 d&rsquo;obstacles cr\u00e9\u00e9es par la m\u00e9connaissance des dispositions l\u00e9gales, des aides financi\u00e8res et sociales existantes.<\/p>\n","protected":false},"featured_media":2042,"comment_status":"closed","ping_status":"closed","template":"","meta":{"_et_pb_use_builder":"","_et_pb_old_content":"","_et_gb_content_width":"","spay_email":""},"class_list":["post-2041","product","type-product","status-publish","has-post-thumbnail","hentry","product_cat-livres","product_tag-emploi","product_tag-france","product_tag-handicap","product_tag-integration-professionnelle","product_tag-legislation","product_tag-marche-du-travail","product_tag-travailleur"],"jetpack_sharing_enabled":true,"jetpack_likes_enabled":true,"_links":{"self":[{"href":"https:\/\/www.parthages.be\/eboutique\/wp-json\/wp\/v2\/product\/2041","targetHints":{"allow":["GET"]}}],"collection":[{"href":"https:\/\/www.parthages.be\/eboutique\/wp-json\/wp\/v2\/product"}],"about":[{"href":"https:\/\/www.parthages.be\/eboutique\/wp-json\/wp\/v2\/types\/product"}],"replies":[{"embeddable":true,"href":"https:\/\/www.parthages.be\/eboutique\/wp-json\/wp\/v2\/comments?post=2041"}],"wp:featuredmedia":[{"embeddable":true,"href":"https:\/\/www.parthages.be\/eboutique\/wp-json\/wp\/v2\/media\/2042"}],"wp:attachment":[{"href":"https:\/\/www.parthages.be\/eboutique\/wp-json\/wp\/v2\/media?parent=2041"}],"curies":[{"name":"wp","href":"https:\/\/api.w.org\/{rel}","templated":true}]}}

Travailleurs handicapés : de la reconnaissance à l&#8217;emploi

<p>Comment se faire reconnaître comme travailleur handicapé ?</p>
<p>Se réorienter professionnellement et se former ?</p>
<p>Travailler dans le monde de l&rsquo;entreprise ou en milieu protégé ?</p>
<p>A qui s&rsquo;adresser et quelles démarches entreprendre ?</p>
<p>Comment recruter et former des travailleurs handicapés ?</p>
<p>Vers qui se retourner afin d&rsquo;obtenir aides et conseils pour l&rsquo;insertion des travailleurs handicapés en milieu professionnel ?</p>
<p>Autant de questions et d&rsquo;autres encore pour lesquelles l&rsquo;univers de l&rsquo;orientation et de l&rsquo;insertion professionnelle des travailleurs handicapés représente, tant pour ces derniers que pour les employeurs, un véritable labyrinthe semé d&rsquo;obstacles créées par la méconnaissance des dispositions légales, des aides financières et sociales existantes.</p>
<p>BOES P. &amp; GUTNIK P.</p>
<p>Editions VUIBERT</p>
<p>2004 -188p. -246g -15 €</p>
<p>ISBN: 2-7117-8794</p>
<p>Cote doc: 4-60-BOE-T</p>
<span class="et_bloom_bottom_trigger"></span>

<p>Questions et d&rsquo;autres encore pour lesquelles l&rsquo;univers de l&rsquo;orientation et de l&rsquo;insertion professionnelle des travailleurs handicapés représente, tant pour ces derniers que pour les employeurs, un véritable labyrinthe semé d&rsquo;obstacles créées par la méconnaissance des dispositions légales, des aides financières et sociales existantes.</p>
