{"id":2043,"date":"2021-10-05T10:30:13","date_gmt":"2021-10-05T08:30:13","guid":{"rendered":"https:\/\/www.parthages.be\/eboutique\/?post_type=product&#038;p=2043"},"modified":"2021-10-05T10:30:14","modified_gmt":"2021-10-05T08:30:14","slug":"travailler-avec-les-personnes-handicapees","status":"publish","type":"product","link":"https:\/\/www.parthages.be\/eboutique\/produit\/travailler-avec-les-personnes-handicapees\/","title":{"rendered":"Travailler avec les personnes handicap\u00e9es"},"content":{"rendered":"<p>Guide pour personnes travaillant avec les personnes handicap\u00e9es pour leur int\u00e9gration socio-professionnelle.\u00a0 Description des diff\u00e9rents m\u00e9tiers : accompagnateurs, \u00e9ducateurs, kin\u00e9sith\u00e9rapeute, r\u00e9\u00e9ducateur, enseignant. Liste d&rsquo;adresses utiles et des institutions formants aux diff\u00e9rents m\u00e9tiers<\/p>\n<p>CHARLIER M.<\/p>\n<p>Editions AWIPH<\/p>\n<p>SIEP Formations m\u00e9tiers<\/p>\n<p>1995 -1358p.<\/p>\n<p>Cote doc: 4-60-CHA-T<\/p>\n<p><strong><em>Uniquement \u00e0 la location<\/em><\/strong><\/p>\n<p>&nbsp;<\/p>\n<span class=\"et_bloom_bottom_trigger\"><\/span>","protected":false},"excerpt":{"rendered":"<p>Guide pour personnes travaillant avec les personnes handicap\u00e9es pour leur int\u00e9gration socio-professionnelle.<\/p>\n","protected":false},"featured_media":2044,"comment_status":"closed","ping_status":"closed","template":"","meta":{"_et_pb_use_builder":"","_et_pb_old_content":"","_et_gb_content_width":"","spay_email":""},"class_list":["post-2043","product","type-product","status-publish","has-post-thumbnail","hentry","product_cat-livres","product_tag-accompagnement","product_tag-aide-precoce","product_tag-aide-sociale","product_tag-aide-technique","product_tag-benevolat","product_tag-enseignement-specialise","product_tag-entreprise-de-travail-adapte","product_tag-formation","product_tag-formation-professionnelle","product_tag-hebergement","product_tag-integration-professionnelle","product_tag-integration-sociale","product_tag-musicotherapie","product_tag-placement","product_tag-readaptation","product_tag-scolarite","product_tag-service-daide-a-la-vie-journaliere","product_tag-soins-palliatifs","product_tag-travail"],"jetpack_sharing_enabled":true,"jetpack_likes_enabled":true,"_links":{"self":[{"href":"https:\/\/www.parthages.be\/eboutique\/wp-json\/wp\/v2\/product\/2043","targetHints":{"allow":["GET"]}}],"collection":[{"href":"https:\/\/www.parthages.be\/eboutique\/wp-json\/wp\/v2\/product"}],"about":[{"href":"https:\/\/www.parthages.be\/eboutique\/wp-json\/wp\/v2\/types\/product"}],"replies":[{"embeddable":true,"href":"https:\/\/www.parthages.be\/eboutique\/wp-json\/wp\/v2\/comments?post=2043"}],"wp:featuredmedia":[{"embeddable":true,"href":"https:\/\/www.parthages.be\/eboutique\/wp-json\/wp\/v2\/media\/2044"}],"wp:attachment":[{"href":"https:\/\/www.parthages.be\/eboutique\/wp-json\/wp\/v2\/media?parent=2043"}],"curies":[{"name":"wp","href":"https:\/\/api.w.org\/{rel}","templated":true}]}}

Travailler avec les personnes handicapées

<p>Guide pour personnes travaillant avec les personnes handicapées pour leur intégration socio-professionnelle.  Description des différents métiers : accompagnateurs, éducateurs, kinésithérapeute, rééducateur, enseignant. Liste d&rsquo;adresses utiles et des institutions formants aux différents métiers</p>
<p>CHARLIER M.</p>
<p>Editions AWIPH</p>
<p>SIEP Formations métiers</p>
<p>1995 -1358p.</p>
<p>Cote doc: 4-60-CHA-T</p>
<p><strong><em>Uniquement à la location</em></strong></p>
<p>&nbsp;</p>
<span class="et_bloom_bottom_trigger"></span>

<p>Guide pour personnes travaillant avec les personnes handicapées pour leur intégration socio-professionnelle.</p>
