{"id":2049,"date":"2021-10-05T10:33:19","date_gmt":"2021-10-05T08:33:19","guid":{"rendered":"https:\/\/www.parthages.be\/eboutique\/?post_type=product&#038;p=2049"},"modified":"2021-10-05T10:33:20","modified_gmt":"2021-10-05T08:33:20","slug":"programme-dinsertion-sociale-et-professionnelle-en-milieu-agricole-et-rural-des-personnes-handicapees-essai-devaluation","status":"publish","type":"product","link":"https:\/\/www.parthages.be\/eboutique\/produit\/programme-dinsertion-sociale-et-professionnelle-en-milieu-agricole-et-rural-des-personnes-handicapees-essai-devaluation\/","title":{"rendered":"Programme d&rsquo;insertion sociale et professionnelle en milieu agricole et rural des personnes handicap\u00e9es : essai d&rsquo;\u00e9valuation"},"content":{"rendered":"<p>Cet ouvrage pr\u00e9sente l&rsquo;\u00e9valuation d&rsquo;un programme d&rsquo;insertion sociale et professionnelle mis en \u0153uvre dans 20 d\u00e9partements fran\u00e7ais entre 1983 et 1986. A travers l&rsquo;analyse sociod\u00e9mographique des populations handicap\u00e9es b\u00e9n\u00e9ficiaires du programme, l&rsquo;\u00e9tude de l&rsquo;application diff\u00e9rentielle des m\u00e9thodes de travail et actions propos\u00e9es et une approche de l&rsquo;impact du programme sur les strat\u00e9gies et le processus d&rsquo;insertion des Caisses d\u00e9partementales de Mutualit\u00e9 Agricole, les auteurs proposent une lecture du travail social d&rsquo;insertion socio-professionnelle.<\/p>\n<p>BARRAL-REINER C. &amp; BOUNOT A.<\/p>\n<p>Editions CTNERHI<\/p>\n<p>1992 -190p. -300g -16,80 \u20ac<\/p>\n<p>ISBN: 978-2-8771-0022-9<\/p>\n<p>Cote doc: 4-60-BAR-P<\/p>\n<span class=\"et_bloom_bottom_trigger\"><\/span>","protected":false},"excerpt":{"rendered":"<p>Cet ouvrage pr\u00e9sente l&rsquo;\u00e9valuation d&rsquo;un programme d&rsquo;insertion sociale et professionnelle mis en \u0153uvre dans 20 d\u00e9partements fran\u00e7ais entre 1983 et 1986.<\/p>\n","protected":false},"featured_media":2050,"comment_status":"closed","ping_status":"closed","template":"","meta":{"_et_pb_use_builder":"","_et_pb_old_content":"","_et_gb_content_width":"","spay_email":""},"class_list":["post-2049","product","type-product","status-publish","has-post-thumbnail","hentry","product_cat-livres","product_tag-action-sociale","product_tag-agriculture","product_tag-aide-financiere","product_tag-analyse","product_tag-classification","product_tag-coordination","product_tag-cout","product_tag-deficience","product_tag-etude","product_tag-evaluation","product_tag-fonctionnement","product_tag-france","product_tag-information","product_tag-insertion-professionnelle","product_tag-integration-sociale","product_tag-methodologie","product_tag-milieu-rural","product_tag-mutualite","product_tag-personne-handicapee","product_tag-population","product_tag-programme","product_tag-questionnaire"],"jetpack_sharing_enabled":true,"jetpack_likes_enabled":true,"_links":{"self":[{"href":"https:\/\/www.parthages.be\/eboutique\/wp-json\/wp\/v2\/product\/2049","targetHints":{"allow":["GET"]}}],"collection":[{"href":"https:\/\/www.parthages.be\/eboutique\/wp-json\/wp\/v2\/product"}],"about":[{"href":"https:\/\/www.parthages.be\/eboutique\/wp-json\/wp\/v2\/types\/product"}],"replies":[{"embeddable":true,"href":"https:\/\/www.parthages.be\/eboutique\/wp-json\/wp\/v2\/comments?post=2049"}],"wp:featuredmedia":[{"embeddable":true,"href":"https:\/\/www.parthages.be\/eboutique\/wp-json\/wp\/v2\/media\/2050"}],"wp:attachment":[{"href":"https:\/\/www.parthages.be\/eboutique\/wp-json\/wp\/v2\/media?parent=2049"}],"curies":[{"name":"wp","href":"https:\/\/api.w.org\/{rel}","templated":true}]}}

Programme d&rsquo;insertion sociale et professionnelle en milieu agricole et rural des personnes handicapées : essai d&rsquo;évaluation

<p>Cet ouvrage présente l&rsquo;évaluation d&rsquo;un programme d&rsquo;insertion sociale et professionnelle mis en œuvre dans 20 départements français entre 1983 et 1986. A travers l&rsquo;analyse sociodémographique des populations handicapées bénéficiaires du programme, l&rsquo;étude de l&rsquo;application différentielle des méthodes de travail et actions proposées et une approche de l&rsquo;impact du programme sur les stratégies et le processus d&rsquo;insertion des Caisses départementales de Mutualité Agricole, les auteurs proposent une lecture du travail social d&rsquo;insertion socio-professionnelle.</p>
<p>BARRAL-REINER C. &amp; BOUNOT A.</p>
<p>Editions CTNERHI</p>
<p>1992 -190p. -300g -16,80 €</p>
<p>ISBN: 978-2-8771-0022-9</p>
<p>Cote doc: 4-60-BAR-P</p>
<span class="et_bloom_bottom_trigger"></span>

<p>Cet ouvrage présente l&rsquo;évaluation d&rsquo;un programme d&rsquo;insertion sociale et professionnelle mis en œuvre dans 20 départements français entre 1983 et 1986.</p>
