{"id":2053,"date":"2021-10-05T10:35:45","date_gmt":"2021-10-05T08:35:45","guid":{"rendered":"https:\/\/www.parthages.be\/eboutique\/?post_type=product&#038;p=2053"},"modified":"2021-10-05T10:35:46","modified_gmt":"2021-10-05T08:35:46","slug":"handicap-vieillissement-et-travail","status":"publish","type":"product","link":"https:\/\/www.parthages.be\/eboutique\/produit\/handicap-vieillissement-et-travail\/","title":{"rendered":"Handicap, Vieillissement et travail"},"content":{"rendered":"<p>Comptes rendus des commissions r\u00e9unies lors du congr\u00e8s : \u00ab\u00a0Handicap, vieillissement et travail. \u00a0\u00bb Th\u00e8mes abord\u00e9s : l&rsquo;int\u00e9gration professionnelle, le travailleur handicap\u00e9 en CAT, droit au travail et handicap loi de 1987, protection sociale et handicap, \u00e9valuation des besoins en structure d&rsquo;h\u00e9bergement pour handicap\u00e9s adultes, les handicap\u00e9s vieillissants&#8230;<\/p>\n<p>GIRARD P., BECQUET B., GOASGUEN J., CROS-COURTIAL L., KLOSSE M., DELSEN L.<\/p>\n<p>Congr\u00e8s Saint-Amand-Montrond, France<\/p>\n<p>Editions A.P.E.I. (Association De Parents D&rsquo;enfants Inadapt\u00e9s)<\/p>\n<p>1990 -333p.<\/p>\n<p>Cote doc: 4-60-APE-H<\/p>\n<p><strong><em>Uniquement \u00e0 la location<\/em><\/strong><\/p>\n<p>&nbsp;<\/p>\n<span class=\"et_bloom_bottom_trigger\"><\/span>","protected":false},"excerpt":{"rendered":"<p>Comptes rendus des commissions r\u00e9unies lors du congr\u00e8s : \u00ab\u00a0Handicap, vieillissement et travail.<\/p>\n","protected":false},"featured_media":2054,"comment_status":"closed","ping_status":"closed","template":"","meta":{"_et_pb_use_builder":"","_et_pb_old_content":"","_et_gb_content_width":"","spay_email":""},"class_list":["post-2053","product","type-product","status-publish","has-post-thumbnail","hentry","product_cat-livres","product_tag-congres","product_tag-deficience-intellectuelle","product_tag-deficience-visuelle","product_tag-droit","product_tag-entreprise","product_tag-etiologie","product_tag-experience","product_tag-france","product_tag-handicap","product_tag-industrie","product_tag-integration-professionnelle","product_tag-legislation","product_tag-maladie","product_tag-medecine-du-travail","product_tag-pays-bas","product_tag-personne-handicapee","product_tag-role-du-medecin","product_tag-travail"],"jetpack_sharing_enabled":true,"jetpack_likes_enabled":true,"_links":{"self":[{"href":"https:\/\/www.parthages.be\/eboutique\/wp-json\/wp\/v2\/product\/2053","targetHints":{"allow":["GET"]}}],"collection":[{"href":"https:\/\/www.parthages.be\/eboutique\/wp-json\/wp\/v2\/product"}],"about":[{"href":"https:\/\/www.parthages.be\/eboutique\/wp-json\/wp\/v2\/types\/product"}],"replies":[{"embeddable":true,"href":"https:\/\/www.parthages.be\/eboutique\/wp-json\/wp\/v2\/comments?post=2053"}],"wp:featuredmedia":[{"embeddable":true,"href":"https:\/\/www.parthages.be\/eboutique\/wp-json\/wp\/v2\/media\/2054"}],"wp:attachment":[{"href":"https:\/\/www.parthages.be\/eboutique\/wp-json\/wp\/v2\/media?parent=2053"}],"curies":[{"name":"wp","href":"https:\/\/api.w.org\/{rel}","templated":true}]}}

<p>Comptes rendus des commissions réunies lors du congrès : « Handicap, vieillissement et travail.  » Thèmes abordés : l&rsquo;intégration professionnelle, le travailleur handicapé en CAT, droit au travail et handicap loi de 1987, protection sociale et handicap, évaluation des besoins en structure d&rsquo;hébergement pour handicapés adultes, les handicapés vieillissants&#8230;</p>
<p>GIRARD P., BECQUET B., GOASGUEN J., CROS-COURTIAL L., KLOSSE M., DELSEN L.</p>
<p>Congrès Saint-Amand-Montrond, France</p>
<p>Editions A.P.E.I. (Association De Parents D&rsquo;enfants Inadaptés)</p>
<p>1990 -333p.</p>
<p>Cote doc: 4-60-APE-H</p>
<p><strong><em>Uniquement à la location</em></strong></p>
<p>&nbsp;</p>
<span class="et_bloom_bottom_trigger"></span>

<p>Comptes rendus des commissions réunies lors du congrès : « Handicap, vieillissement et travail.</p>
