{"id":2055,"date":"2021-10-05T10:45:21","date_gmt":"2021-10-05T08:45:21","guid":{"rendered":"https:\/\/www.parthages.be\/eboutique\/?post_type=product&#038;p=2055"},"modified":"2021-10-05T10:45:22","modified_gmt":"2021-10-05T08:45:22","slug":"lentreprise-face-aux-troubles-psychiques","status":"publish","type":"product","link":"https:\/\/www.parthages.be\/eboutique\/produit\/lentreprise-face-aux-troubles-psychiques\/","title":{"rendered":"L&rsquo;entreprise face aux troubles psychiques"},"content":{"rendered":"<p>Comment l&rsquo;entreprise peut-elle aborder la question de la sant\u00e9 mentale ? Cet ouvrage est le r\u00e9sultat d&rsquo;un colloque qui a \u00e9t\u00e9 un r\u00e9el d\u00e9fi.<\/p>\n<p>Pour d\u00e9battre de ces sujets complexes, sp\u00e9cialistes, chercheurs, chefs d&rsquo;entreprise, \u00e9taient r\u00e9unis pour la premi\u00e8re fois.<\/p>\n<p>Les d\u00e9bats anim\u00e9s par Jacques Legros \u00e9taient articul\u00e9s autour de 4 sujets phares :<\/p>\n<p>&#8211; Les troubles psychiques : nouveaux enjeux pour l&rsquo;entreprise responsable<\/p>\n<p>&#8211; \u00c9valuer, compenser, accompagner : un d\u00e9fi pour les professionnels de terrain<\/p>\n<p>&#8211; Images et imaginaires autour des troubles psychiques<\/p>\n<p>&#8211; Les co\u00fbts des probl\u00e8mes de sant\u00e9 mentale dans l&rsquo;entreprise : du visible \u00e0 l&rsquo;invisible<\/p>\n<p>Chaque sujet abord\u00e9 fait l&rsquo;objet d&rsquo;un dossier d\u00e9taill\u00e9 comprenant le rapport d&rsquo;\u00e9tude, de commentaires r\u00e9dig\u00e9s par les dirigeants des entreprises concern\u00e9es et par des experts reconnus du monde de l&rsquo;entreprise.<\/p>\n<p>Recrutement, absent\u00e9isme, d\u00e9roulement de carri\u00e8re, perception, sensibilisation, accord d&rsquo;entreprise ou encore place accord\u00e9e \u00e0 la sous-traitance, sont analys\u00e9s \u00e0 travers les cas particuliers d&rsquo;entreprises comme Air France, Vedior, SFR, Caisses d&rsquo;\u00c9pargne, Banque de France, La Poste&#8230; Cette rencontre a \u00e9t\u00e9 tr\u00e8s riche d&rsquo;enseignement qui r\u00e9sulte d&rsquo;un bon travail de d\u00e9frichage en commun et prouvant qu&rsquo;il existe des orientations convergentes. Cette d\u00e9marche in\u00e9dite laisse envisager la performance des ressources humaines fragiles trop h\u00e2tivement consid\u00e9r\u00e9es\u00a0 comme inaptes \u00e0 s&rsquo;ins\u00e9rer professionnellement. Un espace de recherche et de d\u00e9veloppement qui incitera \u00e0 d\u00e9passer les peurs et les tabous.<\/p>\n<p>MONTCHAMP M-A.<\/p>\n<p>Colloque Fondation de France Sciences PO, Paris<\/p>\n<p>Editions Agence Entreprises et handicap<\/p>\n<p>2009 -161p.<\/p>\n<p>Cote doc: 4-60-AGE-E3<\/p>\n<p><strong><em>Uniquement \u00e0 la location<\/em><\/strong><\/p>\n<span class=\"et_bloom_bottom_trigger\"><\/span>","protected":false},"excerpt":{"rendered":"<p>Comment l&rsquo;entreprise peut-elle aborder la question de la sant\u00e9 mentale ? Cet ouvrage est le r\u00e9sultat d&rsquo;un colloque qui a \u00e9t\u00e9 un r\u00e9el d\u00e9fi.<\/p>\n","protected":false},"featured_media":2056,"comment_status":"closed","ping_status":"closed","template":"","meta":{"_et_pb_use_builder":"","_et_pb_old_content":"","_et_gb_content_width":"","spay_email":""},"class_list":["post-2055","product","type-product","status-publish","has-post-thumbnail","hentry","product_cat-livres","product_tag-acceptation","product_tag-adulte","product_tag-emploi","product_tag-entreprise","product_tag-integration","product_tag-personne-handicapee","product_tag-psychiatrie","product_tag-psychopathologie","product_tag-relation-sociale","product_tag-sante-mentale"],"jetpack_sharing_enabled":true,"jetpack_likes_enabled":true,"_links":{"self":[{"href":"https:\/\/www.parthages.be\/eboutique\/wp-json\/wp\/v2\/product\/2055","targetHints":{"allow":["GET"]}}],"collection":[{"href":"https:\/\/www.parthages.be\/eboutique\/wp-json\/wp\/v2\/product"}],"about":[{"href":"https:\/\/www.parthages.be\/eboutique\/wp-json\/wp\/v2\/types\/product"}],"replies":[{"embeddable":true,"href":"https:\/\/www.parthages.be\/eboutique\/wp-json\/wp\/v2\/comments?post=2055"}],"wp:featuredmedia":[{"embeddable":true,"href":"https:\/\/www.parthages.be\/eboutique\/wp-json\/wp\/v2\/media\/2056"}],"wp:attachment":[{"href":"https:\/\/www.parthages.be\/eboutique\/wp-json\/wp\/v2\/media?parent=2055"}],"curies":[{"name":"wp","href":"https:\/\/api.w.org\/{rel}","templated":true}]}}

<p>Comment l&rsquo;entreprise peut-elle aborder la question de la santé mentale ? Cet ouvrage est le résultat d&rsquo;un colloque qui a été un réel défi.</p>
<p>Pour débattre de ces sujets complexes, spécialistes, chercheurs, chefs d&rsquo;entreprise, étaient réunis pour la première fois.</p>
<p>Les débats animés par Jacques Legros étaient articulés autour de 4 sujets phares :</p>
<p>&#8211; Les troubles psychiques : nouveaux enjeux pour l&rsquo;entreprise responsable</p>
<p>&#8211; Évaluer, compenser, accompagner : un défi pour les professionnels de terrain</p>
<p>&#8211; Images et imaginaires autour des troubles psychiques</p>
<p>&#8211; Les coûts des problèmes de santé mentale dans l&rsquo;entreprise : du visible à l&rsquo;invisible</p>
<p>Chaque sujet abordé fait l&rsquo;objet d&rsquo;un dossier détaillé comprenant le rapport d&rsquo;étude, de commentaires rédigés par les dirigeants des entreprises concernées et par des experts reconnus du monde de l&rsquo;entreprise.</p>
<p>Recrutement, absentéisme, déroulement de carrière, perception, sensibilisation, accord d&rsquo;entreprise ou encore place accordée à la sous-traitance, sont analysés à travers les cas particuliers d&rsquo;entreprises comme Air France, Vedior, SFR, Caisses d&rsquo;Épargne, Banque de France, La Poste&#8230; Cette rencontre a été très riche d&rsquo;enseignement qui résulte d&rsquo;un bon travail de défrichage en commun et prouvant qu&rsquo;il existe des orientations convergentes. Cette démarche inédite laisse envisager la performance des ressources humaines fragiles trop hâtivement considérées  comme inaptes à s&rsquo;insérer professionnellement. Un espace de recherche et de développement qui incitera à dépasser les peurs et les tabous.</p>
<p>MONTCHAMP M-A.</p>
<p>Colloque Fondation de France Sciences PO, Paris</p>
<p>Editions Agence Entreprises et handicap</p>
<p>2009 -161p.</p>
<p>Cote doc: 4-60-AGE-E3</p>
<p><strong><em>Uniquement à la location</em></strong></p>
<span class="et_bloom_bottom_trigger"></span>

<p>Comment l&rsquo;entreprise peut-elle aborder la question de la santé mentale ? Cet ouvrage est le résultat d&rsquo;un colloque qui a été un réel défi.</p>
