{"id":2057,"date":"2021-10-05T10:46:40","date_gmt":"2021-10-05T08:46:40","guid":{"rendered":"https:\/\/www.parthages.be\/eboutique\/?post_type=product&#038;p=2057"},"modified":"2021-10-05T10:49:01","modified_gmt":"2021-10-05T08:49:01","slug":"entreprises-et-handicap-psychique-des-pratiques-en-question","status":"publish","type":"product","link":"https:\/\/www.parthages.be\/eboutique\/produit\/entreprises-et-handicap-psychique-des-pratiques-en-question\/","title":{"rendered":"Entreprises et handicap Psychique des pratiques en question"},"content":{"rendered":"<p>On sait aujourd\u2019hui que pr\u00e8s d\u2019un quart des salari\u00e9s conna\u00eetront au court de leur carri\u00e8re une exp\u00e9rience de troubles psychiques.<\/p>\n<p>La publication 2008 de l\u2019Agence Entreprises &amp; Handicap fait le choix, \u00e0 partir des pratiques des acteurs du monde \u00e9conomique, d\u2019interroger les postures de l\u2019entreprise confront\u00e9e \u00e0 la fragilit\u00e9 psychique, et aux questionnements de la sant\u00e9 mentale.<\/p>\n<p>Ce livre interroge sous cet angle sp\u00e9cifique la responsabilit\u00e9 sociale de l\u2019entreprise gr\u00e2ce \u00e0 une \u00e9criture collective associant des professionnels de l\u2019entreprise et des experts du handicap.<\/p>\n<p>Y est abord\u00e9<\/p>\n<p>Cette publication propose un espace de r\u00e9flexion sur la ressource humaine fragilis\u00e9e. Elle invite \u00e0 poser la question des nouvelles p\u00e9nibilit\u00e9s, et des relations au travail. Nous y trouvons la question de la d\u00e9finition et du v\u00e9cu du handicap psychique dans les entreprises, les besoins sp\u00e9cifiques au handicap psychique dans l\u2019emploi et l\u2019exp\u00e9rience des partenaires qui accompagnent l\u2019entreprise sur ces questions.<\/p>\n<p>MONTCHAMP M-A.<\/p>\n<p>Colloque Fondation de France Sciences PO, Paris<\/p>\n<p>Editions Agence Entreprises et handicap<\/p>\n<p>2009 -161p.<\/p>\n<p>Cote doc: 4-60-AGE-E2<\/p>\n<p><strong><em>Uniquement \u00e0 la location<\/em><\/strong><\/p>\n<span class=\"et_bloom_bottom_trigger\"><\/span>","protected":false},"excerpt":{"rendered":"<p>On sait aujourd\u2019hui que pr\u00e8s d\u2019un quart des salari\u00e9s conna\u00eetront au court de leur carri\u00e8re une exp\u00e9rience de troubles psychiques. La publication 2008 de l\u2019Agence Entreprises &amp; Handicap fait le choix, \u00e0 partir des pratiques des acteurs du monde \u00e9conomique, d\u2019interroger les postures de l\u2019entreprise confront\u00e9e \u00e0 la fragilit\u00e9 psychique, et aux questionnements de la [&hellip;]<\/p>\n","protected":false},"featured_media":2061,"comment_status":"closed","ping_status":"closed","template":"","meta":{"_et_pb_use_builder":"","_et_pb_old_content":"","_et_gb_content_width":"","spay_email":""},"class_list":["post-2057","product","type-product","status-publish","has-post-thumbnail","hentry","product_cat-livres","product_tag-acceptation","product_tag-adulte","product_tag-definition","product_tag-emploi","product_tag-entreprise","product_tag-insertion-professionnelle","product_tag-integration","product_tag-personne-handicapee","product_tag-relation-sociale","product_tag-sante-mentale"],"jetpack_sharing_enabled":true,"jetpack_likes_enabled":true,"_links":{"self":[{"href":"https:\/\/www.parthages.be\/eboutique\/wp-json\/wp\/v2\/product\/2057","targetHints":{"allow":["GET"]}}],"collection":[{"href":"https:\/\/www.parthages.be\/eboutique\/wp-json\/wp\/v2\/product"}],"about":[{"href":"https:\/\/www.parthages.be\/eboutique\/wp-json\/wp\/v2\/types\/product"}],"replies":[{"embeddable":true,"href":"https:\/\/www.parthages.be\/eboutique\/wp-json\/wp\/v2\/comments?post=2057"}],"wp:featuredmedia":[{"embeddable":true,"href":"https:\/\/www.parthages.be\/eboutique\/wp-json\/wp\/v2\/media\/2061"}],"wp:attachment":[{"href":"https:\/\/www.parthages.be\/eboutique\/wp-json\/wp\/v2\/media?parent=2057"}],"curies":[{"name":"wp","href":"https:\/\/api.w.org\/{rel}","templated":true}]}}