{"id":2059,"date":"2021-10-05T10:48:23","date_gmt":"2021-10-05T08:48:23","guid":{"rendered":"https:\/\/www.parthages.be\/eboutique\/?post_type=product&#038;p=2059"},"modified":"2021-10-05T10:48:38","modified_gmt":"2021-10-05T08:48:38","slug":"entreprises-et-handicap-des-pratiques-en-question","status":"publish","type":"product","link":"https:\/\/www.parthages.be\/eboutique\/produit\/entreprises-et-handicap-des-pratiques-en-question\/","title":{"rendered":"Entreprises et handicap des pratiques en question"},"content":{"rendered":"<p>Recrutement, absent\u00e9isme, d\u00e9roulement de carri\u00e8re, perception, sensibilisation, accord d&rsquo;entreprise ou encore place accord\u00e9e \u00e0 la sous-traitance, sont analys\u00e9s \u00e0 travers les cas particuliers d&rsquo;entreprises comme Air France, Vedior, SFR, Caisses d&rsquo;Epargne, Banque de France, La Poste&#8230;<\/p>\n<p>Chaque sujet abord\u00e9 fait l&rsquo;objet d&rsquo;un dossier d\u00e9taill\u00e9 comprenant le rapport d&rsquo;\u00e9tude, de commentaires r\u00e9dig\u00e9s par les dirigeants des entreprises concern\u00e9es et par des experts reconnus du monde de l&rsquo;entreprise.<\/p>\n<p>MONTCHAMP M-A.<\/p>\n<p>Colloque Fondation de France Sciences PO, Paris<\/p>\n<p>Editions Agence Entreprises et handicap<\/p>\n<p>2006 -160p.<\/p>\n<p>Cote doc: 4-60-AGE-E1<\/p>\n<p><strong><em>Uniquement \u00e0 la location<\/em><\/strong><\/p>\n<span class=\"et_bloom_bottom_trigger\"><\/span>","protected":false},"excerpt":{"rendered":"<p>Recrutement, absent\u00e9isme, d\u00e9roulement de carri\u00e8re, perception, sensibilisation, accord d&rsquo;entreprise ou encore place accord\u00e9e \u00e0 la sous-traitance, sont analys\u00e9s \u00e0 travers les cas particuliers d&rsquo;entreprises comme Air France, Vedior, SFR, Caisses d&rsquo;Epargne, Banque de France, La Poste&#8230;<\/p>\n","protected":false},"featured_media":2058,"comment_status":"closed","ping_status":"closed","template":"","meta":{"_et_pb_use_builder":"","_et_pb_old_content":"","_et_gb_content_width":"","spay_email":""},"class_list":["post-2059","product","type-product","status-publish","has-post-thumbnail","hentry","product_cat-livres","product_tag-acceptation","product_tag-adulte","product_tag-emploi","product_tag-entreprise","product_tag-etude","product_tag-integration","product_tag-perception","product_tag-personne-handicapee","product_tag-recrutement","product_tag-relation-sociale","product_tag-sensibilisation"],"jetpack_sharing_enabled":true,"jetpack_likes_enabled":true,"_links":{"self":[{"href":"https:\/\/www.parthages.be\/eboutique\/wp-json\/wp\/v2\/product\/2059","targetHints":{"allow":["GET"]}}],"collection":[{"href":"https:\/\/www.parthages.be\/eboutique\/wp-json\/wp\/v2\/product"}],"about":[{"href":"https:\/\/www.parthages.be\/eboutique\/wp-json\/wp\/v2\/types\/product"}],"replies":[{"embeddable":true,"href":"https:\/\/www.parthages.be\/eboutique\/wp-json\/wp\/v2\/comments?post=2059"}],"wp:featuredmedia":[{"embeddable":true,"href":"https:\/\/www.parthages.be\/eboutique\/wp-json\/wp\/v2\/media\/2058"}],"wp:attachment":[{"href":"https:\/\/www.parthages.be\/eboutique\/wp-json\/wp\/v2\/media?parent=2059"}],"curies":[{"name":"wp","href":"https:\/\/api.w.org\/{rel}","templated":true}]}}

<p>Recrutement, absentéisme, déroulement de carrière, perception, sensibilisation, accord d&rsquo;entreprise ou encore place accordée à la sous-traitance, sont analysés à travers les cas particuliers d&rsquo;entreprises comme Air France, Vedior, SFR, Caisses d&rsquo;Epargne, Banque de France, La Poste&#8230;</p>
<p>Chaque sujet abordé fait l&rsquo;objet d&rsquo;un dossier détaillé comprenant le rapport d&rsquo;étude, de commentaires rédigés par les dirigeants des entreprises concernées et par des experts reconnus du monde de l&rsquo;entreprise.</p>
<p>MONTCHAMP M-A.</p>
<p>Colloque Fondation de France Sciences PO, Paris</p>
<p>Editions Agence Entreprises et handicap</p>
<p>2006 -160p.</p>
<p>Cote doc: 4-60-AGE-E1</p>
<p><strong><em>Uniquement à la location</em></strong></p>
<span class="et_bloom_bottom_trigger"></span>

<p>Recrutement, absentéisme, déroulement de carrière, perception, sensibilisation, accord d&rsquo;entreprise ou encore place accordée à la sous-traitance, sont analysés à travers les cas particuliers d&rsquo;entreprises comme Air France, Vedior, SFR, Caisses d&rsquo;Epargne, Banque de France, La Poste&#8230;</p>
