{"id":206,"date":"2012-09-24T11:37:53","date_gmt":"2012-09-24T09:37:53","guid":{"rendered":"https:\/\/www.parthages.be\/wordpress\/produit\/communication-et-handicap\/"},"modified":"2021-08-17T10:27:21","modified_gmt":"2021-08-17T08:27:21","slug":"communication-et-handicap","status":"publish","type":"product","link":"https:\/\/www.parthages.be\/eboutique\/produit\/communication-et-handicap\/","title":{"rendered":"Communication et handicap"},"content":{"rendered":"<p>Le handicap est une chose insolite qui frappe et d\u00e9range l&rsquo;autre dans son quotidien, il suscite tant\u00f4t l&rsquo;envie, le d\u00e9sir de communiquer avec la personne diff\u00e9rente pour approcher sa singularit\u00e9 ; tant\u00f4t il suscite le rejet, l&rsquo;indiff\u00e9rence. Le concept de communication d\u00e9clenche curieusement une avalanche de mots et probablement de maux ! Sous les feuilles mortes, que peut-on dire de la communication? Qu&rsquo;est-ce que communiquer? Comment communique-t-on? (Pr\u00e9sentation de l\u2019\u00e9diteur)<\/p>\n<p>PIOT M.<\/p>\n<p>Editions L&rsquo;Harmattan<\/p>\n<p>2014-114p.-12\u20ac<\/p>\n<p>160gr<\/p>\n<p>ISBN\u00a0: 978-2-296-07471-2<\/p>\n<p>Cote doc\u00a0: 7-30-PIO-C<\/p>\n<span class=\"et_bloom_bottom_trigger\"><\/span>","protected":false},"excerpt":{"rendered":"<p>Le handicap est une chose insolite qui frappe et d\u00e9range l&rsquo;autre dans son quotidien, il suscite tant\u00f4t l&rsquo;envie, le d\u00e9sir de communiquer avec la personne diff\u00e9rente pour approcher sa singularit\u00e9 ; tant\u00f4t il suscite le rejet, l&rsquo;indiff\u00e9rence.<\/p>\n","protected":false},"featured_media":1549,"comment_status":"open","ping_status":"closed","template":"","meta":{"_et_pb_use_builder":"","_et_pb_old_content":"","_et_gb_content_width":"","spay_email":""},"class_list":["post-206","product","type-product","status-publish","has-post-thumbnail","hentry","product_cat-livres","product_tag-communication","product_tag-femme","product_tag-integration","product_tag-media","product_tag-personne-handicapee","product_tag-temoignage","product_tag-travail-social"],"jetpack_sharing_enabled":true,"jetpack_likes_enabled":true,"_links":{"self":[{"href":"https:\/\/www.parthages.be\/eboutique\/wp-json\/wp\/v2\/product\/206","targetHints":{"allow":["GET"]}}],"collection":[{"href":"https:\/\/www.parthages.be\/eboutique\/wp-json\/wp\/v2\/product"}],"about":[{"href":"https:\/\/www.parthages.be\/eboutique\/wp-json\/wp\/v2\/types\/product"}],"replies":[{"embeddable":true,"href":"https:\/\/www.parthages.be\/eboutique\/wp-json\/wp\/v2\/comments?post=206"}],"wp:featuredmedia":[{"embeddable":true,"href":"https:\/\/www.parthages.be\/eboutique\/wp-json\/wp\/v2\/media\/1549"}],"wp:attachment":[{"href":"https:\/\/www.parthages.be\/eboutique\/wp-json\/wp\/v2\/media?parent=206"}],"curies":[{"name":"wp","href":"https:\/\/api.w.org\/{rel}","templated":true}]}}