{"id":2074,"date":"2021-10-19T11:25:00","date_gmt":"2021-10-19T09:25:00","guid":{"rendered":"https:\/\/www.parthages.be\/eboutique\/?post_type=product&#038;p=2074"},"modified":"2021-10-19T11:25:01","modified_gmt":"2021-10-19T09:25:01","slug":"aspects-economiques-de-leducation-speciale-tchecoslovaquie-nouvelle-zelande-etats-unis-damerique","status":"publish","type":"product","link":"https:\/\/www.parthages.be\/eboutique\/produit\/aspects-economiques-de-leducation-speciale-tchecoslovaquie-nouvelle-zelande-etats-unis-damerique\/","title":{"rendered":"Aspects \u00e9conomiques de l&rsquo;\u00e9ducation sp\u00e9ciale : Tch\u00e9coslovaquie Nouvelle-Z\u00e9lande Etats-Unis d&rsquo;Am\u00e9rique"},"content":{"rendered":"<p>Les \u00e9tudes figurant dans le pr\u00e9sent ouvrage visent \u00e0 d\u00e9terminer dans quelle mesure un handicap\u00e9 peut, gr\u00e2ce \u00e0 une assistance, un traitement et une \u00e9ducation appropri\u00e9s, devenir ind\u00e9pendant; quel est le co\u00fbt de la prise en charge \u00e0 vie d&rsquo;un handicap\u00e9 qui n&rsquo; a pas re\u00e7u un enseignement et une formation lui assurant l&rsquo;ind\u00e9pendance; quelle est la situation sur la march\u00e9 du travail du handicap\u00e9 qui a re\u00e7u une formation; quel est le co\u00fbt moyen des soins apport\u00e9s aux personnes totalement ou partiellement d\u00e9pendante; combien de temps il faut \u00e0 la collectivit\u00e9 pour r\u00e9cup\u00e9rer gr\u00e2ce aux imp\u00f4ts, etc&#8230;,le surcro\u00eet de d\u00e9penses qu&rsquo;elle a consenti pour l&rsquo;\u00e9ducation des aveugles, des sourds et des handicap\u00e9s physiques ou mentaux; enfin quel est le rapport entre les d\u00e9penses effectu\u00e9es par la collectivit\u00e9 pour \u00e9duquer les handicap\u00e9s et les b\u00e9n\u00e9fices qu&rsquo;elle en tirera par la suite. L\u2019objet de ces \u00e9tudes (men\u00e9es par la Tch\u00e9coslovaquie, la Nouvelle-Z\u00e9lande et les Etats-Unis d&rsquo;Am\u00e9rique) est essentiellement de montrer aux agents de d\u00e9cision, aux planificateurs de l&rsquo;\u00e9ducation et aux administrateurs d&rsquo;\u00e9tablissements scolaires que l&rsquo;\u00e9ducation sp\u00e9ciale est effectivement rentable, sinon dans l&rsquo;imm\u00e9diat, du moins \u00e0 long terme.<\/p>\n<p>UNESCO<\/p>\n<p>Presses de l&rsquo;Unesco<\/p>\n<p>1978-152p.<\/p>\n<p>ISBN\u00a0: 92-3-201514-5<\/p>\n<p>Cote doc\u00a0: 4-50-UNE-M2<\/p>\n<p><strong><em>Uniquement \u00e0 la location<\/em><\/strong><\/p>\n<span class=\"et_bloom_bottom_trigger\"><\/span>","protected":false},"excerpt":{"rendered":"<p>Les \u00e9tudes figurant dans le pr\u00e9sent ouvrage visent \u00e0 d\u00e9terminer dans quelle mesure un handicap\u00e9 peut, gr\u00e2ce \u00e0 une assistance, un traitement et une \u00e9ducation appropri\u00e9s, devenir ind\u00e9pendant<\/p>\n","protected":false},"featured_media":2075,"comment_status":"closed","ping_status":"closed","template":"","meta":{"_et_pb_use_builder":"","_et_pb_old_content":"","_et_gb_content_width":"","spay_email":""},"class_list":["post-2074","product","type-product","status-publish","has-post-thumbnail","hentry","product_cat-livres","product_tag-amerique","product_tag-autonomie","product_tag-cout","product_tag-deficience-intellectuelle","product_tag-deficience-visuelle","product_tag-enseignement-integre","product_tag-enseignement-specialise","product_tag-formation","product_tag-integration-professionnelle","product_tag-integration-sociale","product_tag-nouvelle-zelande","product_tag-personne-handicapee","product_tag-tchecoslovaquie","product_tag-unesco"],"jetpack_sharing_enabled":true,"jetpack_likes_enabled":true,"_links":{"self":[{"href":"https:\/\/www.parthages.be\/eboutique\/wp-json\/wp\/v2\/product\/2074","targetHints":{"allow":["GET"]}}],"collection":[{"href":"https:\/\/www.parthages.be\/eboutique\/wp-json\/wp\/v2\/product"}],"about":[{"href":"https:\/\/www.parthages.be\/eboutique\/wp-json\/wp\/v2\/types\/product"}],"replies":[{"embeddable":true,"href":"https:\/\/www.parthages.be\/eboutique\/wp-json\/wp\/v2\/comments?post=2074"}],"wp:featuredmedia":[{"embeddable":true,"href":"https:\/\/www.parthages.be\/eboutique\/wp-json\/wp\/v2\/media\/2075"}],"wp:attachment":[{"href":"https:\/\/www.parthages.be\/eboutique\/wp-json\/wp\/v2\/media?parent=2074"}],"curies":[{"name":"wp","href":"https:\/\/api.w.org\/{rel}","templated":true}]}}

Aspects économiques de l&rsquo;éducation spéciale : Tchécoslovaquie Nouvelle-Zélande Etats-Unis d&rsquo;Amérique

<p>Les études figurant dans le présent ouvrage visent à déterminer dans quelle mesure un handicapé peut, grâce à une assistance, un traitement et une éducation appropriés, devenir indépendant; quel est le coût de la prise en charge à vie d&rsquo;un handicapé qui n&rsquo; a pas reçu un enseignement et une formation lui assurant l&rsquo;indépendance; quelle est la situation sur la marché du travail du handicapé qui a reçu une formation; quel est le coût moyen des soins apportés aux personnes totalement ou partiellement dépendante; combien de temps il faut à la collectivité pour récupérer grâce aux impôts, etc&#8230;,le surcroît de dépenses qu&rsquo;elle a consenti pour l&rsquo;éducation des aveugles, des sourds et des handicapés physiques ou mentaux; enfin quel est le rapport entre les dépenses effectuées par la collectivité pour éduquer les handicapés et les bénéfices qu&rsquo;elle en tirera par la suite. L’objet de ces études (menées par la Tchécoslovaquie, la Nouvelle-Zélande et les Etats-Unis d&rsquo;Amérique) est essentiellement de montrer aux agents de décision, aux planificateurs de l&rsquo;éducation et aux administrateurs d&rsquo;établissements scolaires que l&rsquo;éducation spéciale est effectivement rentable, sinon dans l&rsquo;immédiat, du moins à long terme.</p>
<p>UNESCO</p>
<p>Presses de l&rsquo;Unesco</p>
<p>1978-152p.</p>
<p>ISBN : 92-3-201514-5</p>
<p>Cote doc : 4-50-UNE-M2</p>
<p><strong><em>Uniquement à la location</em></strong></p>
<span class="et_bloom_bottom_trigger"></span>

<p>Les études figurant dans le présent ouvrage visent à déterminer dans quelle mesure un handicapé peut, grâce à une assistance, un traitement et une éducation appropriés, devenir indépendant</p>
