{"id":2076,"date":"2021-10-19T11:38:22","date_gmt":"2021-10-19T09:38:22","guid":{"rendered":"https:\/\/www.parthages.be\/eboutique\/?post_type=product&#038;p=2076"},"modified":"2021-10-19T11:38:22","modified_gmt":"2021-10-19T09:38:22","slug":"une-universite-europeenne-pour-etudiants-a-besoins-specifiques","status":"publish","type":"product","link":"https:\/\/www.parthages.be\/eboutique\/produit\/une-universite-europeenne-pour-etudiants-a-besoins-specifiques\/","title":{"rendered":"Une universit\u00e9 europ\u00e9enne pour \u00e9tudiants \u00e0 besoins sp\u00e9cifiques"},"content":{"rendered":"<p><strong><em>Colloque<\/em><\/strong><\/p>\n<p>DE VRIENDT M.J.<\/p>\n<p>UNIVERSITE DE MONS-HAINAUT<\/p>\n<p>COMMISSION DES COMMUNAUTES EUROPEENNES<\/p>\n<p>1990-184p<\/p>\n<p>Cote doc\u00a0:\u00a04-50-UMH-U<\/p>\n<p><strong><em>Uniquement \u00e0 la location<\/em><\/strong><\/p>\n<span class=\"et_bloom_bottom_trigger\"><\/span>","protected":false},"excerpt":{"rendered":"<p>Colloque<\/p>\n","protected":false},"featured_media":2077,"comment_status":"closed","ping_status":"closed","template":"","meta":{"_et_pb_use_builder":"","_et_pb_old_content":"","_et_gb_content_width":"","spay_email":""},"class_list":["post-2076","product","type-product","status-publish","has-post-thumbnail","hentry","product_cat-livres","product_tag-cee","product_tag-enseignement-integre","product_tag-enseignement-specialise","product_tag-etudiant","product_tag-formation","product_tag-integration-professionnelle","product_tag-integration-sociale","product_tag-personne-handicapee","product_tag-programme","product_tag-province-du-hainaut"],"jetpack_sharing_enabled":true,"jetpack_likes_enabled":true,"_links":{"self":[{"href":"https:\/\/www.parthages.be\/eboutique\/wp-json\/wp\/v2\/product\/2076","targetHints":{"allow":["GET"]}}],"collection":[{"href":"https:\/\/www.parthages.be\/eboutique\/wp-json\/wp\/v2\/product"}],"about":[{"href":"https:\/\/www.parthages.be\/eboutique\/wp-json\/wp\/v2\/types\/product"}],"replies":[{"embeddable":true,"href":"https:\/\/www.parthages.be\/eboutique\/wp-json\/wp\/v2\/comments?post=2076"}],"wp:featuredmedia":[{"embeddable":true,"href":"https:\/\/www.parthages.be\/eboutique\/wp-json\/wp\/v2\/media\/2077"}],"wp:attachment":[{"href":"https:\/\/www.parthages.be\/eboutique\/wp-json\/wp\/v2\/media?parent=2076"}],"curies":[{"name":"wp","href":"https:\/\/api.w.org\/{rel}","templated":true}]}}

Une université européenne pour étudiants à besoins spécifiques

<p><strong><em>Colloque</em></strong></p>
<p>DE VRIENDT M.J.</p>
<p>UNIVERSITE DE MONS-HAINAUT</p>
<p>COMMISSION DES COMMUNAUTES EUROPEENNES</p>
<p>1990-184p</p>
<p>Cote doc : 4-50-UMH-U</p>
<p><strong><em>Uniquement à la location</em></strong></p>
<span class="et_bloom_bottom_trigger"></span>
