{"id":2088,"date":"2021-10-19T12:23:37","date_gmt":"2021-10-19T10:23:37","guid":{"rendered":"https:\/\/www.parthages.be\/eboutique\/?post_type=product&#038;p=2088"},"modified":"2022-03-25T10:38:40","modified_gmt":"2022-03-25T09:38:40","slug":"mon-amie-est-trisomique","status":"publish","type":"product","link":"https:\/\/www.parthages.be\/eboutique\/produit\/mon-amie-est-trisomique\/","title":{"rendered":"Mon amie est trisomique"},"content":{"rendered":"<p><em>Sarah est trisomique: elle est atteinte du Syndrome de Down. Mais \u00e7a ne nous emp\u00eache pas d&rsquo;\u00eatre amies. On suit des cours de ballet ensemble, on se raconte des blagues et on s&rsquo;amuse beaucoup. Je suis contente que Sarah soit mon amie !\u00a0\u00bb\u00a0<\/em><\/p>\n<p>Ce mat\u00e9riel p\u00e9dagogique permet aux \u00e9l\u00e8ves, aux parents et aux enseignants :<\/p>\n<ul>\n<li>de mieux comprendre la r\u00e9alit\u00e9 que vivent les jeunes atteints de ces troubles<\/li>\n<li>de favoriser une inclusion harmonieuse de ces \u00e9l\u00e8ves au sein de la classe<\/li>\n<li>d\u2019encourager les valeurs qui sont \u00e0 la base de relations interpersonnelles saines telles que le respect et l\u2019empathie.\u00a0(Pr\u00e9sentation de l\u2019\u00e9diteur)<\/li>\n<\/ul>\n<p>TOURVILLE A.<\/p>\n<p>Cheneli\u00e8re Education<\/p>\n<p>2011-24p.<\/p>\n<p>ISBN: 978-2-7650-3191-8<\/p>\n<p>Cote doc: 11-TOU-T<\/p>\n<p><strong><em>Uniquement \u00e0 la location<\/em><\/strong><\/p>\n<span class=\"et_bloom_bottom_trigger\"><\/span>","protected":false},"excerpt":{"rendered":"<p><em>Sarah est trisomique: elle est atteinte du Syndrome de Down. Mais \u00e7a ne nous emp\u00eache pas d&rsquo;\u00eatre amies. On suit des cours de ballet ensemble, on se raconte des blagues et on s&rsquo;amuse beaucoup. Je suis contente que Sarah soit mon amie !\u00a0\u00bb\u00a0<\/em><\/p>\n","protected":false},"featured_media":2086,"comment_status":"closed","ping_status":"closed","template":"","meta":{"_et_pb_use_builder":"","_et_pb_old_content":"","_et_gb_content_width":"","spay_email":""},"class_list":["post-2088","product","type-product","status-publish","has-post-thumbnail","hentry","product_cat-livres","product_cat-livres-jeunesse","product_tag-amitie","product_tag-inclusion","product_tag-integration-scolaire","product_tag-jeunesse","product_tag-trisomie-21"],"jetpack_sharing_enabled":true,"jetpack_likes_enabled":true,"_links":{"self":[{"href":"https:\/\/www.parthages.be\/eboutique\/wp-json\/wp\/v2\/product\/2088","targetHints":{"allow":["GET"]}}],"collection":[{"href":"https:\/\/www.parthages.be\/eboutique\/wp-json\/wp\/v2\/product"}],"about":[{"href":"https:\/\/www.parthages.be\/eboutique\/wp-json\/wp\/v2\/types\/product"}],"replies":[{"embeddable":true,"href":"https:\/\/www.parthages.be\/eboutique\/wp-json\/wp\/v2\/comments?post=2088"}],"wp:featuredmedia":[{"embeddable":true,"href":"https:\/\/www.parthages.be\/eboutique\/wp-json\/wp\/v2\/media\/2086"}],"wp:attachment":[{"href":"https:\/\/www.parthages.be\/eboutique\/wp-json\/wp\/v2\/media?parent=2088"}],"curies":[{"name":"wp","href":"https:\/\/api.w.org\/{rel}","templated":true}]}}