{"id":2091,"date":"2021-10-19T13:26:36","date_gmt":"2021-10-19T11:26:36","guid":{"rendered":"https:\/\/www.parthages.be\/eboutique\/?post_type=product&#038;p=2091"},"modified":"2021-10-19T13:26:36","modified_gmt":"2021-10-19T11:26:36","slug":"bruxelles-pour-tous-guide-touristique-pour-les-personnes-a-mobilite-reduite","status":"publish","type":"product","link":"https:\/\/www.parthages.be\/eboutique\/produit\/bruxelles-pour-tous-guide-touristique-pour-les-personnes-a-mobilite-reduite\/","title":{"rendered":"Bruxelles pour tous: guide touristique pour les personnes \u00e0 mobilit\u00e9 r\u00e9duite"},"content":{"rendered":"<p>Guide touristique de Bruxelles \u00e0 l&rsquo;attention des personnes \u00e0 mobilit\u00e9 r\u00e9duite : transports, loisirs, culture, restaurants et h\u00e9bergements&#8230;.<\/p>\n<p>O\u00f9 se le procurer\u00a0: <a href=\"https:\/\/visit.brussels\/fr\/article\/guide-bruxelles-pour-tous\" target=\"_blank\" rel=\"noopener\">https:\/\/visit.brussels\/fr\/article\/guide-bruxelles-pour-tous<\/a><\/p>\n<p>Informations en ligne\u00a0: <a href=\"https:\/\/handy.brussels\/\" target=\"_blank\" rel=\"noopener\">https:\/\/handy.brussels\/<\/a><\/p>\n<p>Guide en Fran\u00e7ais, N\u00e9erlandais et Anglais<\/p>\n<p>Cote doc: 000-080-004\/3<\/p>\n<p><strong><em>Uniquement \u00e0 la location<\/em><\/strong><\/p>\n<span class=\"et_bloom_bottom_trigger\"><\/span>","protected":false},"excerpt":{"rendered":"<p>Guide touristique de Bruxelles \u00e0 l&rsquo;attention des personnes \u00e0 mobilit\u00e9 r\u00e9duite : transports, loisirs, culture, restaurants et h\u00e9bergements&#8230;.<\/p>\n","protected":false},"featured_media":2092,"comment_status":"closed","ping_status":"closed","template":"","meta":{"_et_pb_use_builder":"","_et_pb_old_content":"","_et_gb_content_width":"","spay_email":""},"class_list":["post-2091","product","type-product","status-publish","has-post-thumbnail","hentry","product_cat-livres","product_tag-accessibilite","product_tag-bruxelles-capitale","product_tag-cinema","product_tag-culture","product_tag-deficience-physique","product_tag-loisir","product_tag-personne-a-mobilite-reduite","product_tag-personne-handicapee","product_tag-restaurant","product_tag-tourisme","product_tag-transport"],"jetpack_sharing_enabled":true,"jetpack_likes_enabled":true,"_links":{"self":[{"href":"https:\/\/www.parthages.be\/eboutique\/wp-json\/wp\/v2\/product\/2091","targetHints":{"allow":["GET"]}}],"collection":[{"href":"https:\/\/www.parthages.be\/eboutique\/wp-json\/wp\/v2\/product"}],"about":[{"href":"https:\/\/www.parthages.be\/eboutique\/wp-json\/wp\/v2\/types\/product"}],"replies":[{"embeddable":true,"href":"https:\/\/www.parthages.be\/eboutique\/wp-json\/wp\/v2\/comments?post=2091"}],"wp:featuredmedia":[{"embeddable":true,"href":"https:\/\/www.parthages.be\/eboutique\/wp-json\/wp\/v2\/media\/2092"}],"wp:attachment":[{"href":"https:\/\/www.parthages.be\/eboutique\/wp-json\/wp\/v2\/media?parent=2091"}],"curies":[{"name":"wp","href":"https:\/\/api.w.org\/{rel}","templated":true}]}}