{"id":2097,"date":"2021-10-19T13:34:15","date_gmt":"2021-10-19T11:34:15","guid":{"rendered":"https:\/\/www.parthages.be\/eboutique\/?post_type=product&#038;p=2097"},"modified":"2022-03-23T17:35:13","modified_gmt":"2022-03-23T16:35:13","slug":"a-la-rencontre-de-ferdinand","status":"publish","type":"product","link":"https:\/\/www.parthages.be\/eboutique\/produit\/a-la-rencontre-de-ferdinand\/","title":{"rendered":"A la rencontre de Ferdinand"},"content":{"rendered":"<p>Rencontrer Ferdinand c&rsquo;est toute une aventure!<\/p>\n<p>C&rsquo;est d\u00e9couvrir une vie o\u00f9, pour avancer, il faut sans cesse franchir des obstacles et tenter de rendre possible ce qui ne l&rsquo;est pas.<\/p>\n<p>Mais qu&rsquo;est-ce qu&rsquo;il a ce gar\u00e7on ? se demande-t-on lorsqu&rsquo;on le croise dans la rue et que papa et maman nous tirent par le bras pour ne pas qu&rsquo;on le regarde comme \u00e7a.<\/p>\n<p>Dans ce petit livre on apprend ce qu&rsquo;il a Ferdinand, et on d\u00e9couvre ce que c&rsquo;est que de na\u00eetre diff\u00e9rent. D\u00e9couvrir la r\u00e9alit\u00e9, c&rsquo;est un peu la comprendre, et comprendre c&rsquo;est d\u00e9j\u00e0 s&rsquo;ouvrir \u00e0 la diff\u00e9rence et pouvoir en parler. (Pr\u00e9sentation de l&rsquo;\u00e9diteur)<\/p>\n<p>PATRICOT J-B. &#8211; POLLOCK F.<\/p>\n<p>HD Editions<\/p>\n<p>2014- 148p.12\u20ac<\/p>\n<p>300gr<\/p>\n<p>ISBN: 978-2363-45037-1<\/p>\n<p>Cote doc: 11-PAT-R<\/p>\n<span class=\"et_bloom_bottom_trigger\"><\/span>","protected":false},"excerpt":{"rendered":"<p>Rencontrer Ferdinand c&rsquo;est toute une aventure!<\/p>\n","protected":false},"featured_media":2098,"comment_status":"closed","ping_status":"closed","template":"","meta":{"_et_pb_use_builder":"","_et_pb_old_content":"","_et_gb_content_width":"","spay_email":""},"class_list":["post-2097","product","type-product","status-publish","has-post-thumbnail","hentry","product_cat-livres","product_cat-livres-jeunesse","product_tag-bec-de-lievre","product_tag-malvoyant","product_tag-surdite","product_tag-syndrome-de-charge"],"jetpack_sharing_enabled":true,"jetpack_likes_enabled":true,"_links":{"self":[{"href":"https:\/\/www.parthages.be\/eboutique\/wp-json\/wp\/v2\/product\/2097","targetHints":{"allow":["GET"]}}],"collection":[{"href":"https:\/\/www.parthages.be\/eboutique\/wp-json\/wp\/v2\/product"}],"about":[{"href":"https:\/\/www.parthages.be\/eboutique\/wp-json\/wp\/v2\/types\/product"}],"replies":[{"embeddable":true,"href":"https:\/\/www.parthages.be\/eboutique\/wp-json\/wp\/v2\/comments?post=2097"}],"wp:featuredmedia":[{"embeddable":true,"href":"https:\/\/www.parthages.be\/eboutique\/wp-json\/wp\/v2\/media\/2098"}],"wp:attachment":[{"href":"https:\/\/www.parthages.be\/eboutique\/wp-json\/wp\/v2\/media?parent=2097"}],"curies":[{"name":"wp","href":"https:\/\/api.w.org\/{rel}","templated":true}]}}