{"id":2113,"date":"2021-10-19T14:09:21","date_gmt":"2021-10-19T12:09:21","guid":{"rendered":"https:\/\/www.parthages.be\/eboutique\/?post_type=product&#038;p=2113"},"modified":"2022-03-25T10:44:16","modified_gmt":"2022-03-25T09:44:16","slug":"samuel-les-chemins-de-lecole","status":"publish","type":"product","link":"https:\/\/www.parthages.be\/eboutique\/produit\/samuel-les-chemins-de-lecole\/","title":{"rendered":"Samuel &#8211; Les chemins de l&rsquo;\u00e9cole"},"content":{"rendered":"<p>Je m\u2019appelle Samuel, j\u2019ai douze ans. Je vis en Inde, dans une r\u00e9gion appel\u00e9e Tamil Nadou, au sud-est du pays. J\u2019ai deux petits fr\u00e8res, Emmanuel et Gabriel.<\/p>\n<p>Mes parents ont d\u00fb d\u00e9m\u00e9nager pour se rapprocher de la seule \u00e9cole qui m\u2019acceptait avec mon fauteuil roulant. Tous les matins, avec mes fr\u00e8res, nous parcourons quatre kilom\u00e8tres \u00e0 pied\u2026 et \u00e0 roues. Il nous faut une heure et quart pour rejoindre l\u2019\u00e9cole. (Pr\u00e9sentation de l&rsquo;\u00e9diteur)<\/p>\n<p>NANTEUIL S.<\/p>\n<p>Nathan<\/p>\n<p>2016 -80p.- 6.90\u20ac<\/p>\n<p>155gr<\/p>\n<p>ISBN: 978-2-09-256613-8<\/p>\n<p>Cote doc: 11-NAN-S<\/p>\n<span class=\"et_bloom_bottom_trigger\"><\/span>","protected":false},"excerpt":{"rendered":"<p>Je m\u2019appelle Samuel, j\u2019ai douze ans. Je vis en Inde, dans une r\u00e9gion appel\u00e9e Tamil Nadou, au sud-est du pays. J\u2019ai deux petits fr\u00e8res, Emmanuel et Gabriel.<\/p>\n","protected":false},"featured_media":2120,"comment_status":"closed","ping_status":"closed","template":"","meta":{"_et_pb_use_builder":"","_et_pb_old_content":"","_et_gb_content_width":"","spay_email":""},"class_list":["post-2113","product","type-product","status-publish","has-post-thumbnail","hentry","product_cat-livres","product_cat-livres-jeunesse","product_tag-difference"],"jetpack_sharing_enabled":true,"jetpack_likes_enabled":true,"_links":{"self":[{"href":"https:\/\/www.parthages.be\/eboutique\/wp-json\/wp\/v2\/product\/2113","targetHints":{"allow":["GET"]}}],"collection":[{"href":"https:\/\/www.parthages.be\/eboutique\/wp-json\/wp\/v2\/product"}],"about":[{"href":"https:\/\/www.parthages.be\/eboutique\/wp-json\/wp\/v2\/types\/product"}],"replies":[{"embeddable":true,"href":"https:\/\/www.parthages.be\/eboutique\/wp-json\/wp\/v2\/comments?post=2113"}],"wp:featuredmedia":[{"embeddable":true,"href":"https:\/\/www.parthages.be\/eboutique\/wp-json\/wp\/v2\/media\/2120"}],"wp:attachment":[{"href":"https:\/\/www.parthages.be\/eboutique\/wp-json\/wp\/v2\/media?parent=2113"}],"curies":[{"name":"wp","href":"https:\/\/api.w.org\/{rel}","templated":true}]}}