{"id":2114,"date":"2021-10-19T14:11:14","date_gmt":"2021-10-19T12:11:14","guid":{"rendered":"https:\/\/www.parthages.be\/eboutique\/?post_type=product&#038;p=2114"},"modified":"2022-03-23T17:55:08","modified_gmt":"2022-03-23T16:55:08","slug":"le-secret-de-grand-pere","status":"publish","type":"product","link":"https:\/\/www.parthages.be\/eboutique\/produit\/le-secret-de-grand-pere\/","title":{"rendered":"Le secret de Grand-P\u00e8re"},"content":{"rendered":"<p>Les parents du narrateur n&rsquo;ont jamais aim\u00e9 la vie \u00e0 la campagne. Lui adore aller dans la vieille ferme de son grand-p\u00e8re et jouer dans la grange, sur le vieux tracteur. Il aime \u00e9couter Grand-P\u00e8re parler de son enfance de petit paysan : il parle de son p\u00e8re et de Joey, le cheval que celui-ci a sauv\u00e9 de la mort pendant la Premi\u00e8re Guerre mondiale. Mais parfois Grand-P\u00e8re devient triste et silencieux. Son petit-fils se demande quel secret le tourmente&#8230; Un jour enfin, le vieil homme avoue qu&rsquo;il est analphab\u00e8te et le gar\u00e7on lui apprend alors \u00e0 lire et \u00e0 \u00e9crire. Pour le remercier, Grand-p\u00e8re lui \u00e9crit une nouvelle histoire de son p\u00e8re et de son fameux cheval Joey. C&rsquo;est aussi l&rsquo;histoire du vieux tracteur remis\u00e9 au fond de la grange&#8230; (Pr\u00e9sentation de l&rsquo;\u00e9diteur)<\/p>\n<p>MORPURGO M.- FOREMAN M.<\/p>\n<p>Folio cadet<\/p>\n<p>2002-126p.<\/p>\n<p>ISBN\u00a0: 978-2-07053806-5<\/p>\n<p>Cote doc\u00a0: 11-MOR-S<\/p>\n<p><strong><em>Uniquement \u00e0 la location<\/em><\/strong><\/p>\n<span class=\"et_bloom_bottom_trigger\"><\/span>","protected":false},"excerpt":{"rendered":"<p>Les parents du narrateur n&rsquo;ont jamais aim\u00e9 la vie \u00e0 la campagne. Lui adore aller dans la vieille ferme de son grand-p\u00e8re et jouer dans la grange, sur le vieux tracteur.<\/p>\n","protected":false},"featured_media":2115,"comment_status":"closed","ping_status":"closed","template":"","meta":{"_et_pb_use_builder":"","_et_pb_old_content":"","_et_gb_content_width":"","spay_email":""},"class_list":["post-2114","product","type-product","status-publish","has-post-thumbnail","hentry","product_cat-livres","product_cat-livres-jeunesse","product_tag-analphabetisme","product_tag-difference"],"jetpack_sharing_enabled":true,"jetpack_likes_enabled":true,"_links":{"self":[{"href":"https:\/\/www.parthages.be\/eboutique\/wp-json\/wp\/v2\/product\/2114","targetHints":{"allow":["GET"]}}],"collection":[{"href":"https:\/\/www.parthages.be\/eboutique\/wp-json\/wp\/v2\/product"}],"about":[{"href":"https:\/\/www.parthages.be\/eboutique\/wp-json\/wp\/v2\/types\/product"}],"replies":[{"embeddable":true,"href":"https:\/\/www.parthages.be\/eboutique\/wp-json\/wp\/v2\/comments?post=2114"}],"wp:featuredmedia":[{"embeddable":true,"href":"https:\/\/www.parthages.be\/eboutique\/wp-json\/wp\/v2\/media\/2115"}],"wp:attachment":[{"href":"https:\/\/www.parthages.be\/eboutique\/wp-json\/wp\/v2\/media?parent=2114"}],"curies":[{"name":"wp","href":"https:\/\/api.w.org\/{rel}","templated":true}]}}