{"id":2118,"date":"2021-10-19T14:12:55","date_gmt":"2021-10-19T12:12:55","guid":{"rendered":"https:\/\/www.parthages.be\/eboutique\/?post_type=product&#038;p=2118"},"modified":"2022-03-23T17:56:46","modified_gmt":"2022-03-23T16:56:46","slug":"mimi-loreille","status":"publish","type":"product","link":"https:\/\/www.parthages.be\/eboutique\/produit\/mimi-loreille\/","title":{"rendered":"Mimi l&rsquo;oreille"},"content":{"rendered":"<p>\u00abIl y avait une fois un lapin qui n&rsquo;avait qu&rsquo;une oreille. Il \u00e9tait n\u00e9 avec deux yeux, un nez, une bouche et une oreille, ce qui ne le rendait pas si diff\u00e9rent des autres lapins, mais vers l&rsquo;\u00e2ge de sept ans, il voulut \u00eatre comme tout le monde, c&rsquo;est \u00e0 dire avoir lui aussi deux oreilles. Pour \u00eatre plus beau, disait-il.\u00bb Ce lapin, qui s&rsquo;appelait Mimi, voulait aussi comprendre comment marche le monde, et il \u00e9tait convaincu que pour cela il fallait avoir deux oreilles. Il alla voir le docteur Mo\u00efse, mais celui-ci lui dit qu&rsquo;il n&rsquo;avait pas d&rsquo;oreille sous la main. Mimi entreprit alors un assez long voyage \u00e0 la recherche d&rsquo;une oreille. (Pr\u00e9sentation de l&rsquo;\u00e9diteur)<\/p>\n<p>LECAYE O.- SOLOTAREFF G.<\/p>\n<p>Lutin poche<\/p>\n<p>2005-39p<\/p>\n<p>ISBN\u00a0: 978-2-211-0787-64<\/p>\n<p>Cote doc\u00a0: 11-LEC-M<\/p>\n<p><strong><em>Uniquement \u00e0 la location<\/em><\/strong><\/p>\n<span class=\"et_bloom_bottom_trigger\"><\/span>","protected":false},"excerpt":{"rendered":"<p>\u00abIl y avait une fois un lapin qui n&rsquo;avait qu&rsquo;une oreille. Il \u00e9tait n\u00e9 avec deux yeux, un nez, une bouche et une oreille, ce qui ne le rendait pas si diff\u00e9rent des autres lapins, mais vers l&rsquo;\u00e2ge de sept ans, il voulut \u00eatre comme tout le monde, c&rsquo;est \u00e0 dire avoir lui aussi deux oreilles.<\/p>\n","protected":false},"featured_media":2119,"comment_status":"closed","ping_status":"closed","template":"","meta":{"_et_pb_use_builder":"","_et_pb_old_content":"","_et_gb_content_width":"","spay_email":""},"class_list":["post-2118","product","type-product","status-publish","has-post-thumbnail","hentry","product_cat-livres","product_cat-livres-jeunesse","product_tag-difference"],"jetpack_sharing_enabled":true,"jetpack_likes_enabled":true,"_links":{"self":[{"href":"https:\/\/www.parthages.be\/eboutique\/wp-json\/wp\/v2\/product\/2118","targetHints":{"allow":["GET"]}}],"collection":[{"href":"https:\/\/www.parthages.be\/eboutique\/wp-json\/wp\/v2\/product"}],"about":[{"href":"https:\/\/www.parthages.be\/eboutique\/wp-json\/wp\/v2\/types\/product"}],"replies":[{"embeddable":true,"href":"https:\/\/www.parthages.be\/eboutique\/wp-json\/wp\/v2\/comments?post=2118"}],"wp:featuredmedia":[{"embeddable":true,"href":"https:\/\/www.parthages.be\/eboutique\/wp-json\/wp\/v2\/media\/2119"}],"wp:attachment":[{"href":"https:\/\/www.parthages.be\/eboutique\/wp-json\/wp\/v2\/media?parent=2118"}],"curies":[{"name":"wp","href":"https:\/\/api.w.org\/{rel}","templated":true}]}}