{"id":2166,"date":"2021-11-16T08:03:59","date_gmt":"2021-11-16T07:03:59","guid":{"rendered":"https:\/\/www.parthages.be\/eboutique\/?post_type=product&#038;p=2166"},"modified":"2021-11-16T08:03:59","modified_gmt":"2021-11-16T07:03:59","slug":"manuel-dinitiation-a-la-recherche-en-travail-social-construire-un-memoire-professionnel","status":"publish","type":"product","link":"https:\/\/www.parthages.be\/eboutique\/produit\/manuel-dinitiation-a-la-recherche-en-travail-social-construire-un-memoire-professionnel\/","title":{"rendered":"Manuel d&rsquo;initiation \u00e0 la recherche en travail social : construire un m\u00e9moire professionnel"},"content":{"rendered":"<p>Fruit d&rsquo;une longue exp\u00e9rience p\u00e9dagogique, cet ouvrage propose un cadre de r\u00e9f\u00e9rence aux \u00e9tudiants du secteur social pour la r\u00e9alisation de leurs m\u00e9moires professionnels. Il constitue aussi un appui technique pour toute personne d\u00e9sirant mettre en \u0153uvre un m\u00e9moire dit de recherche \u00e0 finalit\u00e9 professionnelle. Il permet une investigation des ph\u00e9nom\u00e8nes sociaux au sens large, ou simplement la r\u00e9alisation d&rsquo;une enqu\u00eate ou d&rsquo;interviews. Une grande place est accord\u00e9e aux savoir-faire indispensables \u00e0 chaque \u00e9tape : \u00e9lucidation de la question de d\u00e9part, interviews exploratoires, construction de l&rsquo;hypoth\u00e8se, techniques d&rsquo;\u00e9chantillonnage&#8230; (pr\u00e9sentation de l&rsquo;\u00e9diteur)<\/p>\n<p>LIEVRE P.<\/p>\n<p>Ensp<\/p>\n<p>2006-154p.<\/p>\n<p>ISBN: 2-85952-933-0<\/p>\n<p>Cote doc:\u00a04-50-LIE-M<\/p>\n<p><strong><em>Uniquement \u00e0 la location<\/em><\/strong><\/p>\n<span class=\"et_bloom_bottom_trigger\"><\/span>","protected":false},"excerpt":{"rendered":"<p>Fruit d&rsquo;une longue exp\u00e9rience p\u00e9dagogique, cet ouvrage propose un cadre de r\u00e9f\u00e9rence aux \u00e9tudiants du secteur social pour la r\u00e9alisation de leurs m\u00e9moires professionnels.<\/p>\n","protected":false},"featured_media":2167,"comment_status":"closed","ping_status":"closed","template":"","meta":{"_et_pb_use_builder":"","_et_pb_old_content":"","_et_gb_content_width":"","spay_email":""},"class_list":["post-2166","product","type-product","status-publish","has-post-thumbnail","hentry","product_cat-livres","product_tag-enquete","product_tag-entretien","product_tag-etudiant","product_tag-memoire","product_tag-methodologie","product_tag-pedagogie","product_tag-questionnaire","product_tag-recherche","product_tag-travail-social"],"jetpack_sharing_enabled":true,"jetpack_likes_enabled":true,"_links":{"self":[{"href":"https:\/\/www.parthages.be\/eboutique\/wp-json\/wp\/v2\/product\/2166","targetHints":{"allow":["GET"]}}],"collection":[{"href":"https:\/\/www.parthages.be\/eboutique\/wp-json\/wp\/v2\/product"}],"about":[{"href":"https:\/\/www.parthages.be\/eboutique\/wp-json\/wp\/v2\/types\/product"}],"replies":[{"embeddable":true,"href":"https:\/\/www.parthages.be\/eboutique\/wp-json\/wp\/v2\/comments?post=2166"}],"wp:featuredmedia":[{"embeddable":true,"href":"https:\/\/www.parthages.be\/eboutique\/wp-json\/wp\/v2\/media\/2167"}],"wp:attachment":[{"href":"https:\/\/www.parthages.be\/eboutique\/wp-json\/wp\/v2\/media?parent=2166"}],"curies":[{"name":"wp","href":"https:\/\/api.w.org\/{rel}","templated":true}]}}